{"id":6641,"date":"2024-09-13T22:47:24","date_gmt":"2024-09-13T22:47:24","guid":{"rendered":"https:\/\/dualgree.com.br\/loja\/?page_id=6641"},"modified":"2024-09-13T22:52:35","modified_gmt":"2024-09-13T22:52:35","slug":"politica-de-entrega-expressa","status":"publish","type":"page","link":"https:\/\/dualgree.com.br\/loja\/politica-de-entrega-expressa\/","title":{"rendered":"Politica de entrega Expressa"},"content":{"rendered":"\n<p>Ol\u00e1 Caro Cliente temos o grande prazer em fornecer a solu\u00e7\u00e3o mais rapida para receber seus produtos em menos tempo.<\/p>\n\n\n\n<p>Para que todo o processo de envio seja fornecido, precisamos que o cliente esteja proximo da nossa empresa.<\/p>\n\n\n\n<p>Consulte  a disponibilidade de envio expresso, fale com o Vendedor.<\/p>\n\n\n\n<h2 class=\"wp-block-heading\">Para retiradas em nossa loja !<\/h2>\n\n\n\n<p><strong>Nossa loja \u00e9 Somente on-line <\/strong>!. <em>Rua Limeira, 112 Vila Prudente\/SP<\/em>.  Antes de comparecer em nosa loja, agende com antecedencia a retirada, N\u00e3o venha direto sem contato.!. Fale com Vendedor (11)976714673<\/p>\n\n\n\n<h2 class=\"wp-block-heading\">Entragas vias transportadoras e Correios<\/h2>\n\n\n\n<p>Para Clientes em outras regioes e estados trabalhamos com plataformas que fornece entregas  via transportadoras e Correios .<\/p>\n\n\n\n<p>Nossos contatos via Whatsapp (11) 976714673.<\/p>\n\n\n\n<div class=\"wp-block-buttons is-content-justification-center is-layout-flex wp-container-core-buttons-is-layout-16018d1d wp-block-buttons-is-layout-flex\">\n<div class=\"wp-block-button\"><a class=\"wp-block-button__link has-text-align-center wp-element-button\" href=\"https:\/\/wa.me\/551123455174?text=Ol\u00e1,%20gostaria%20de%20mais%20informa\u00e7\u00f5es%20sobre%20envio%20\"><strong>Whatsapp<\/strong><\/a><\/div>\n<\/div>\n\n\n\n<h2 class=\"wp-block-heading\">Forma de Pagamento<\/h2>\n\n\n\n<p>Trabalhamos com pagamentos via Pix . <\/p>\n\n\n\n<p>Pagamentos via link de pagamento com juros.<\/p>\n\n\n\n<h2 class=\"wp-block-heading\">Como Comprar ?<\/h2>\n\n\n\n<p>Entre na pagina do produto e clique no bot\u00e3o de whatsapp, est\u00e1 configurado para nos enviar dados do produto escolhido. Facilitando a identifica\u00e7\u00e3o do produto e seu valor apresentado na telinha do seu celular.<\/p>\n\n\n\n<p>Caso seu produto n\u00e3o tenha em lista do catalogo, pergunte ao vendedor.!<\/p>\n\n\n\n<h2 class=\"wp-block-heading\">Dual Gree Servi\u00e7os sempre a Melhor !<\/h2>\n","protected":false},"excerpt":{"rendered":"<p>Ol\u00e1 Caro Cliente temos o grande prazer em fornecer a solu\u00e7\u00e3o mais rapida para receber seus produtos em menos tempo. Para que todo o processo de envio seja fornecido, precisamos que o cliente esteja proximo da nossa empresa. Consulte a disponibilidade de envio expresso, fale com o Vendedor. Para retiradas em nossa loja ! Nossa&#8230;<\/p>\n","protected":false},"author":1,"featured_media":0,"parent":0,"menu_order":0,"comment_status":"closed","ping_status":"closed","template":"","meta":{"_kadence_starter_templates_imported_post":false,"_kad_post_transparent":"","_kad_post_title":"","_kad_post_layout":"","_kad_post_sidebar_id":"","_kad_post_content_style":"","_kad_post_vertical_padding":"","_kad_post_feature":"","_kad_post_feature_position":"","_kad_post_header":false,"_kad_post_footer":false,"footnotes":""},"class_list":["post-6641","page","type-page","status-publish","hentry"],"yoast_head":"<!-- This site is optimized with the Yoast SEO plugin v27.5 - https:\/\/yoast.com\/product\/yoast-seo-wordpress\/ -->\n<title>Politica de entrega Expressa - Loja - Dual Gree Servi\u00e7os | Pe\u00e7as<\/title>\n<meta name=\"robots\" content=\"index, follow, max-snippet:-1, max-image-preview:large, max-video-preview:-1\" \/>\n<link rel=\"canonical\" href=\"https:\/\/dualgree.com.br\/loja\/politica-de-entrega-expressa\/\" \/>\n<meta property=\"og:locale\" content=\"pt_BR\" \/>\n<meta property=\"og:type\" content=\"article\" \/>\n<meta property=\"og:title\" content=\"Politica de entrega Expressa - Loja - Dual Gree Servi\u00e7os | Pe\u00e7as\" \/>\n<meta property=\"og:description\" content=\"Ol\u00e1 Caro Cliente temos o grande prazer em fornecer a solu\u00e7\u00e3o mais rapida para receber seus produtos em menos tempo. Para que todo o processo de envio seja fornecido, precisamos que o cliente esteja proximo da nossa empresa. Consulte a disponibilidade de envio expresso, fale com o Vendedor. Para retiradas em nossa loja ! Nossa...\" \/>\n<meta property=\"og:url\" content=\"https:\/\/dualgree.com.br\/loja\/politica-de-entrega-expressa\/\" \/>\n<meta property=\"og:site_name\" content=\"Loja - Dual Gree Servi\u00e7os | Pe\u00e7as\" \/>\n<meta property=\"article:modified_time\" content=\"2024-09-13T22:52:35+00:00\" \/>\n<meta name=\"twitter:card\" content=\"summary_large_image\" \/>\n<meta name=\"twitter:label1\" content=\"Est. tempo de leitura\" \/>\n\t<meta name=\"twitter:data1\" content=\"1 minuto\" \/>\n<script type=\"application\/ld+json\" class=\"yoast-schema-graph\">{\"@context\":\"https:\\\/\\\/schema.org\",\"@graph\":[{\"@type\":\"WebPage\",\"@id\":\"https:\\\/\\\/dualgree.com.br\\\/loja\\\/politica-de-entrega-expressa\\\/\",\"url\":\"https:\\\/\\\/dualgree.com.br\\\/loja\\\/politica-de-entrega-expressa\\\/\",\"name\":\"Politica de entrega Expressa - Loja - Dual Gree Servi\u00e7os | Pe\u00e7as\",\"isPartOf\":{\"@id\":\"https:\\\/\\\/dualgree.com.br\\\/loja\\\/#website\"},\"datePublished\":\"2024-09-13T22:47:24+00:00\",\"dateModified\":\"2024-09-13T22:52:35+00:00\",\"breadcrumb\":{\"@id\":\"https:\\\/\\\/dualgree.com.br\\\/loja\\\/politica-de-entrega-expressa\\\/#breadcrumb\"},\"inLanguage\":\"pt-BR\",\"potentialAction\":[{\"@type\":\"ReadAction\",\"target\":[\"https:\\\/\\\/dualgree.com.br\\\/loja\\\/politica-de-entrega-expressa\\\/\"]}]},{\"@type\":\"BreadcrumbList\",\"@id\":\"https:\\\/\\\/dualgree.com.br\\\/loja\\\/politica-de-entrega-expressa\\\/#breadcrumb\",\"itemListElement\":[{\"@type\":\"ListItem\",\"position\":1,\"name\":\"In\u00edcio\",\"item\":\"https:\\\/\\\/dualgree.com.br\\\/loja\\\/\"},{\"@type\":\"ListItem\",\"position\":2,\"name\":\"Politica de entrega Expressa\"}]},{\"@type\":\"WebSite\",\"@id\":\"https:\\\/\\\/dualgree.com.br\\\/loja\\\/#website\",\"url\":\"https:\\\/\\\/dualgree.com.br\\\/loja\\\/\",\"name\":\"Loja - Dual Gree Servi\u00e7os | Partes e Pe\u00e7as\",\"description\":\"Catalogo de Pe\u00e7as para ar condicionado\",\"publisher\":{\"@id\":\"https:\\\/\\\/dualgree.com.br\\\/loja\\\/#organization\"},\"potentialAction\":[{\"@type\":\"SearchAction\",\"target\":{\"@type\":\"EntryPoint\",\"urlTemplate\":\"https:\\\/\\\/dualgree.com.br\\\/loja\\\/?s={search_term_string}\"},\"query-input\":{\"@type\":\"PropertyValueSpecification\",\"valueRequired\":true,\"valueName\":\"search_term_string\"}}],\"inLanguage\":\"pt-BR\"},{\"@type\":\"Organization\",\"@id\":\"https:\\\/\\\/dualgree.com.br\\\/loja\\\/#organization\",\"name\":\"Loja Dual Gree Servi\u00e7o\",\"url\":\"https:\\\/\\\/dualgree.com.br\\\/loja\\\/\",\"logo\":{\"@type\":\"ImageObject\",\"inLanguage\":\"pt-BR\",\"@id\":\"https:\\\/\\\/dualgree.com.br\\\/loja\\\/#\\\/schema\\\/logo\\\/image\\\/\",\"url\":\"https:\\\/\\\/dualgree.com.br\\\/loja\\\/wp-content\\\/uploads\\\/2024\\\/09\\\/teste-logo-ecommerce-dual-1-e1725909304971.png\",\"contentUrl\":\"https:\\\/\\\/dualgree.com.br\\\/loja\\\/wp-content\\\/uploads\\\/2024\\\/09\\\/teste-logo-ecommerce-dual-1-e1725909304971.png\",\"width\":470,\"height\":157,\"caption\":\"Loja Dual Gree Servi\u00e7o\"},\"image\":{\"@id\":\"https:\\\/\\\/dualgree.com.br\\\/loja\\\/#\\\/schema\\\/logo\\\/image\\\/\"}}]}<\/script>\n<!-- \/ Yoast SEO plugin. -->","yoast_head_json":{"title":"Politica de entrega Expressa - Loja - Dual Gree Servi\u00e7os | Pe\u00e7as","robots":{"index":"index","follow":"follow","max-snippet":"max-snippet:-1","max-image-preview":"max-image-preview:large","max-video-preview":"max-video-preview:-1"},"canonical":"https:\/\/dualgree.com.br\/loja\/politica-de-entrega-expressa\/","og_locale":"pt_BR","og_type":"article","og_title":"Politica de entrega Expressa - Loja - Dual Gree Servi\u00e7os | Pe\u00e7as","og_description":"Ol\u00e1 Caro Cliente temos o grande prazer em fornecer a solu\u00e7\u00e3o mais rapida para receber seus produtos em menos tempo. Para que todo o processo de envio seja fornecido, precisamos que o cliente esteja proximo da nossa empresa. Consulte a disponibilidade de envio expresso, fale com o Vendedor. Para retiradas em nossa loja ! Nossa...","og_url":"https:\/\/dualgree.com.br\/loja\/politica-de-entrega-expressa\/","og_site_name":"Loja - Dual Gree Servi\u00e7os | Pe\u00e7as","article_modified_time":"2024-09-13T22:52:35+00:00","twitter_card":"summary_large_image","twitter_misc":{"Est. tempo de leitura":"1 minuto"},"schema":{"@context":"https:\/\/schema.org","@graph":[{"@type":"WebPage","@id":"https:\/\/dualgree.com.br\/loja\/politica-de-entrega-expressa\/","url":"https:\/\/dualgree.com.br\/loja\/politica-de-entrega-expressa\/","name":"Politica de entrega Expressa - Loja - Dual Gree Servi\u00e7os | Pe\u00e7as","isPartOf":{"@id":"https:\/\/dualgree.com.br\/loja\/#website"},"datePublished":"2024-09-13T22:47:24+00:00","dateModified":"2024-09-13T22:52:35+00:00","breadcrumb":{"@id":"https:\/\/dualgree.com.br\/loja\/politica-de-entrega-expressa\/#breadcrumb"},"inLanguage":"pt-BR","potentialAction":[{"@type":"ReadAction","target":["https:\/\/dualgree.com.br\/loja\/politica-de-entrega-expressa\/"]}]},{"@type":"BreadcrumbList","@id":"https:\/\/dualgree.com.br\/loja\/politica-de-entrega-expressa\/#breadcrumb","itemListElement":[{"@type":"ListItem","position":1,"name":"In\u00edcio","item":"https:\/\/dualgree.com.br\/loja\/"},{"@type":"ListItem","position":2,"name":"Politica de entrega Expressa"}]},{"@type":"WebSite","@id":"https:\/\/dualgree.com.br\/loja\/#website","url":"https:\/\/dualgree.com.br\/loja\/","name":"Loja - Dual Gree Servi\u00e7os | Partes e Pe\u00e7as","description":"Catalogo de Pe\u00e7as para ar condicionado","publisher":{"@id":"https:\/\/dualgree.com.br\/loja\/#organization"},"potentialAction":[{"@type":"SearchAction","target":{"@type":"EntryPoint","urlTemplate":"https:\/\/dualgree.com.br\/loja\/?s={search_term_string}"},"query-input":{"@type":"PropertyValueSpecification","valueRequired":true,"valueName":"search_term_string"}}],"inLanguage":"pt-BR"},{"@type":"Organization","@id":"https:\/\/dualgree.com.br\/loja\/#organization","name":"Loja Dual Gree Servi\u00e7o","url":"https:\/\/dualgree.com.br\/loja\/","logo":{"@type":"ImageObject","inLanguage":"pt-BR","@id":"https:\/\/dualgree.com.br\/loja\/#\/schema\/logo\/image\/","url":"https:\/\/dualgree.com.br\/loja\/wp-content\/uploads\/2024\/09\/teste-logo-ecommerce-dual-1-e1725909304971.png","contentUrl":"https:\/\/dualgree.com.br\/loja\/wp-content\/uploads\/2024\/09\/teste-logo-ecommerce-dual-1-e1725909304971.png","width":470,"height":157,"caption":"Loja Dual Gree Servi\u00e7o"},"image":{"@id":"https:\/\/dualgree.com.br\/loja\/#\/schema\/logo\/image\/"}}]}},"jetpack_sharing_enabled":true,"jetpack_likes_enabled":true,"_links":{"self":[{"href":"https:\/\/dualgree.com.br\/loja\/wp-json\/wp\/v2\/pages\/6641","targetHints":{"allow":["GET"]}}],"collection":[{"href":"https:\/\/dualgree.com.br\/loja\/wp-json\/wp\/v2\/pages"}],"about":[{"href":"https:\/\/dualgree.com.br\/loja\/wp-json\/wp\/v2\/types\/page"}],"author":[{"embeddable":true,"href":"https:\/\/dualgree.com.br\/loja\/wp-json\/wp\/v2\/users\/1"}],"replies":[{"embeddable":true,"href":"https:\/\/dualgree.com.br\/loja\/wp-json\/wp\/v2\/comments?post=6641"}],"version-history":[{"count":3,"href":"https:\/\/dualgree.com.br\/loja\/wp-json\/wp\/v2\/pages\/6641\/revisions"}],"predecessor-version":[{"id":6646,"href":"https:\/\/dualgree.com.br\/loja\/wp-json\/wp\/v2\/pages\/6641\/revisions\/6646"}],"wp:attachment":[{"href":"https:\/\/dualgree.com.br\/loja\/wp-json\/wp\/v2\/media?parent=6641"}],"curies":[{"name":"wp","href":"https:\/\/api.w.org\/{rel}","templated":true}]}}