{"id":96,"date":"2018-06-18T06:57:57","date_gmt":"2018-06-18T06:57:57","guid":{"rendered":"https:\/\/loja.dualgree.com.br\/about\/"},"modified":"2024-08-25T00:24:16","modified_gmt":"2024-08-25T00:24:16","slug":"sobre","status":"publish","type":"page","link":"https:\/\/dualgree.com.br\/loja\/sobre\/","title":{"rendered":"Sobre"},"content":{"rendered":"<h1>Sobre N\u00f3s<\/h1>\n<p>Somos uma empresa especializada e autorizada em conserto de ar condicionado e maquinas de fazer gelo existente no mercado. Nosso objetivo \u00e9 fornecer o melhor servi\u00e7o em conserto de equipamentos eletrodom\u00e9sticos.<\/p>\n<p>Trabalhamos tamb\u00e9m com fornecimento de pe\u00e7as novas e usadas para varias marcas e modelos. Consulte Disponibilidade em nosso Cat\u00e1logo de produtos.<\/p>\n<h2>N\u00f3s somos sua loja de cat\u00e1logo de pe\u00e7as online favorita.<\/h2>\n<p>Adicione nossa pagina em seus favoritos n\u00e3o perca de vista. Encontre a maioria de pe\u00e7as e produtos que est\u00e1 procurando em nossa loja.<\/p>\n<p>Usando nossa pagina de contatos fale conosco, e pergunte oque necessita de pe\u00e7as. Para seu equipamento<\/p>\n<h4>Garantia de pe\u00e7as da melhor qualidade<\/h4>\n<p>Garantia de 90 dias para pe\u00e7as novas e usadas. Claro o Cliente deve sempre respeitar a politica de devolu\u00e7\u00e3o.<\/p>\n<h4>Garantia de m\u00e3o de obra<\/h4>\n<p>Fornecemos a todos os nossos servi\u00e7os a garantia de 90 dias para m\u00e3o de obra ao servi\u00e7o executado.<\/p>\n<h2>Obtenha o que precisa em nossa loja<\/h2>\n<p><a role=\"button\" href=\"https:\/\/dualgree.com.br\/loja\"><br \/>\nVisite nossa loja<br \/>\n<\/a><br \/>\n<img loading=\"lazy\" decoding=\"async\" src=\"https:\/\/loja.dualgree.com.br\/wp-content\/uploads\/2019\/06\/graphic05-free-img.png\" sizes=\"auto, (max-width: 1929px) 100vw, 1929px\" srcset=\"https:\/\/loja.dualgree.com.br\/wp-content\/uploads\/2019\/06\/graphic05-free-img.png 1929w, https:\/\/loja.dualgree.com.br\/wp-content\/uploads\/2019\/06\/graphic05-free-img-600x25.png 600w, https:\/\/loja.dualgree.com.br\/wp-content\/uploads\/2019\/06\/graphic05-free-img-300x12.png 300w, https:\/\/loja.dualgree.com.br\/wp-content\/uploads\/2019\/06\/graphic05-free-img-1024x42.png 1024w, https:\/\/loja.dualgree.com.br\/wp-content\/uploads\/2019\/06\/graphic05-free-img-768x31.png 768w, https:\/\/loja.dualgree.com.br\/wp-content\/uploads\/2019\/06\/graphic05-free-img-1536x63.png 1536w\" alt=\"\" width=\"1929\" height=\"79\" \/><\/p>\n","protected":false},"excerpt":{"rendered":"<p>Sobre N\u00f3s Somos uma empresa especializada e autorizada em conserto de ar condicionado e maquinas de fazer gelo existente no mercado. Nosso objetivo \u00e9 fornecer o melhor servi\u00e7o em conserto de equipamentos eletrodom\u00e9sticos. Trabalhamos tamb\u00e9m com fornecimento de pe\u00e7as novas e usadas para varias marcas e modelos. Consulte Disponibilidade em nosso Cat\u00e1logo de produtos. N\u00f3s&#8230;<\/p>\n","protected":false},"author":1,"featured_media":0,"parent":0,"menu_order":0,"comment_status":"closed","ping_status":"closed","template":"","meta":{"_kadence_starter_templates_imported_post":false,"_kad_post_transparent":"","_kad_post_title":"","_kad_post_layout":"","_kad_post_sidebar_id":"","_kad_post_content_style":"","_kad_post_vertical_padding":"","_kad_post_feature":"","_kad_post_feature_position":"","_kad_post_header":false,"_kad_post_footer":false,"footnotes":""},"class_list":["post-96","page","type-page","status-publish","hentry"],"yoast_head":"<!-- This site is optimized with the Yoast SEO plugin v27.5 - https:\/\/yoast.com\/product\/yoast-seo-wordpress\/ -->\n<title>Sobre - Loja - Dual Gree Servi\u00e7os | Pe\u00e7as<\/title>\n<meta name=\"robots\" content=\"index, follow, max-snippet:-1, max-image-preview:large, max-video-preview:-1\" \/>\n<link rel=\"canonical\" href=\"https:\/\/dualgree.com.br\/loja\/sobre\/\" \/>\n<meta property=\"og:locale\" content=\"pt_BR\" \/>\n<meta property=\"og:type\" content=\"article\" \/>\n<meta property=\"og:title\" content=\"Sobre - Loja - Dual Gree Servi\u00e7os | Pe\u00e7as\" \/>\n<meta property=\"og:description\" content=\"Sobre N\u00f3s Somos uma empresa especializada e autorizada em conserto de ar condicionado e maquinas de fazer gelo existente no mercado. Nosso objetivo \u00e9 fornecer o melhor servi\u00e7o em conserto de equipamentos eletrodom\u00e9sticos. Trabalhamos tamb\u00e9m com fornecimento de pe\u00e7as novas e usadas para varias marcas e modelos. Consulte Disponibilidade em nosso Cat\u00e1logo de produtos. N\u00f3s...\" \/>\n<meta property=\"og:url\" content=\"https:\/\/dualgree.com.br\/loja\/sobre\/\" \/>\n<meta property=\"og:site_name\" content=\"Loja - Dual Gree Servi\u00e7os | Pe\u00e7as\" \/>\n<meta property=\"article:modified_time\" content=\"2024-08-25T00:24:16+00:00\" \/>\n<meta property=\"og:image\" content=\"https:\/\/loja.dualgree.com.br\/wp-content\/uploads\/2019\/06\/graphic05-free-img.png\" \/>\n<meta name=\"twitter:card\" content=\"summary_large_image\" \/>\n<meta name=\"twitter:label1\" content=\"Est. tempo de leitura\" \/>\n\t<meta name=\"twitter:data1\" content=\"2 minutos\" \/>\n<script type=\"application\/ld+json\" class=\"yoast-schema-graph\">{\"@context\":\"https:\\\/\\\/schema.org\",\"@graph\":[{\"@type\":\"WebPage\",\"@id\":\"https:\\\/\\\/dualgree.com.br\\\/loja\\\/sobre\\\/\",\"url\":\"https:\\\/\\\/dualgree.com.br\\\/loja\\\/sobre\\\/\",\"name\":\"Sobre - Loja - Dual Gree Servi\u00e7os | Pe\u00e7as\",\"isPartOf\":{\"@id\":\"https:\\\/\\\/dualgree.com.br\\\/loja\\\/#website\"},\"primaryImageOfPage\":{\"@id\":\"https:\\\/\\\/dualgree.com.br\\\/loja\\\/sobre\\\/#primaryimage\"},\"image\":{\"@id\":\"https:\\\/\\\/dualgree.com.br\\\/loja\\\/sobre\\\/#primaryimage\"},\"thumbnailUrl\":\"https:\\\/\\\/loja.dualgree.com.br\\\/wp-content\\\/uploads\\\/2019\\\/06\\\/graphic05-free-img.png\",\"datePublished\":\"2018-06-18T06:57:57+00:00\",\"dateModified\":\"2024-08-25T00:24:16+00:00\",\"breadcrumb\":{\"@id\":\"https:\\\/\\\/dualgree.com.br\\\/loja\\\/sobre\\\/#breadcrumb\"},\"inLanguage\":\"pt-BR\",\"potentialAction\":[{\"@type\":\"ReadAction\",\"target\":[\"https:\\\/\\\/dualgree.com.br\\\/loja\\\/sobre\\\/\"]}]},{\"@type\":\"ImageObject\",\"inLanguage\":\"pt-BR\",\"@id\":\"https:\\\/\\\/dualgree.com.br\\\/loja\\\/sobre\\\/#primaryimage\",\"url\":\"https:\\\/\\\/loja.dualgree.com.br\\\/wp-content\\\/uploads\\\/2019\\\/06\\\/graphic05-free-img.png\",\"contentUrl\":\"https:\\\/\\\/loja.dualgree.com.br\\\/wp-content\\\/uploads\\\/2019\\\/06\\\/graphic05-free-img.png\"},{\"@type\":\"BreadcrumbList\",\"@id\":\"https:\\\/\\\/dualgree.com.br\\\/loja\\\/sobre\\\/#breadcrumb\",\"itemListElement\":[{\"@type\":\"ListItem\",\"position\":1,\"name\":\"In\u00edcio\",\"item\":\"https:\\\/\\\/dualgree.com.br\\\/loja\\\/\"},{\"@type\":\"ListItem\",\"position\":2,\"name\":\"Sobre\"}]},{\"@type\":\"WebSite\",\"@id\":\"https:\\\/\\\/dualgree.com.br\\\/loja\\\/#website\",\"url\":\"https:\\\/\\\/dualgree.com.br\\\/loja\\\/\",\"name\":\"Loja - Dual Gree Servi\u00e7os | Partes e Pe\u00e7as\",\"description\":\"Catalogo de Pe\u00e7as para ar condicionado\",\"publisher\":{\"@id\":\"https:\\\/\\\/dualgree.com.br\\\/loja\\\/#organization\"},\"potentialAction\":[{\"@type\":\"SearchAction\",\"target\":{\"@type\":\"EntryPoint\",\"urlTemplate\":\"https:\\\/\\\/dualgree.com.br\\\/loja\\\/?s={search_term_string}\"},\"query-input\":{\"@type\":\"PropertyValueSpecification\",\"valueRequired\":true,\"valueName\":\"search_term_string\"}}],\"inLanguage\":\"pt-BR\"},{\"@type\":\"Organization\",\"@id\":\"https:\\\/\\\/dualgree.com.br\\\/loja\\\/#organization\",\"name\":\"Loja Dual Gree Servi\u00e7o\",\"url\":\"https:\\\/\\\/dualgree.com.br\\\/loja\\\/\",\"logo\":{\"@type\":\"ImageObject\",\"inLanguage\":\"pt-BR\",\"@id\":\"https:\\\/\\\/dualgree.com.br\\\/loja\\\/#\\\/schema\\\/logo\\\/image\\\/\",\"url\":\"https:\\\/\\\/dualgree.com.br\\\/loja\\\/wp-content\\\/uploads\\\/2024\\\/09\\\/teste-logo-ecommerce-dual-1-e1725909304971.png\",\"contentUrl\":\"https:\\\/\\\/dualgree.com.br\\\/loja\\\/wp-content\\\/uploads\\\/2024\\\/09\\\/teste-logo-ecommerce-dual-1-e1725909304971.png\",\"width\":470,\"height\":157,\"caption\":\"Loja Dual Gree Servi\u00e7o\"},\"image\":{\"@id\":\"https:\\\/\\\/dualgree.com.br\\\/loja\\\/#\\\/schema\\\/logo\\\/image\\\/\"}}]}<\/script>\n<!-- \/ Yoast SEO plugin. -->","yoast_head_json":{"title":"Sobre - Loja - Dual Gree Servi\u00e7os | Pe\u00e7as","robots":{"index":"index","follow":"follow","max-snippet":"max-snippet:-1","max-image-preview":"max-image-preview:large","max-video-preview":"max-video-preview:-1"},"canonical":"https:\/\/dualgree.com.br\/loja\/sobre\/","og_locale":"pt_BR","og_type":"article","og_title":"Sobre - Loja - Dual Gree Servi\u00e7os | Pe\u00e7as","og_description":"Sobre N\u00f3s Somos uma empresa especializada e autorizada em conserto de ar condicionado e maquinas de fazer gelo existente no mercado. Nosso objetivo \u00e9 fornecer o melhor servi\u00e7o em conserto de equipamentos eletrodom\u00e9sticos. Trabalhamos tamb\u00e9m com fornecimento de pe\u00e7as novas e usadas para varias marcas e modelos. Consulte Disponibilidade em nosso Cat\u00e1logo de produtos. N\u00f3s...","og_url":"https:\/\/dualgree.com.br\/loja\/sobre\/","og_site_name":"Loja - Dual Gree Servi\u00e7os | Pe\u00e7as","article_modified_time":"2024-08-25T00:24:16+00:00","og_image":[{"url":"https:\/\/loja.dualgree.com.br\/wp-content\/uploads\/2019\/06\/graphic05-free-img.png","type":"","width":"","height":""}],"twitter_card":"summary_large_image","twitter_misc":{"Est. tempo de leitura":"2 minutos"},"schema":{"@context":"https:\/\/schema.org","@graph":[{"@type":"WebPage","@id":"https:\/\/dualgree.com.br\/loja\/sobre\/","url":"https:\/\/dualgree.com.br\/loja\/sobre\/","name":"Sobre - Loja - Dual Gree Servi\u00e7os | Pe\u00e7as","isPartOf":{"@id":"https:\/\/dualgree.com.br\/loja\/#website"},"primaryImageOfPage":{"@id":"https:\/\/dualgree.com.br\/loja\/sobre\/#primaryimage"},"image":{"@id":"https:\/\/dualgree.com.br\/loja\/sobre\/#primaryimage"},"thumbnailUrl":"https:\/\/loja.dualgree.com.br\/wp-content\/uploads\/2019\/06\/graphic05-free-img.png","datePublished":"2018-06-18T06:57:57+00:00","dateModified":"2024-08-25T00:24:16+00:00","breadcrumb":{"@id":"https:\/\/dualgree.com.br\/loja\/sobre\/#breadcrumb"},"inLanguage":"pt-BR","potentialAction":[{"@type":"ReadAction","target":["https:\/\/dualgree.com.br\/loja\/sobre\/"]}]},{"@type":"ImageObject","inLanguage":"pt-BR","@id":"https:\/\/dualgree.com.br\/loja\/sobre\/#primaryimage","url":"https:\/\/loja.dualgree.com.br\/wp-content\/uploads\/2019\/06\/graphic05-free-img.png","contentUrl":"https:\/\/loja.dualgree.com.br\/wp-content\/uploads\/2019\/06\/graphic05-free-img.png"},{"@type":"BreadcrumbList","@id":"https:\/\/dualgree.com.br\/loja\/sobre\/#breadcrumb","itemListElement":[{"@type":"ListItem","position":1,"name":"In\u00edcio","item":"https:\/\/dualgree.com.br\/loja\/"},{"@type":"ListItem","position":2,"name":"Sobre"}]},{"@type":"WebSite","@id":"https:\/\/dualgree.com.br\/loja\/#website","url":"https:\/\/dualgree.com.br\/loja\/","name":"Loja - Dual Gree Servi\u00e7os | Partes e Pe\u00e7as","description":"Catalogo de Pe\u00e7as para ar condicionado","publisher":{"@id":"https:\/\/dualgree.com.br\/loja\/#organization"},"potentialAction":[{"@type":"SearchAction","target":{"@type":"EntryPoint","urlTemplate":"https:\/\/dualgree.com.br\/loja\/?s={search_term_string}"},"query-input":{"@type":"PropertyValueSpecification","valueRequired":true,"valueName":"search_term_string"}}],"inLanguage":"pt-BR"},{"@type":"Organization","@id":"https:\/\/dualgree.com.br\/loja\/#organization","name":"Loja Dual Gree Servi\u00e7o","url":"https:\/\/dualgree.com.br\/loja\/","logo":{"@type":"ImageObject","inLanguage":"pt-BR","@id":"https:\/\/dualgree.com.br\/loja\/#\/schema\/logo\/image\/","url":"https:\/\/dualgree.com.br\/loja\/wp-content\/uploads\/2024\/09\/teste-logo-ecommerce-dual-1-e1725909304971.png","contentUrl":"https:\/\/dualgree.com.br\/loja\/wp-content\/uploads\/2024\/09\/teste-logo-ecommerce-dual-1-e1725909304971.png","width":470,"height":157,"caption":"Loja Dual Gree Servi\u00e7o"},"image":{"@id":"https:\/\/dualgree.com.br\/loja\/#\/schema\/logo\/image\/"}}]}},"jetpack_sharing_enabled":true,"jetpack_likes_enabled":true,"_links":{"self":[{"href":"https:\/\/dualgree.com.br\/loja\/wp-json\/wp\/v2\/pages\/96","targetHints":{"allow":["GET"]}}],"collection":[{"href":"https:\/\/dualgree.com.br\/loja\/wp-json\/wp\/v2\/pages"}],"about":[{"href":"https:\/\/dualgree.com.br\/loja\/wp-json\/wp\/v2\/types\/page"}],"author":[{"embeddable":true,"href":"https:\/\/dualgree.com.br\/loja\/wp-json\/wp\/v2\/users\/1"}],"replies":[{"embeddable":true,"href":"https:\/\/dualgree.com.br\/loja\/wp-json\/wp\/v2\/comments?post=96"}],"version-history":[{"count":40,"href":"https:\/\/dualgree.com.br\/loja\/wp-json\/wp\/v2\/pages\/96\/revisions"}],"predecessor-version":[{"id":6119,"href":"https:\/\/dualgree.com.br\/loja\/wp-json\/wp\/v2\/pages\/96\/revisions\/6119"}],"wp:attachment":[{"href":"https:\/\/dualgree.com.br\/loja\/wp-json\/wp\/v2\/media?parent=96"}],"curies":[{"name":"wp","href":"https:\/\/api.w.org\/{rel}","templated":true}]}}