{"id":12423,"date":"2025-10-30T21:52:37","date_gmt":"2025-10-30T21:52:37","guid":{"rendered":"https:\/\/dualgree.com.br\/loja\/produto\/duto-de-exaustao-preto-13cm-right-2-metros-para-ar-condicionado-portatil-delonghi\/"},"modified":"2026-05-14T15:48:43","modified_gmt":"2026-05-14T15:48:43","slug":"duto-de-exaustao-preto-13cm-right-2-metros-para-ar-condicionado-portatil-delonghi","status":"publish","type":"product","link":"https:\/\/dualgree.com.br\/loja\/produto\/duto-de-exaustao-preto-13cm-right-2-metros-para-ar-condicionado-portatil-delonghi\/","title":{"rendered":"Duto de Exaustao Preto 13cm right  2 metros para ar condicio..."},"content":{"rendered":"<p>DG4083 &#8211; Duto de exaustao pvc preto 13cm rosca direita e Com 2 metro de comprimento aberto.<\/p>\n<p>\u00a0<\/p>\n<p>Alta Qualidade Premium<\/p>\n<p>\u00a0<\/p>\n<p>compativel com Delonghi pinguino\u00a0<\/p>\n<p style=\"padding: 0px;line-height: 1.7;font-family: Roboto, 'Helvetica Neue', helvetica, 'Droid Sans', arial, sans-serif;vertical-align: baseline;border: 0px;color: #333333\">\u00a0<\/p>\n<p style=\"padding: 0px;line-height: 1.7;font-family: Roboto, 'Helvetica Neue', helvetica, 'Droid Sans', arial, sans-serif;vertical-align: baseline;border: 0px;color: #333333\">Para usar este tubo o cliente deve possui os conectores originais!<\/p>\n<p style=\"padding: 0px;line-height: 1.7;font-family: Roboto, 'Helvetica Neue', helvetica, 'Droid Sans', arial, sans-serif;vertical-align: baseline;border: 0px;color: #333333\">\u00a0<\/p>\n<p style=\"padding: 0px;line-height: 1.7;font-family: Roboto, 'Helvetica Neue', helvetica, 'Droid Sans', arial, sans-serif;vertical-align: baseline;border: 0px;color: #333333\">Medida da rosca di\u00e2metro 13cm left.<\/p>\n<p style=\"padding: 0px;line-height: 1.7;font-family: Roboto, 'Helvetica Neue', helvetica, 'Droid Sans', arial, sans-serif;vertical-align: baseline;border: 0px;color: #333333\">Tamanho aberto 2 metros.<\/p>\n<p style=\"padding: 0px;line-height: 1.7;font-family: Roboto, 'Helvetica Neue', helvetica, 'Droid Sans', arial, sans-serif;vertical-align: baseline;border: 0px;color: #333333\">\u00a0<\/p>\n<p style=\"padding: 0px;line-height: 1.7;font-family: Roboto, 'Helvetica Neue', helvetica, 'Droid Sans', arial, sans-serif;vertical-align: baseline;border: 0px;color: #333333\">Este tubo tem a mesma mec\u00e2nica do original, qualidade premium.<\/p>\n<p style=\"padding: 0px;line-height: 1.7;font-family: Roboto, 'Helvetica Neue', helvetica, 'Droid Sans', arial, sans-serif;vertical-align: baseline;border: 0px;color: #333333\">\u00a0<\/p>\n<p style=\"padding: 0px;line-height: 1.7;font-family: Roboto, 'Helvetica Neue', helvetica, 'Droid Sans', arial, sans-serif;vertical-align: baseline;border: 0px;color: #333333\">compat\u00edvel para os modelos:<\/p>\n<p style=\"padding: 0px;line-height: 1.7;font-family: Roboto, 'Helvetica Neue', helvetica, 'Droid Sans', arial, sans-serif;vertical-align: baseline;border: 0px;color: #333333\">\u00a0<\/p>\n<p style=\"padding: 0px;line-height: 1.7;font-family: Roboto, 'Helvetica Neue', helvetica, 'Droid Sans', arial, sans-serif;vertical-align: baseline;border: 0px;color: #333333\">tubo duto preto para Ar Condicionado Port\u00e1til Delonghi pac c100,<\/p>\n<p style=\"padding: 0px;line-height: 1.7;font-family: Roboto, 'Helvetica Neue', helvetica, 'Droid Sans', arial, sans-serif;vertical-align: baseline;border: 0px;color: #333333\">tubo duto preto para Ar Condicionado Port\u00e1til Delonghi pac c105,<\/p>\n<p style=\"padding: 0px;line-height: 1.7;font-family: Roboto, 'Helvetica Neue', helvetica, 'Droid Sans', arial, sans-serif;vertical-align: baseline;border: 0px;color: #333333\">tubo duto preto para Ar Condicionado Port\u00e1til Delonghi pac we125,<\/p>\n<p style=\"padding: 0px;line-height: 1.7;font-family: Roboto, 'Helvetica Neue', helvetica, 'Droid Sans', arial, sans-serif;vertical-align: baseline;border: 0px;color: #333333\">tubo duto preto para Ar Condicionado Port\u00e1til Delonghi AG100,<\/p>\n<p style=\"padding: 0px;line-height: 1.7;font-family: Roboto, 'Helvetica Neue', helvetica, 'Droid Sans', arial, sans-serif;vertical-align: baseline;border: 0px;color: #333333\">\u00a0<\/p>\n<p style=\"padding: 0px;line-height: 1.7;font-family: Roboto, 'Helvetica Neue', helvetica, 'Droid Sans', arial, sans-serif;vertical-align: baseline;border: 0px;color: #333333\">tubo duto preto para Ar Condicionado Port\u00e1til Delonghi pac An120,<\/p>\n<p style=\"padding: 0px;line-height: 1.7;font-family: Roboto, 'Helvetica Neue', helvetica, 'Droid Sans', arial, sans-serif;vertical-align: baseline;border: 0px;color: #333333\">tubo duto preto para Ar Condicionado Port\u00e1til Delonghi pac N120BR,<\/p>\n<p style=\"padding: 0px;line-height: 1.7;font-family: Roboto, 'Helvetica Neue', helvetica, 'Droid Sans', arial, sans-serif;vertical-align: baseline;border: 0px;color: #333333\">tubo duto preto para Ar Condicionado Port\u00e1til Delonghi pac N130br,<\/p>\n<p style=\"padding: 0px;line-height: 1.7;font-family: Roboto, 'Helvetica Neue', helvetica, 'Droid Sans', arial, sans-serif;vertical-align: baseline;border: 0px;color: #333333\">tubo duto preto para Ar Condicionado Port\u00e1til Delonghi pac AN145RF,<\/p>\n<p style=\"padding: 0px;line-height: 1.7;font-family: Roboto, 'Helvetica Neue', helvetica, 'Droid Sans', arial, sans-serif;vertical-align: baseline;border: 0px;color: #333333\">\u00a0tubo duto preto para Ar Condicionado Port\u00e1til Delonghi pac AG1000,<\/p>\n<p style=\"padding: 0px;line-height: 1.7;font-family: Roboto, 'Helvetica Neue', helvetica, 'Droid Sans', arial, sans-serif;vertical-align: baseline;border: 0px;color: #333333\">\u00a0<\/p>\n<p style=\"padding: 0px;line-height: 1.7;font-family: Roboto, 'Helvetica Neue', helvetica, 'Droid Sans', arial, sans-serif;vertical-align: baseline;border: 0px;color: #333333\">PACC100 Ar Condicionado 127V Portatil Pinguino,<\/p>\n<p style=\"padding: 0px;line-height: 1.7;font-family: Roboto, 'Helvetica Neue', helvetica, 'Droid Sans', arial, sans-serif;vertical-align: baseline;border: 0px;color: #333333\">PACC100 Ar Condicionado 220V Portatil Pinguino,<\/p>\n<p style=\"padding: 0px;line-height: 1.7;font-family: Roboto, 'Helvetica Neue', helvetica, 'Droid Sans', arial, sans-serif;vertical-align: baseline;border: 0px;color: #333333\">PACCQ130 Ar Condicionado 127V Bco,<\/p>\n<p style=\"padding: 0px;line-height: 1.7;font-family: Roboto, 'Helvetica Neue', helvetica, 'Droid Sans', arial, sans-serif;vertical-align: baseline;border: 0px;color: #333333\">PACCQ130 Ar Condicionado 220V Bco,<\/p>\n<p style=\"padding: 0px;line-height: 1.7;font-family: Roboto, 'Helvetica Neue', helvetica, 'Droid Sans', arial, sans-serif;vertical-align: baseline;border: 0px;color: #333333\">PACWE125 Ar Condicionado 127V Portatil,<\/p>\n<p style=\"padding: 0px;line-height: 1.7;font-family: Roboto, 'Helvetica Neue', helvetica, 'Droid Sans', arial, sans-serif;vertical-align: baseline;border: 0px;color: #333333\">PACWE125 Ar Condicionado 220V Portatil,<\/p>\n<p style=\"padding: 0px;line-height: 1.7;font-family: Roboto, 'Helvetica Neue', helvetica, 'Droid Sans', arial, sans-serif;vertical-align: baseline;border: 0px;color: #333333\">PACAG100 Ar Condicionado Portatil 127V,<\/p>\n<p style=\"padding: 0px;line-height: 1.7;font-family: Roboto, 'Helvetica Neue', helvetica, 'Droid Sans', arial, sans-serif;vertical-align: baseline;border: 0px;color: #333333\">PACAG100 Ar Condicionado Portatil 220V,<\/p>\n<p style=\"padding: 0px;line-height: 1.7;font-family: Roboto, 'Helvetica Neue', helvetica, 'Droid Sans', arial, sans-serif;vertical-align: baseline;border: 0px;color: #333333\">PACC105 Ar Condicionado Portatil 127V,<\/p>\n<p style=\"padding: 0px;line-height: 1.7;font-family: Roboto, 'Helvetica Neue', helvetica, 'Droid Sans', arial, sans-serif;vertical-align: baseline;border: 0px;color: #333333\">PACC105 Ar Condicionado Portatil 220V,<\/p>\n<p style=\"padding: 0px;line-height: 1.7;font-family: Roboto, 'Helvetica Neue', helvetica, 'Droid Sans', arial, sans-serif;vertical-align: baseline;border: 0px;color: #333333\">PACA120LE Ar Condicionado 127V 0151852003,<\/p>\n<p style=\"padding: 0px;line-height: 1.7;font-family: Roboto, 'Helvetica Neue', helvetica, 'Droid Sans', arial, sans-serif;vertical-align: baseline;border: 0px;color: #333333\">PACA120LE Ar Condicionado 220V 0151852002,<\/p>\n<p style=\"padding: 0px;line-height: 1.7;font-family: Roboto, 'Helvetica Neue', helvetica, 'Droid Sans', arial, sans-serif;vertical-align: baseline;border: 0px;color: #333333\">tubo duto para Ar Condicionado Port\u00e1til Delonghi pac <span style=\"color: #2d3748;font-family: -apple-system, BlinkMacSystemFont, 'Segoe UI', Roboto, Oxygen-Sans, Ubuntu, Cantarell, 'Helvetica Neue', sans-serif, 'Apple Color Emoji', 'Segoe UI Emoji', 'Segoe UI Symbol';font-size: 17px;background-color: #edf2f7\">CF220<\/span><\/p>\n<p style=\"padding: 0px;line-height: 1.7;font-family: Roboto, 'Helvetica Neue', helvetica, 'Droid Sans', arial, sans-serif;vertical-align: baseline;border: 0px;color: #333333\">\u00a0<\/p>\n<p style=\"padding: 0px;line-height: 1.7;font-family: Roboto, 'Helvetica Neue', helvetica, 'Droid Sans', arial, sans-serif;vertical-align: baseline;border: 0px;color: #333333\">Compativel com philco modelos abaixo:<\/p>\n<p style=\"padding: 0px;line-height: 1.7;font-family: Roboto, 'Helvetica Neue', helvetica, 'Droid Sans', arial, sans-serif;vertical-align: baseline;border: 0px;color: #333333\">Philco\u00a0PAC11000QF3,<\/p>\n<p style=\"padding: 0px;line-height: 1.7;font-family: Roboto, 'Helvetica Neue', helvetica, 'Droid Sans', arial, sans-serif;vertical-align: baseline;border: 0px;color: #333333\">Philco\u00a0PAC11000F3,<\/p>\n<p style=\"padding: 0px;line-height: 1.7;font-family: Roboto, 'Helvetica Neue', helvetica, 'Droid Sans', arial, sans-serif;vertical-align: baseline;border: 0px;color: #333333\">Philco\u00a0PH10000QF,<\/p>\n<p style=\"padding: 0px;line-height: 1.7;font-family: Roboto, 'Helvetica Neue', helvetica, 'Droid Sans', arial, sans-serif;vertical-align: baseline;border: 0px;color: #333333\">Philco\u00a0PH10000QF,<\/p>\n<p style=\"padding: 0px;line-height: 1.7;font-family: Roboto, 'Helvetica Neue', helvetica, 'Droid Sans', arial, sans-serif;vertical-align: baseline;border: 0px;color: #333333\">Philco\u00a0PH13000QF,<\/p>\n<p style=\"padding: 0px;line-height: 1.7;font-family: Roboto, 'Helvetica Neue', helvetica, 'Droid Sans', arial, sans-serif;vertical-align: baseline;border: 0px;color: #333333\">Philco\u00a0PH13000F,<\/p>\n<p style=\"padding: 0px;line-height: 1.7;font-family: Roboto, 'Helvetica Neue', helvetica, 'Droid Sans', arial, sans-serif;vertical-align: baseline;border: 0px;color: #333333\">\u00a0<\/p>\n<p style=\"padding: 0px;line-height: 1.7;font-family: Roboto, 'Helvetica Neue', helvetica, 'Droid Sans', arial, sans-serif;vertical-align: baseline;border: 0px;color: #333333\">Compativel com Electrolux modelos abaixo:<\/p>\n<p style=\"padding: 0px;line-height: 1.7;font-family: Roboto, 'Helvetica Neue', helvetica, 'Droid Sans', arial, sans-serif;vertical-align: baseline;border: 0px;color: #333333\">Electrolux Po10F,<\/p>\n<p style=\"padding: 0px;line-height: 1.7;font-family: Roboto, 'Helvetica Neue', helvetica, 'Droid Sans', arial, sans-serif;vertical-align: baseline;border: 0px;color: #333333\">Electrolux Po12F,<\/p>\n<p style=\"padding: 0px;line-height: 1.7;font-family: Roboto, 'Helvetica Neue', helvetica, 'Droid Sans', arial, sans-serif;vertical-align: baseline;border: 0px;color: #333333\">Electrolux Po10R,<\/p>\n<p style=\"padding: 0px;line-height: 1.7;font-family: Roboto, 'Helvetica Neue', helvetica, 'Droid Sans', arial, sans-serif;vertical-align: baseline;border: 0px;color: #333333\">Electrolux Po12R,<\/p>\n<p style=\"padding: 0px;line-height: 1.7;font-family: Roboto, 'Helvetica Neue', helvetica, 'Droid Sans', arial, sans-serif;vertical-align: baseline;border: 0px;color: #333333\">\u00a0<\/p>\n<p style=\"padding: 0px;line-height: 1.7;font-family: Roboto, 'Helvetica Neue', helvetica, 'Droid Sans', arial, sans-serif;vertical-align: baseline;border: 0px;color: #333333\">Compativel com TCL modelos abaixo:<\/p>\n<p style=\"padding: 0px;line-height: 1.7;font-family: Roboto, 'Helvetica Neue', helvetica, 'Droid Sans', arial, sans-serif;vertical-align: baseline;border: 0px;color: #333333\">TCL TAC-12CHPA<\/p>\n<p style=\"padding: 0px;line-height: 1.7;font-family: Roboto, 'Helvetica Neue', helvetica, 'Droid Sans', arial, sans-serif;vertical-align: baseline;border: 0px;color: #333333\">\u00a0<\/p>\n<p>\u00a0<\/p>\n<p>\u00a0<\/p>\n<p>\u00a0<\/p>\n<p>\u00a0<\/p>\n<p>\u00a0<\/p>\n<p>\u00a0<\/p>\n","protected":false},"excerpt":{"rendered":"<p>DG4083 &#8211; Duto de exaustao pvc preto 13cm rosca direita e Com 2 metro de comprimento aberto. \u00a0 Alta Qualidade Premium \u00a0 compativel com Delonghi pinguino\u00a0 \u00a0 Para usar este tubo o cliente deve possui os conectores originais! \u00a0 Medida da rosca di\u00e2metro 13cm left. Tamanho aberto 2 metros. \u00a0 Este tubo tem a mesma&#8230;<\/p>\n","protected":false},"featured_media":12421,"comment_status":"open","ping_status":"closed","template":"","meta":{"_kadence_starter_templates_imported_post":false,"_kad_post_transparent":"","_kad_post_title":"","_kad_post_layout":"","_kad_post_sidebar_id":"","_kad_post_content_style":"","_kad_post_vertical_padding":"","_kad_post_feature":"","_kad_post_feature_position":"","_kad_post_header":false,"_kad_post_footer":false,"jetpack_publicize_message":"","jetpack_publicize_feature_enabled":true,"jetpack_social_post_already_shared":true,"jetpack_social_options":{"image_generator_settings":{"template":"highway","default_image_id":0,"font":"","enabled":false},"version":2}},"product_brand":[],"product_cat":[225,244],"product_tag":[],"class_list":{"0":"post-12423","1":"product","2":"type-product","3":"status-publish","4":"has-post-thumbnail","6":"product_cat-delonghi","7":"product_cat-duto-para-ar-portatil","9":"first","10":"instock","11":"sale","12":"shipping-taxable","13":"purchasable","14":"product-type-simple","15":"entry","16":"content-bg","17":"loop-entry"},"yoast_head":"<!-- This site is optimized with the Yoast SEO plugin v27.6 - https:\/\/yoast.com\/product\/yoast-seo-wordpress\/ -->\n<title>Duto de Exaustao Preto 13cm right 2 metros para ar condicionado portatil delonghi - Loja - Dual Gree Servi\u00e7os | Pe\u00e7as<\/title>\n<meta name=\"robots\" content=\"index, follow, max-snippet:-1, max-image-preview:large, max-video-preview:-1\" \/>\n<link rel=\"canonical\" href=\"https:\/\/dualgree.com.br\/loja\/produto\/duto-de-exaustao-preto-13cm-right-2-metros-para-ar-condicionado-portatil-delonghi\/\" \/>\n<meta property=\"og:locale\" content=\"pt_BR\" \/>\n<meta property=\"og:type\" content=\"article\" \/>\n<meta property=\"og:title\" content=\"Duto de Exaustao Preto 13cm right 2 metros para ar condicionado portatil delonghi - Loja - Dual Gree Servi\u00e7os | Pe\u00e7as\" \/>\n<meta property=\"og:description\" content=\"DG4083 &#8211; Duto de exaustao pvc preto 13cm rosca direita e Com 2 metro de comprimento aberto. \u00a0 Alta Qualidade Premium \u00a0 compativel com Delonghi pinguino\u00a0 \u00a0 Para usar este tubo o cliente deve possui os conectores originais! \u00a0 Medida da rosca di\u00e2metro 13cm left. Tamanho aberto 2 metros. \u00a0 Este tubo tem a mesma...\" \/>\n<meta property=\"og:url\" content=\"https:\/\/dualgree.com.br\/loja\/produto\/duto-de-exaustao-preto-13cm-right-2-metros-para-ar-condicionado-portatil-delonghi\/\" \/>\n<meta property=\"og:site_name\" content=\"Loja - Dual Gree Servi\u00e7os | Pe\u00e7as\" \/>\n<meta property=\"article:modified_time\" content=\"2026-05-14T15:48:43+00:00\" \/>\n<meta name=\"twitter:card\" content=\"summary_large_image\" \/>\n<meta name=\"twitter:label1\" content=\"Est. tempo de leitura\" \/>\n\t<meta name=\"twitter:data1\" content=\"1 minuto\" \/>\n<script type=\"application\/ld+json\" class=\"yoast-schema-graph\">{\"@context\":\"https:\\\/\\\/schema.org\",\"@graph\":[{\"@type\":\"WebPage\",\"@id\":\"https:\\\/\\\/dualgree.com.br\\\/loja\\\/produto\\\/duto-de-exaustao-preto-13cm-right-2-metros-para-ar-condicionado-portatil-delonghi\\\/\",\"url\":\"https:\\\/\\\/dualgree.com.br\\\/loja\\\/produto\\\/duto-de-exaustao-preto-13cm-right-2-metros-para-ar-condicionado-portatil-delonghi\\\/\",\"name\":\"Duto de Exaustao Preto 13cm right 2 metros para ar condicionado portatil delonghi - Loja - Dual Gree Servi\u00e7os | Pe\u00e7as\",\"isPartOf\":{\"@id\":\"https:\\\/\\\/dualgree.com.br\\\/loja\\\/#website\"},\"primaryImageOfPage\":{\"@id\":\"https:\\\/\\\/dualgree.com.br\\\/loja\\\/produto\\\/duto-de-exaustao-preto-13cm-right-2-metros-para-ar-condicionado-portatil-delonghi\\\/#primaryimage\"},\"image\":{\"@id\":\"https:\\\/\\\/dualgree.com.br\\\/loja\\\/produto\\\/duto-de-exaustao-preto-13cm-right-2-metros-para-ar-condicionado-portatil-delonghi\\\/#primaryimage\"},\"thumbnailUrl\":\"https:\\\/\\\/dualgree.com.br\\\/loja\\\/wp-content\\\/uploads\\\/2025\\\/10\\\/15389399992-dg4083-tubo-preto-para-ar-condicionado-portatil-delonghi-130mm.webp\",\"datePublished\":\"2025-10-30T21:52:37+00:00\",\"dateModified\":\"2026-05-14T15:48:43+00:00\",\"breadcrumb\":{\"@id\":\"https:\\\/\\\/dualgree.com.br\\\/loja\\\/produto\\\/duto-de-exaustao-preto-13cm-right-2-metros-para-ar-condicionado-portatil-delonghi\\\/#breadcrumb\"},\"inLanguage\":\"pt-BR\",\"potentialAction\":[{\"@type\":\"ReadAction\",\"target\":[\"https:\\\/\\\/dualgree.com.br\\\/loja\\\/produto\\\/duto-de-exaustao-preto-13cm-right-2-metros-para-ar-condicionado-portatil-delonghi\\\/\"]}]},{\"@type\":\"ImageObject\",\"inLanguage\":\"pt-BR\",\"@id\":\"https:\\\/\\\/dualgree.com.br\\\/loja\\\/produto\\\/duto-de-exaustao-preto-13cm-right-2-metros-para-ar-condicionado-portatil-delonghi\\\/#primaryimage\",\"url\":\"https:\\\/\\\/dualgree.com.br\\\/loja\\\/wp-content\\\/uploads\\\/2025\\\/10\\\/15389399992-dg4083-tubo-preto-para-ar-condicionado-portatil-delonghi-130mm.webp\",\"contentUrl\":\"https:\\\/\\\/dualgree.com.br\\\/loja\\\/wp-content\\\/uploads\\\/2025\\\/10\\\/15389399992-dg4083-tubo-preto-para-ar-condicionado-portatil-delonghi-130mm.webp\",\"width\":1280,\"height\":1280},{\"@type\":\"BreadcrumbList\",\"@id\":\"https:\\\/\\\/dualgree.com.br\\\/loja\\\/produto\\\/duto-de-exaustao-preto-13cm-right-2-metros-para-ar-condicionado-portatil-delonghi\\\/#breadcrumb\",\"itemListElement\":[{\"@type\":\"ListItem\",\"position\":1,\"name\":\"In\u00edcio\",\"item\":\"https:\\\/\\\/dualgree.com.br\\\/loja\\\/\"},{\"@type\":\"ListItem\",\"position\":2,\"name\":\"Loja &#8211; Cat\u00e1logo de Pe\u00e7as\",\"item\":\"https:\\\/\\\/dualgree.com.br\\\/loja\\\/\"},{\"@type\":\"ListItem\",\"position\":3,\"name\":\"Duto de Exaustao Preto 13cm right 2 metros para ar condicio...\"}]},{\"@type\":\"WebSite\",\"@id\":\"https:\\\/\\\/dualgree.com.br\\\/loja\\\/#website\",\"url\":\"https:\\\/\\\/dualgree.com.br\\\/loja\\\/\",\"name\":\"Loja - Dual Gree Servi\u00e7os | Partes e Pe\u00e7as\",\"description\":\"Catalogo de Pe\u00e7as para ar condicionado\",\"publisher\":{\"@id\":\"https:\\\/\\\/dualgree.com.br\\\/loja\\\/#organization\"},\"potentialAction\":[{\"@type\":\"SearchAction\",\"target\":{\"@type\":\"EntryPoint\",\"urlTemplate\":\"https:\\\/\\\/dualgree.com.br\\\/loja\\\/?s={search_term_string}\"},\"query-input\":{\"@type\":\"PropertyValueSpecification\",\"valueRequired\":true,\"valueName\":\"search_term_string\"}}],\"inLanguage\":\"pt-BR\"},{\"@type\":\"Organization\",\"@id\":\"https:\\\/\\\/dualgree.com.br\\\/loja\\\/#organization\",\"name\":\"Loja Dual Gree Servi\u00e7o\",\"url\":\"https:\\\/\\\/dualgree.com.br\\\/loja\\\/\",\"logo\":{\"@type\":\"ImageObject\",\"inLanguage\":\"pt-BR\",\"@id\":\"https:\\\/\\\/dualgree.com.br\\\/loja\\\/#\\\/schema\\\/logo\\\/image\\\/\",\"url\":\"https:\\\/\\\/dualgree.com.br\\\/loja\\\/wp-content\\\/uploads\\\/2024\\\/09\\\/teste-logo-ecommerce-dual-1-e1725909304971.png\",\"contentUrl\":\"https:\\\/\\\/dualgree.com.br\\\/loja\\\/wp-content\\\/uploads\\\/2024\\\/09\\\/teste-logo-ecommerce-dual-1-e1725909304971.png\",\"width\":470,\"height\":157,\"caption\":\"Loja Dual Gree Servi\u00e7o\"},\"image\":{\"@id\":\"https:\\\/\\\/dualgree.com.br\\\/loja\\\/#\\\/schema\\\/logo\\\/image\\\/\"}}]}<\/script>\n<!-- \/ Yoast SEO plugin. -->","yoast_head_json":{"title":"Duto de Exaustao Preto 13cm right 2 metros para ar condicionado portatil delonghi - Loja - Dual Gree Servi\u00e7os | Pe\u00e7as","robots":{"index":"index","follow":"follow","max-snippet":"max-snippet:-1","max-image-preview":"max-image-preview:large","max-video-preview":"max-video-preview:-1"},"canonical":"https:\/\/dualgree.com.br\/loja\/produto\/duto-de-exaustao-preto-13cm-right-2-metros-para-ar-condicionado-portatil-delonghi\/","og_locale":"pt_BR","og_type":"article","og_title":"Duto de Exaustao Preto 13cm right 2 metros para ar condicionado portatil delonghi - Loja - Dual Gree Servi\u00e7os | Pe\u00e7as","og_description":"DG4083 &#8211; Duto de exaustao pvc preto 13cm rosca direita e Com 2 metro de comprimento aberto. \u00a0 Alta Qualidade Premium \u00a0 compativel com Delonghi pinguino\u00a0 \u00a0 Para usar este tubo o cliente deve possui os conectores originais! \u00a0 Medida da rosca di\u00e2metro 13cm left. Tamanho aberto 2 metros. \u00a0 Este tubo tem a mesma...","og_url":"https:\/\/dualgree.com.br\/loja\/produto\/duto-de-exaustao-preto-13cm-right-2-metros-para-ar-condicionado-portatil-delonghi\/","og_site_name":"Loja - Dual Gree Servi\u00e7os | Pe\u00e7as","article_modified_time":"2026-05-14T15:48:43+00:00","twitter_card":"summary_large_image","twitter_misc":{"Est. tempo de leitura":"1 minuto"},"schema":{"@context":"https:\/\/schema.org","@graph":[{"@type":"WebPage","@id":"https:\/\/dualgree.com.br\/loja\/produto\/duto-de-exaustao-preto-13cm-right-2-metros-para-ar-condicionado-portatil-delonghi\/","url":"https:\/\/dualgree.com.br\/loja\/produto\/duto-de-exaustao-preto-13cm-right-2-metros-para-ar-condicionado-portatil-delonghi\/","name":"Duto de Exaustao Preto 13cm right 2 metros para ar condicionado portatil delonghi - Loja - Dual Gree Servi\u00e7os | Pe\u00e7as","isPartOf":{"@id":"https:\/\/dualgree.com.br\/loja\/#website"},"primaryImageOfPage":{"@id":"https:\/\/dualgree.com.br\/loja\/produto\/duto-de-exaustao-preto-13cm-right-2-metros-para-ar-condicionado-portatil-delonghi\/#primaryimage"},"image":{"@id":"https:\/\/dualgree.com.br\/loja\/produto\/duto-de-exaustao-preto-13cm-right-2-metros-para-ar-condicionado-portatil-delonghi\/#primaryimage"},"thumbnailUrl":"https:\/\/dualgree.com.br\/loja\/wp-content\/uploads\/2025\/10\/15389399992-dg4083-tubo-preto-para-ar-condicionado-portatil-delonghi-130mm.webp","datePublished":"2025-10-30T21:52:37+00:00","dateModified":"2026-05-14T15:48:43+00:00","breadcrumb":{"@id":"https:\/\/dualgree.com.br\/loja\/produto\/duto-de-exaustao-preto-13cm-right-2-metros-para-ar-condicionado-portatil-delonghi\/#breadcrumb"},"inLanguage":"pt-BR","potentialAction":[{"@type":"ReadAction","target":["https:\/\/dualgree.com.br\/loja\/produto\/duto-de-exaustao-preto-13cm-right-2-metros-para-ar-condicionado-portatil-delonghi\/"]}]},{"@type":"ImageObject","inLanguage":"pt-BR","@id":"https:\/\/dualgree.com.br\/loja\/produto\/duto-de-exaustao-preto-13cm-right-2-metros-para-ar-condicionado-portatil-delonghi\/#primaryimage","url":"https:\/\/dualgree.com.br\/loja\/wp-content\/uploads\/2025\/10\/15389399992-dg4083-tubo-preto-para-ar-condicionado-portatil-delonghi-130mm.webp","contentUrl":"https:\/\/dualgree.com.br\/loja\/wp-content\/uploads\/2025\/10\/15389399992-dg4083-tubo-preto-para-ar-condicionado-portatil-delonghi-130mm.webp","width":1280,"height":1280},{"@type":"BreadcrumbList","@id":"https:\/\/dualgree.com.br\/loja\/produto\/duto-de-exaustao-preto-13cm-right-2-metros-para-ar-condicionado-portatil-delonghi\/#breadcrumb","itemListElement":[{"@type":"ListItem","position":1,"name":"In\u00edcio","item":"https:\/\/dualgree.com.br\/loja\/"},{"@type":"ListItem","position":2,"name":"Loja &#8211; Cat\u00e1logo de Pe\u00e7as","item":"https:\/\/dualgree.com.br\/loja\/"},{"@type":"ListItem","position":3,"name":"Duto de Exaustao Preto 13cm right 2 metros para ar condicio..."}]},{"@type":"WebSite","@id":"https:\/\/dualgree.com.br\/loja\/#website","url":"https:\/\/dualgree.com.br\/loja\/","name":"Loja - Dual Gree Servi\u00e7os | Partes e Pe\u00e7as","description":"Catalogo de Pe\u00e7as para ar condicionado","publisher":{"@id":"https:\/\/dualgree.com.br\/loja\/#organization"},"potentialAction":[{"@type":"SearchAction","target":{"@type":"EntryPoint","urlTemplate":"https:\/\/dualgree.com.br\/loja\/?s={search_term_string}"},"query-input":{"@type":"PropertyValueSpecification","valueRequired":true,"valueName":"search_term_string"}}],"inLanguage":"pt-BR"},{"@type":"Organization","@id":"https:\/\/dualgree.com.br\/loja\/#organization","name":"Loja Dual Gree Servi\u00e7o","url":"https:\/\/dualgree.com.br\/loja\/","logo":{"@type":"ImageObject","inLanguage":"pt-BR","@id":"https:\/\/dualgree.com.br\/loja\/#\/schema\/logo\/image\/","url":"https:\/\/dualgree.com.br\/loja\/wp-content\/uploads\/2024\/09\/teste-logo-ecommerce-dual-1-e1725909304971.png","contentUrl":"https:\/\/dualgree.com.br\/loja\/wp-content\/uploads\/2024\/09\/teste-logo-ecommerce-dual-1-e1725909304971.png","width":470,"height":157,"caption":"Loja Dual Gree Servi\u00e7o"},"image":{"@id":"https:\/\/dualgree.com.br\/loja\/#\/schema\/logo\/image\/"}}]}},"jetpack_publicize_connections":[],"jetpack_sharing_enabled":true,"jetpack_likes_enabled":true,"_links":{"self":[{"href":"https:\/\/dualgree.com.br\/loja\/wp-json\/wp\/v2\/product\/12423","targetHints":{"allow":["GET"]}}],"collection":[{"href":"https:\/\/dualgree.com.br\/loja\/wp-json\/wp\/v2\/product"}],"about":[{"href":"https:\/\/dualgree.com.br\/loja\/wp-json\/wp\/v2\/types\/product"}],"replies":[{"embeddable":true,"href":"https:\/\/dualgree.com.br\/loja\/wp-json\/wp\/v2\/comments?post=12423"}],"wp:featuredmedia":[{"embeddable":true,"href":"https:\/\/dualgree.com.br\/loja\/wp-json\/wp\/v2\/media\/12421"}],"wp:attachment":[{"href":"https:\/\/dualgree.com.br\/loja\/wp-json\/wp\/v2\/media?parent=12423"}],"wp:term":[{"taxonomy":"product_brand","embeddable":true,"href":"https:\/\/dualgree.com.br\/loja\/wp-json\/wp\/v2\/product_brand?post=12423"},{"taxonomy":"product_cat","embeddable":true,"href":"https:\/\/dualgree.com.br\/loja\/wp-json\/wp\/v2\/product_cat?post=12423"},{"taxonomy":"product_tag","embeddable":true,"href":"https:\/\/dualgree.com.br\/loja\/wp-json\/wp\/v2\/product_tag?post=12423"}],"curies":[{"name":"wp","href":"https:\/\/api.w.org\/{rel}","templated":true}]}}