{"id":14104,"date":"2026-01-26T20:10:30","date_gmt":"2026-01-26T20:10:30","guid":{"rendered":"https:\/\/dualgree.com.br\/loja\/produto\/testador-de-compressor-inverter-310-dcv-dualgree-para-ar-condicionado-inverter\/"},"modified":"2026-04-30T18:32:26","modified_gmt":"2026-04-30T18:32:26","slug":"testador-de-compressor-inverter-310-dcv-dualgree-para-ar-condicionado-inverter","status":"publish","type":"product","link":"https:\/\/dualgree.com.br\/loja\/produto\/testador-de-compressor-inverter-310-dcv-dualgree-para-ar-condicionado-inverter\/","title":{"rendered":"Testador de compressor inverter DualGree para ar condicionad..."},"content":{"rendered":"<p>DG4897 &#8211; Testador de compressores inverter tens\u00e3o continua de 230 a 310dcv. Funciona na tens\u00e3o 220v.<\/p>\n<p>\u00a0<\/p>\n<p>Aten\u00e7\u00e3o Antes de utilizar o testador de compressor inverter, teste a massa do seu compressor para evitar queima do equipamento.<\/p>\n<p>\u00a0<\/p>\n<p>Com esse testador de compressor consegue testar compressores inverter de ar condicionado e compressores inverter de refrigeradores.<\/p>\n<p>\u00a0<\/p>\n<p>Procedimento antes de conectar os fios do teste:<\/p>\n<p>\u00a0<\/p>\n<p>1- Testar massa do compressor e verificar curto na lata,ok.<\/p>\n<p>R: Estando tudo certo com compressor e n\u00e3o est\u00e1 em massa, siga o passo seguinte.<\/p>\n<p>2 &#8211; conectar os fios do testador W. V. U no seu compressor inverter.<\/p>\n<p>3 &#8211; Verificar as posi\u00e7\u00f5es corretas.<\/p>\n<p>4 &#8211; ligar o testador de compressor inverter na tomada 220v.<\/p>\n<p>5 &#8211; Aciona o bot\u00e3o de liga\/Desliga na lateral,ok.<\/p>\n<p>6 &#8211; Acionar o bot\u00e3o iniciar\/parar,ok.<\/p>\n<p>7 &#8211; Ajuste a rota\u00e7\u00e3o RPM, para o compressor girar,ok.<\/p>\n<p>\u00a0<\/p>\n<p>Procedimento para desligar o Testador de compressor inverter:<\/p>\n<p>\u00a0<\/p>\n<p>1 &#8211; Aten\u00e7\u00e3o para desligar o testador inverter, gire a rota\u00e7\u00e3o para 0%.<\/p>\n<p>2 &#8211; Pressione o bot\u00e3o parar.<\/p>\n<p>3 &#8211; Desligue o equipamento no Bot\u00e3o Desligar na lateral.<\/p>\n<p>4 &#8211; Gire o ajuste de rota\u00e7\u00e3o para esgotar a tens\u00e3o armazenada.<\/p>\n<p>5 &#8211; Espere a carga no equipamento esgotar, n\u00e3o coloque a m\u00e3o nos fios W.V.U.<\/p>\n<p>&lt;br&gt;<\/p>\n<p>Este testador de compressor \u00e9 compat\u00edvel com capacidades de 1 a 3 HP. de 7000btus a 24.000 btus compressores DC<\/p>\n","protected":false},"excerpt":{"rendered":"<p>DG4897 &#8211; Testador de compressores inverter tens\u00e3o continua de 230 a 310dcv. Funciona na tens\u00e3o 220v. \u00a0 Aten\u00e7\u00e3o Antes de utilizar o testador de compressor inverter, teste a massa do seu compressor para evitar queima do equipamento. \u00a0 Com esse testador de compressor consegue testar compressores inverter de ar condicionado e compressores inverter de refrigeradores&#8230;.<\/p>\n","protected":false},"featured_media":14327,"comment_status":"open","ping_status":"closed","template":"","meta":{"_kadence_starter_templates_imported_post":false,"_kad_post_transparent":"","_kad_post_title":"","_kad_post_layout":"","_kad_post_sidebar_id":"","_kad_post_content_style":"","_kad_post_vertical_padding":"","_kad_post_feature":"","_kad_post_feature_position":"","_kad_post_header":false,"_kad_post_footer":false,"jetpack_publicize_message":"","jetpack_publicize_feature_enabled":true,"jetpack_social_post_already_shared":true,"jetpack_social_options":{"image_generator_settings":{"template":"highway","default_image_id":0,"font":"","enabled":false},"version":2}},"product_brand":[],"product_cat":[396],"product_tag":[],"class_list":{"0":"post-14104","1":"product","2":"type-product","3":"status-publish","4":"has-post-thumbnail","6":"product_cat-teste-de-motor-bldc-310dc","8":"first","9":"instock","10":"shipping-taxable","11":"purchasable","12":"product-type-simple","13":"entry","14":"content-bg","15":"loop-entry"},"yoast_head":"<!-- This site is optimized with the Yoast SEO plugin v27.5 - https:\/\/yoast.com\/product\/yoast-seo-wordpress\/ -->\n<title>Testador de compressor inverter DualGree para ar condicionado inverter - Loja - Dual Gree Servi\u00e7os | Pe\u00e7as<\/title>\n<meta name=\"robots\" content=\"index, follow, max-snippet:-1, max-image-preview:large, max-video-preview:-1\" \/>\n<link rel=\"canonical\" href=\"https:\/\/dualgree.com.br\/loja\/produto\/testador-de-compressor-inverter-310-dcv-dualgree-para-ar-condicionado-inverter\/\" \/>\n<meta property=\"og:locale\" content=\"pt_BR\" \/>\n<meta property=\"og:type\" content=\"article\" \/>\n<meta property=\"og:title\" content=\"Testador de compressor inverter DualGree para ar condicionado inverter - Loja - Dual Gree Servi\u00e7os | Pe\u00e7as\" \/>\n<meta property=\"og:description\" content=\"DG4897 &#8211; Testador de compressores inverter tens\u00e3o continua de 230 a 310dcv. Funciona na tens\u00e3o 220v. \u00a0 Aten\u00e7\u00e3o Antes de utilizar o testador de compressor inverter, teste a massa do seu compressor para evitar queima do equipamento. \u00a0 Com esse testador de compressor consegue testar compressores inverter de ar condicionado e compressores inverter de refrigeradores....\" \/>\n<meta property=\"og:url\" content=\"https:\/\/dualgree.com.br\/loja\/produto\/testador-de-compressor-inverter-310-dcv-dualgree-para-ar-condicionado-inverter\/\" \/>\n<meta property=\"og:site_name\" content=\"Loja - Dual Gree Servi\u00e7os | Pe\u00e7as\" \/>\n<meta property=\"article:modified_time\" content=\"2026-04-30T18:32:26+00:00\" \/>\n<meta property=\"og:image\" content=\"https:\/\/dualgree.com.br\/loja\/wp-content\/uploads\/2026\/01\/15418109188-dg4897-testador-de-compressor-inverter-310vdc-2.webp\" \/>\n\t<meta property=\"og:image:width\" content=\"1280\" \/>\n\t<meta property=\"og:image:height\" content=\"1280\" \/>\n\t<meta property=\"og:image:type\" content=\"image\/png\" \/>\n<meta name=\"twitter:card\" content=\"summary_large_image\" \/>\n<meta name=\"twitter:label1\" content=\"Est. tempo de leitura\" \/>\n\t<meta name=\"twitter:data1\" content=\"1 minuto\" \/>\n<script type=\"application\/ld+json\" class=\"yoast-schema-graph\">{\"@context\":\"https:\\\/\\\/schema.org\",\"@graph\":[{\"@type\":\"WebPage\",\"@id\":\"https:\\\/\\\/dualgree.com.br\\\/loja\\\/produto\\\/testador-de-compressor-inverter-310-dcv-dualgree-para-ar-condicionado-inverter\\\/\",\"url\":\"https:\\\/\\\/dualgree.com.br\\\/loja\\\/produto\\\/testador-de-compressor-inverter-310-dcv-dualgree-para-ar-condicionado-inverter\\\/\",\"name\":\"Testador de compressor inverter DualGree para ar condicionado inverter - Loja - Dual Gree Servi\u00e7os | Pe\u00e7as\",\"isPartOf\":{\"@id\":\"https:\\\/\\\/dualgree.com.br\\\/loja\\\/#website\"},\"primaryImageOfPage\":{\"@id\":\"https:\\\/\\\/dualgree.com.br\\\/loja\\\/produto\\\/testador-de-compressor-inverter-310-dcv-dualgree-para-ar-condicionado-inverter\\\/#primaryimage\"},\"image\":{\"@id\":\"https:\\\/\\\/dualgree.com.br\\\/loja\\\/produto\\\/testador-de-compressor-inverter-310-dcv-dualgree-para-ar-condicionado-inverter\\\/#primaryimage\"},\"thumbnailUrl\":\"https:\\\/\\\/dualgree.com.br\\\/loja\\\/wp-content\\\/uploads\\\/2026\\\/02\\\/15418109188-dg4897-testador-de-compressor-inverter-310vdc-1.webp\",\"datePublished\":\"2026-01-26T20:10:30+00:00\",\"dateModified\":\"2026-04-30T18:32:26+00:00\",\"breadcrumb\":{\"@id\":\"https:\\\/\\\/dualgree.com.br\\\/loja\\\/produto\\\/testador-de-compressor-inverter-310-dcv-dualgree-para-ar-condicionado-inverter\\\/#breadcrumb\"},\"inLanguage\":\"pt-BR\",\"potentialAction\":[{\"@type\":\"ReadAction\",\"target\":[\"https:\\\/\\\/dualgree.com.br\\\/loja\\\/produto\\\/testador-de-compressor-inverter-310-dcv-dualgree-para-ar-condicionado-inverter\\\/\"]}]},{\"@type\":\"ImageObject\",\"inLanguage\":\"pt-BR\",\"@id\":\"https:\\\/\\\/dualgree.com.br\\\/loja\\\/produto\\\/testador-de-compressor-inverter-310-dcv-dualgree-para-ar-condicionado-inverter\\\/#primaryimage\",\"url\":\"https:\\\/\\\/dualgree.com.br\\\/loja\\\/wp-content\\\/uploads\\\/2026\\\/02\\\/15418109188-dg4897-testador-de-compressor-inverter-310vdc-1.webp\",\"contentUrl\":\"https:\\\/\\\/dualgree.com.br\\\/loja\\\/wp-content\\\/uploads\\\/2026\\\/02\\\/15418109188-dg4897-testador-de-compressor-inverter-310vdc-1.webp\",\"width\":1280,\"height\":1280},{\"@type\":\"BreadcrumbList\",\"@id\":\"https:\\\/\\\/dualgree.com.br\\\/loja\\\/produto\\\/testador-de-compressor-inverter-310-dcv-dualgree-para-ar-condicionado-inverter\\\/#breadcrumb\",\"itemListElement\":[{\"@type\":\"ListItem\",\"position\":1,\"name\":\"In\u00edcio\",\"item\":\"https:\\\/\\\/dualgree.com.br\\\/loja\\\/\"},{\"@type\":\"ListItem\",\"position\":2,\"name\":\"Loja &#8211; Cat\u00e1logo de Pe\u00e7as\",\"item\":\"https:\\\/\\\/dualgree.com.br\\\/loja\\\/\"},{\"@type\":\"ListItem\",\"position\":3,\"name\":\"Testador de compressor inverter DualGree para ar condicionad...\"}]},{\"@type\":\"WebSite\",\"@id\":\"https:\\\/\\\/dualgree.com.br\\\/loja\\\/#website\",\"url\":\"https:\\\/\\\/dualgree.com.br\\\/loja\\\/\",\"name\":\"Loja - Dual Gree Servi\u00e7os | Partes e Pe\u00e7as\",\"description\":\"Catalogo de Pe\u00e7as para ar condicionado\",\"publisher\":{\"@id\":\"https:\\\/\\\/dualgree.com.br\\\/loja\\\/#organization\"},\"potentialAction\":[{\"@type\":\"SearchAction\",\"target\":{\"@type\":\"EntryPoint\",\"urlTemplate\":\"https:\\\/\\\/dualgree.com.br\\\/loja\\\/?s={search_term_string}\"},\"query-input\":{\"@type\":\"PropertyValueSpecification\",\"valueRequired\":true,\"valueName\":\"search_term_string\"}}],\"inLanguage\":\"pt-BR\"},{\"@type\":\"Organization\",\"@id\":\"https:\\\/\\\/dualgree.com.br\\\/loja\\\/#organization\",\"name\":\"Loja Dual Gree Servi\u00e7o\",\"url\":\"https:\\\/\\\/dualgree.com.br\\\/loja\\\/\",\"logo\":{\"@type\":\"ImageObject\",\"inLanguage\":\"pt-BR\",\"@id\":\"https:\\\/\\\/dualgree.com.br\\\/loja\\\/#\\\/schema\\\/logo\\\/image\\\/\",\"url\":\"https:\\\/\\\/dualgree.com.br\\\/loja\\\/wp-content\\\/uploads\\\/2024\\\/09\\\/teste-logo-ecommerce-dual-1-e1725909304971.png\",\"contentUrl\":\"https:\\\/\\\/dualgree.com.br\\\/loja\\\/wp-content\\\/uploads\\\/2024\\\/09\\\/teste-logo-ecommerce-dual-1-e1725909304971.png\",\"width\":470,\"height\":157,\"caption\":\"Loja Dual Gree Servi\u00e7o\"},\"image\":{\"@id\":\"https:\\\/\\\/dualgree.com.br\\\/loja\\\/#\\\/schema\\\/logo\\\/image\\\/\"}}]}<\/script>\n<!-- \/ Yoast SEO plugin. -->","yoast_head_json":{"title":"Testador de compressor inverter DualGree para ar condicionado inverter - Loja - Dual Gree Servi\u00e7os | Pe\u00e7as","robots":{"index":"index","follow":"follow","max-snippet":"max-snippet:-1","max-image-preview":"max-image-preview:large","max-video-preview":"max-video-preview:-1"},"canonical":"https:\/\/dualgree.com.br\/loja\/produto\/testador-de-compressor-inverter-310-dcv-dualgree-para-ar-condicionado-inverter\/","og_locale":"pt_BR","og_type":"article","og_title":"Testador de compressor inverter DualGree para ar condicionado inverter - Loja - Dual Gree Servi\u00e7os | Pe\u00e7as","og_description":"DG4897 &#8211; Testador de compressores inverter tens\u00e3o continua de 230 a 310dcv. Funciona na tens\u00e3o 220v. \u00a0 Aten\u00e7\u00e3o Antes de utilizar o testador de compressor inverter, teste a massa do seu compressor para evitar queima do equipamento. \u00a0 Com esse testador de compressor consegue testar compressores inverter de ar condicionado e compressores inverter de refrigeradores....","og_url":"https:\/\/dualgree.com.br\/loja\/produto\/testador-de-compressor-inverter-310-dcv-dualgree-para-ar-condicionado-inverter\/","og_site_name":"Loja - Dual Gree Servi\u00e7os | Pe\u00e7as","article_modified_time":"2026-04-30T18:32:26+00:00","og_image":[{"width":1280,"height":1280,"url":"https:\/\/dualgree.com.br\/loja\/wp-content\/uploads\/2026\/01\/15418109188-dg4897-testador-de-compressor-inverter-310vdc-2.webp","type":"image\/png"}],"twitter_card":"summary_large_image","twitter_misc":{"Est. tempo de leitura":"1 minuto"},"schema":{"@context":"https:\/\/schema.org","@graph":[{"@type":"WebPage","@id":"https:\/\/dualgree.com.br\/loja\/produto\/testador-de-compressor-inverter-310-dcv-dualgree-para-ar-condicionado-inverter\/","url":"https:\/\/dualgree.com.br\/loja\/produto\/testador-de-compressor-inverter-310-dcv-dualgree-para-ar-condicionado-inverter\/","name":"Testador de compressor inverter DualGree para ar condicionado inverter - Loja - Dual Gree Servi\u00e7os | Pe\u00e7as","isPartOf":{"@id":"https:\/\/dualgree.com.br\/loja\/#website"},"primaryImageOfPage":{"@id":"https:\/\/dualgree.com.br\/loja\/produto\/testador-de-compressor-inverter-310-dcv-dualgree-para-ar-condicionado-inverter\/#primaryimage"},"image":{"@id":"https:\/\/dualgree.com.br\/loja\/produto\/testador-de-compressor-inverter-310-dcv-dualgree-para-ar-condicionado-inverter\/#primaryimage"},"thumbnailUrl":"https:\/\/dualgree.com.br\/loja\/wp-content\/uploads\/2026\/02\/15418109188-dg4897-testador-de-compressor-inverter-310vdc-1.webp","datePublished":"2026-01-26T20:10:30+00:00","dateModified":"2026-04-30T18:32:26+00:00","breadcrumb":{"@id":"https:\/\/dualgree.com.br\/loja\/produto\/testador-de-compressor-inverter-310-dcv-dualgree-para-ar-condicionado-inverter\/#breadcrumb"},"inLanguage":"pt-BR","potentialAction":[{"@type":"ReadAction","target":["https:\/\/dualgree.com.br\/loja\/produto\/testador-de-compressor-inverter-310-dcv-dualgree-para-ar-condicionado-inverter\/"]}]},{"@type":"ImageObject","inLanguage":"pt-BR","@id":"https:\/\/dualgree.com.br\/loja\/produto\/testador-de-compressor-inverter-310-dcv-dualgree-para-ar-condicionado-inverter\/#primaryimage","url":"https:\/\/dualgree.com.br\/loja\/wp-content\/uploads\/2026\/02\/15418109188-dg4897-testador-de-compressor-inverter-310vdc-1.webp","contentUrl":"https:\/\/dualgree.com.br\/loja\/wp-content\/uploads\/2026\/02\/15418109188-dg4897-testador-de-compressor-inverter-310vdc-1.webp","width":1280,"height":1280},{"@type":"BreadcrumbList","@id":"https:\/\/dualgree.com.br\/loja\/produto\/testador-de-compressor-inverter-310-dcv-dualgree-para-ar-condicionado-inverter\/#breadcrumb","itemListElement":[{"@type":"ListItem","position":1,"name":"In\u00edcio","item":"https:\/\/dualgree.com.br\/loja\/"},{"@type":"ListItem","position":2,"name":"Loja &#8211; Cat\u00e1logo de Pe\u00e7as","item":"https:\/\/dualgree.com.br\/loja\/"},{"@type":"ListItem","position":3,"name":"Testador de compressor inverter DualGree para ar condicionad..."}]},{"@type":"WebSite","@id":"https:\/\/dualgree.com.br\/loja\/#website","url":"https:\/\/dualgree.com.br\/loja\/","name":"Loja - Dual Gree Servi\u00e7os | Partes e Pe\u00e7as","description":"Catalogo de Pe\u00e7as para ar condicionado","publisher":{"@id":"https:\/\/dualgree.com.br\/loja\/#organization"},"potentialAction":[{"@type":"SearchAction","target":{"@type":"EntryPoint","urlTemplate":"https:\/\/dualgree.com.br\/loja\/?s={search_term_string}"},"query-input":{"@type":"PropertyValueSpecification","valueRequired":true,"valueName":"search_term_string"}}],"inLanguage":"pt-BR"},{"@type":"Organization","@id":"https:\/\/dualgree.com.br\/loja\/#organization","name":"Loja Dual Gree Servi\u00e7o","url":"https:\/\/dualgree.com.br\/loja\/","logo":{"@type":"ImageObject","inLanguage":"pt-BR","@id":"https:\/\/dualgree.com.br\/loja\/#\/schema\/logo\/image\/","url":"https:\/\/dualgree.com.br\/loja\/wp-content\/uploads\/2024\/09\/teste-logo-ecommerce-dual-1-e1725909304971.png","contentUrl":"https:\/\/dualgree.com.br\/loja\/wp-content\/uploads\/2024\/09\/teste-logo-ecommerce-dual-1-e1725909304971.png","width":470,"height":157,"caption":"Loja Dual Gree Servi\u00e7o"},"image":{"@id":"https:\/\/dualgree.com.br\/loja\/#\/schema\/logo\/image\/"}}]}},"jetpack_publicize_connections":[],"jetpack_sharing_enabled":true,"jetpack_likes_enabled":true,"_links":{"self":[{"href":"https:\/\/dualgree.com.br\/loja\/wp-json\/wp\/v2\/product\/14104","targetHints":{"allow":["GET"]}}],"collection":[{"href":"https:\/\/dualgree.com.br\/loja\/wp-json\/wp\/v2\/product"}],"about":[{"href":"https:\/\/dualgree.com.br\/loja\/wp-json\/wp\/v2\/types\/product"}],"replies":[{"embeddable":true,"href":"https:\/\/dualgree.com.br\/loja\/wp-json\/wp\/v2\/comments?post=14104"}],"wp:featuredmedia":[{"embeddable":true,"href":"https:\/\/dualgree.com.br\/loja\/wp-json\/wp\/v2\/media\/14327"}],"wp:attachment":[{"href":"https:\/\/dualgree.com.br\/loja\/wp-json\/wp\/v2\/media?parent=14104"}],"wp:term":[{"taxonomy":"product_brand","embeddable":true,"href":"https:\/\/dualgree.com.br\/loja\/wp-json\/wp\/v2\/product_brand?post=14104"},{"taxonomy":"product_cat","embeddable":true,"href":"https:\/\/dualgree.com.br\/loja\/wp-json\/wp\/v2\/product_cat?post=14104"},{"taxonomy":"product_tag","embeddable":true,"href":"https:\/\/dualgree.com.br\/loja\/wp-json\/wp\/v2\/product_tag?post=14104"}],"curies":[{"name":"wp","href":"https:\/\/api.w.org\/{rel}","templated":true}]}}