{"id":2640,"date":"2023-10-31T20:13:10","date_gmt":"2023-10-31T20:13:10","guid":{"rendered":"https:\/\/dualgree.com.br\/loja\/produto\/rolamento-borracha-da-turbina-ar-condicionado\/"},"modified":"2026-04-09T12:58:29","modified_gmt":"2026-04-09T12:58:29","slug":"rolamento-borracha-da-turbina-ar-condicionado","status":"publish","type":"product","link":"https:\/\/dualgree.com.br\/loja\/produto\/rolamento-borracha-da-turbina-ar-condicionado\/","title":{"rendered":"Rolamento  Borracha Da Turbina Ar Condicionado Electrolux"},"content":{"rendered":"<p>IC737<\/p>\n<p>\u00a0<\/p>\n<p>\u00a0<\/p>\n<p>\u00a0<\/p>\n<p>Rolamento da turbina do evaporador ar condicionado split Electrolux 9000 btus.<\/p>\n<p>12.000 btus, 18.000 btus<\/p>\n<p>\u00a0<\/p>\n<p>Vi07F, VI07R,<\/p>\n<p>\u00a0<\/p>\n<p>Vi09F, VI09R,<\/p>\n<p>\u00a0<\/p>\n<p>Vi12F, VI12R,<\/p>\n<p>\u00a0<\/p>\n<p>\u00a0<\/p>\n<p>\u00a0<\/p>\n<p>Ti07F, TI07R,<\/p>\n<p>\u00a0<\/p>\n<p>Ti09F, TI09R,<\/p>\n<p>\u00a0<\/p>\n<p>Ti12F, TI12R,<\/p>\n<p>\u00a0<\/p>\n<p>\u00a0<\/p>\n<p>\u00a0<\/p>\n<p>Bi07F, BI07R,<\/p>\n<p>\u00a0<\/p>\n<p>Bi09F, BI09R,<\/p>\n<p>\u00a0<\/p>\n<p>Bi12F, BI12R,<\/p>\n<p>\u00a0<\/p>\n<p>\u00a0<\/p>\n<p>\u00a0<\/p>\n<p>Qi07F, QI07R,<\/p>\n<p>\u00a0<\/p>\n<p>Qi09F, QI09R,<\/p>\n<p>\u00a0<\/p>\n<p>Qi12F, QI12R,<\/p>\n<p>\u00a0<\/p>\n<p>\u00a0<\/p>\n<p>\u00a0<\/p>\n<p>\u00a0<\/p>\n<p>\u00a0<\/p>\n<p>COMFEE<\/p>\n<p>\u00a0<\/p>\n<p>\u00a0<\/p>\n<p>\u00a0<\/p>\n<p>42MMCC07F5,<\/p>\n<p>\u00a0<\/p>\n<p>42MMCC09F5,<\/p>\n<p>\u00a0<\/p>\n<p>42MMCC12F5,<\/p>\n<p>\u00a0<\/p>\n<p>42MMCC18F5,<\/p>\n<p>\u00a0<\/p>\n<p>\u00a0<\/p>\n<p>\u00a0<\/p>\n<p>42MMQC07F5,<\/p>\n<p>\u00a0<\/p>\n<p>42MMQC09F5,<\/p>\n<p>\u00a0<\/p>\n<p>42MMQC12F5,<\/p>\n<p>\u00a0<\/p>\n<p>42MMQC18F5,<\/p>\n<p>\u00a0<\/p>\n<p>\u00a0<\/p>\n<p>\u00a0<\/p>\n<p>42MDCA07M5,<\/p>\n<p>\u00a0<\/p>\n<p>42MDCA09M5,<\/p>\n<p>\u00a0<\/p>\n<p>42MDCA12M5,<\/p>\n<p>\u00a0<\/p>\n<p>42MDCA18M5,<\/p>\n","protected":false},"excerpt":{"rendered":"<p>IC737<\/p>\n<p>\u00a0<\/p>\n<p>Rolamento da turbina do evaporador ar condicionado split Electrolux 9000 btus.<br \/>12.000 btus, 18.000 btus<\/p>\n<p>Vi07F, VI07R,<\/p>\n<p>Vi09F, VI09R,<\/p>\n<p>Vi12F, VI12R,<\/p>\n<p>\u00a0<\/p>\n<p>Ti07F, TI07R,<\/p>\n<p>Ti09F, TI09R,<\/p>\n<p>Ti12F, TI12R,<\/p>\n<p>\u00a0<\/p>\n<p>Bi07F, BI07R,<\/p>\n<p>Bi09F, BI09R,<\/p>\n<p>Bi12F, BI12R,<\/p>\n<p>\u00a0<\/p>\n<p>Qi07F, QI07R,<\/p>\n<p>Qi09F, QI09R,<\/p>\n<p>Qi12F, QI12R,<\/p>\n<p>\u00a0<\/p>\n<p>\u00a0<\/p>\n<p>COMFEE<\/p>\n<p>\u00a0<\/p>\n<p>42MMCC07F5,<\/p>\n<p>42MMCC09F5,<\/p>\n<p>42MMCC12F5,<\/p>\n<p>42MMCC18F5,<\/p>\n<p>\u00a0<\/p>\n<p>42MMQC07F5,<\/p>\n<p>42MMQC09F5,<\/p>\n<p>42MMQC12F5,<\/p>\n<p>42MMQC18F5,<\/p>\n<p>\u00a0<\/p>\n<p>42MDCA07M5,<\/p>\n<p>42MDCA09M5,<\/p>\n<p>42MDCA12M5,<\/p>\n<p>42MDCA18M5,<\/p>\n","protected":false},"featured_media":6853,"comment_status":"open","ping_status":"closed","template":"","meta":{"_kadence_starter_templates_imported_post":false,"_kad_post_transparent":"","_kad_post_title":"","_kad_post_layout":"","_kad_post_sidebar_id":"","_kad_post_content_style":"","_kad_post_vertical_padding":"","_kad_post_feature":"","_kad_post_feature_position":"","_kad_post_header":false,"_kad_post_footer":false,"jetpack_publicize_message":"","jetpack_publicize_feature_enabled":true,"jetpack_social_post_already_shared":false,"jetpack_social_options":{"image_generator_settings":{"template":"highway","default_image_id":0,"font":"","enabled":false},"version":2}},"product_brand":[],"product_cat":[181],"product_tag":[],"class_list":{"0":"post-2640","1":"product","2":"type-product","3":"status-publish","4":"has-post-thumbnail","6":"product_cat-electrolux","8":"first","9":"outofstock","10":"shipping-taxable","11":"purchasable","12":"product-type-simple","13":"entry","14":"content-bg","15":"loop-entry"},"yoast_head":"<!-- This site is optimized with the Yoast SEO plugin v27.5 - https:\/\/yoast.com\/product\/yoast-seo-wordpress\/ -->\n<title>Rolamento Borracha Da Turbina Ar Condicionado Electrolux - Loja - Dual Gree Servi\u00e7os | Pe\u00e7as<\/title>\n<meta name=\"robots\" content=\"index, follow, max-snippet:-1, max-image-preview:large, max-video-preview:-1\" \/>\n<link rel=\"canonical\" href=\"https:\/\/dualgree.com.br\/loja\/produto\/rolamento-borracha-da-turbina-ar-condicionado\/\" \/>\n<meta property=\"og:locale\" content=\"pt_BR\" \/>\n<meta property=\"og:type\" content=\"article\" \/>\n<meta property=\"og:title\" content=\"Rolamento Borracha Da Turbina Ar Condicionado Electrolux - Loja - Dual Gree Servi\u00e7os | Pe\u00e7as\" \/>\n<meta property=\"og:description\" content=\"IC737 \u00a0 Rolamento da turbina do evaporador ar condicionado split Electrolux 9000 btus.12.000 btus, 18.000 btusVi07F, VI07R, Vi09F, VI09R, Vi12F, VI12R, \u00a0 Ti07F, TI07R, Ti09F, TI09R, Ti12F, TI12R, \u00a0 Bi07F, BI07R, Bi09F, BI09R, Bi12F, BI12R, \u00a0 Qi07F, QI07R, Qi09F, QI09R, Qi12F, QI12R, \u00a0 \u00a0 COMFEE \u00a0 42MMCC07F5, 42MMCC09F5, 42MMCC12F5, 42MMCC18F5, \u00a0 42MMQC07F5, 42MMQC09F5, 42MMQC12F5, 42MMQC18F5, \u00a0 42MDCA07M5, 42MDCA09M5, 42MDCA12M5, 42MDCA18M5,\" \/>\n<meta property=\"og:url\" content=\"https:\/\/dualgree.com.br\/loja\/produto\/rolamento-borracha-da-turbina-ar-condicionado\/\" \/>\n<meta property=\"og:site_name\" content=\"Loja - Dual Gree Servi\u00e7os | Pe\u00e7as\" \/>\n<meta property=\"article:modified_time\" content=\"2026-04-09T12:58:29+00:00\" \/>\n<meta property=\"og:image\" content=\"https:\/\/dualgree.com.br\/loja\/wp-content\/uploads\/2023\/10\/15109957767_D_973199-MLB47794403291_102021-O.jpg\" \/>\n\t<meta property=\"og:image:width\" content=\"490\" \/>\n\t<meta property=\"og:image:height\" content=\"500\" \/>\n\t<meta property=\"og:image:type\" content=\"image\/jpeg\" \/>\n<meta name=\"twitter:card\" content=\"summary_large_image\" \/>\n<script type=\"application\/ld+json\" class=\"yoast-schema-graph\">{\"@context\":\"https:\\\/\\\/schema.org\",\"@graph\":[{\"@type\":\"WebPage\",\"@id\":\"https:\\\/\\\/dualgree.com.br\\\/loja\\\/produto\\\/rolamento-borracha-da-turbina-ar-condicionado\\\/\",\"url\":\"https:\\\/\\\/dualgree.com.br\\\/loja\\\/produto\\\/rolamento-borracha-da-turbina-ar-condicionado\\\/\",\"name\":\"Rolamento Borracha Da Turbina Ar Condicionado Electrolux - Loja - Dual Gree Servi\u00e7os | Pe\u00e7as\",\"isPartOf\":{\"@id\":\"https:\\\/\\\/dualgree.com.br\\\/loja\\\/#website\"},\"primaryImageOfPage\":{\"@id\":\"https:\\\/\\\/dualgree.com.br\\\/loja\\\/produto\\\/rolamento-borracha-da-turbina-ar-condicionado\\\/#primaryimage\"},\"image\":{\"@id\":\"https:\\\/\\\/dualgree.com.br\\\/loja\\\/produto\\\/rolamento-borracha-da-turbina-ar-condicionado\\\/#primaryimage\"},\"thumbnailUrl\":\"https:\\\/\\\/dualgree.com.br\\\/loja\\\/wp-content\\\/uploads\\\/2024\\\/09\\\/15109957767-d-973199-mlb47794403291-102021-o.jpg\",\"datePublished\":\"2023-10-31T20:13:10+00:00\",\"dateModified\":\"2026-04-09T12:58:29+00:00\",\"breadcrumb\":{\"@id\":\"https:\\\/\\\/dualgree.com.br\\\/loja\\\/produto\\\/rolamento-borracha-da-turbina-ar-condicionado\\\/#breadcrumb\"},\"inLanguage\":\"pt-BR\",\"potentialAction\":[{\"@type\":\"ReadAction\",\"target\":[\"https:\\\/\\\/dualgree.com.br\\\/loja\\\/produto\\\/rolamento-borracha-da-turbina-ar-condicionado\\\/\"]}]},{\"@type\":\"ImageObject\",\"inLanguage\":\"pt-BR\",\"@id\":\"https:\\\/\\\/dualgree.com.br\\\/loja\\\/produto\\\/rolamento-borracha-da-turbina-ar-condicionado\\\/#primaryimage\",\"url\":\"https:\\\/\\\/dualgree.com.br\\\/loja\\\/wp-content\\\/uploads\\\/2024\\\/09\\\/15109957767-d-973199-mlb47794403291-102021-o.jpg\",\"contentUrl\":\"https:\\\/\\\/dualgree.com.br\\\/loja\\\/wp-content\\\/uploads\\\/2024\\\/09\\\/15109957767-d-973199-mlb47794403291-102021-o.jpg\",\"width\":490,\"height\":500},{\"@type\":\"BreadcrumbList\",\"@id\":\"https:\\\/\\\/dualgree.com.br\\\/loja\\\/produto\\\/rolamento-borracha-da-turbina-ar-condicionado\\\/#breadcrumb\",\"itemListElement\":[{\"@type\":\"ListItem\",\"position\":1,\"name\":\"In\u00edcio\",\"item\":\"https:\\\/\\\/dualgree.com.br\\\/loja\\\/\"},{\"@type\":\"ListItem\",\"position\":2,\"name\":\"Loja &#8211; Cat\u00e1logo de Pe\u00e7as\",\"item\":\"https:\\\/\\\/dualgree.com.br\\\/loja\\\/\"},{\"@type\":\"ListItem\",\"position\":3,\"name\":\"Rolamento Borracha Da Turbina Ar Condicionado Electrolux\"}]},{\"@type\":\"WebSite\",\"@id\":\"https:\\\/\\\/dualgree.com.br\\\/loja\\\/#website\",\"url\":\"https:\\\/\\\/dualgree.com.br\\\/loja\\\/\",\"name\":\"Loja - Dual Gree Servi\u00e7os | Partes e Pe\u00e7as\",\"description\":\"Catalogo de Pe\u00e7as para ar condicionado\",\"publisher\":{\"@id\":\"https:\\\/\\\/dualgree.com.br\\\/loja\\\/#organization\"},\"potentialAction\":[{\"@type\":\"SearchAction\",\"target\":{\"@type\":\"EntryPoint\",\"urlTemplate\":\"https:\\\/\\\/dualgree.com.br\\\/loja\\\/?s={search_term_string}\"},\"query-input\":{\"@type\":\"PropertyValueSpecification\",\"valueRequired\":true,\"valueName\":\"search_term_string\"}}],\"inLanguage\":\"pt-BR\"},{\"@type\":\"Organization\",\"@id\":\"https:\\\/\\\/dualgree.com.br\\\/loja\\\/#organization\",\"name\":\"Loja Dual Gree Servi\u00e7o\",\"url\":\"https:\\\/\\\/dualgree.com.br\\\/loja\\\/\",\"logo\":{\"@type\":\"ImageObject\",\"inLanguage\":\"pt-BR\",\"@id\":\"https:\\\/\\\/dualgree.com.br\\\/loja\\\/#\\\/schema\\\/logo\\\/image\\\/\",\"url\":\"https:\\\/\\\/dualgree.com.br\\\/loja\\\/wp-content\\\/uploads\\\/2024\\\/09\\\/teste-logo-ecommerce-dual-1-e1725909304971.png\",\"contentUrl\":\"https:\\\/\\\/dualgree.com.br\\\/loja\\\/wp-content\\\/uploads\\\/2024\\\/09\\\/teste-logo-ecommerce-dual-1-e1725909304971.png\",\"width\":470,\"height\":157,\"caption\":\"Loja Dual Gree Servi\u00e7o\"},\"image\":{\"@id\":\"https:\\\/\\\/dualgree.com.br\\\/loja\\\/#\\\/schema\\\/logo\\\/image\\\/\"}}]}<\/script>\n<!-- \/ Yoast SEO plugin. -->","yoast_head_json":{"title":"Rolamento Borracha Da Turbina Ar Condicionado Electrolux - Loja - Dual Gree Servi\u00e7os | Pe\u00e7as","robots":{"index":"index","follow":"follow","max-snippet":"max-snippet:-1","max-image-preview":"max-image-preview:large","max-video-preview":"max-video-preview:-1"},"canonical":"https:\/\/dualgree.com.br\/loja\/produto\/rolamento-borracha-da-turbina-ar-condicionado\/","og_locale":"pt_BR","og_type":"article","og_title":"Rolamento Borracha Da Turbina Ar Condicionado Electrolux - Loja - Dual Gree Servi\u00e7os | Pe\u00e7as","og_description":"IC737 \u00a0 Rolamento da turbina do evaporador ar condicionado split Electrolux 9000 btus.12.000 btus, 18.000 btusVi07F, VI07R, Vi09F, VI09R, Vi12F, VI12R, \u00a0 Ti07F, TI07R, Ti09F, TI09R, Ti12F, TI12R, \u00a0 Bi07F, BI07R, Bi09F, BI09R, Bi12F, BI12R, \u00a0 Qi07F, QI07R, Qi09F, QI09R, Qi12F, QI12R, \u00a0 \u00a0 COMFEE \u00a0 42MMCC07F5, 42MMCC09F5, 42MMCC12F5, 42MMCC18F5, \u00a0 42MMQC07F5, 42MMQC09F5, 42MMQC12F5, 42MMQC18F5, \u00a0 42MDCA07M5, 42MDCA09M5, 42MDCA12M5, 42MDCA18M5,","og_url":"https:\/\/dualgree.com.br\/loja\/produto\/rolamento-borracha-da-turbina-ar-condicionado\/","og_site_name":"Loja - Dual Gree Servi\u00e7os | Pe\u00e7as","article_modified_time":"2026-04-09T12:58:29+00:00","og_image":[{"width":490,"height":500,"url":"https:\/\/dualgree.com.br\/loja\/wp-content\/uploads\/2023\/10\/15109957767_D_973199-MLB47794403291_102021-O.jpg","type":"image\/jpeg"}],"twitter_card":"summary_large_image","schema":{"@context":"https:\/\/schema.org","@graph":[{"@type":"WebPage","@id":"https:\/\/dualgree.com.br\/loja\/produto\/rolamento-borracha-da-turbina-ar-condicionado\/","url":"https:\/\/dualgree.com.br\/loja\/produto\/rolamento-borracha-da-turbina-ar-condicionado\/","name":"Rolamento Borracha Da Turbina Ar Condicionado Electrolux - Loja - Dual Gree Servi\u00e7os | Pe\u00e7as","isPartOf":{"@id":"https:\/\/dualgree.com.br\/loja\/#website"},"primaryImageOfPage":{"@id":"https:\/\/dualgree.com.br\/loja\/produto\/rolamento-borracha-da-turbina-ar-condicionado\/#primaryimage"},"image":{"@id":"https:\/\/dualgree.com.br\/loja\/produto\/rolamento-borracha-da-turbina-ar-condicionado\/#primaryimage"},"thumbnailUrl":"https:\/\/dualgree.com.br\/loja\/wp-content\/uploads\/2024\/09\/15109957767-d-973199-mlb47794403291-102021-o.jpg","datePublished":"2023-10-31T20:13:10+00:00","dateModified":"2026-04-09T12:58:29+00:00","breadcrumb":{"@id":"https:\/\/dualgree.com.br\/loja\/produto\/rolamento-borracha-da-turbina-ar-condicionado\/#breadcrumb"},"inLanguage":"pt-BR","potentialAction":[{"@type":"ReadAction","target":["https:\/\/dualgree.com.br\/loja\/produto\/rolamento-borracha-da-turbina-ar-condicionado\/"]}]},{"@type":"ImageObject","inLanguage":"pt-BR","@id":"https:\/\/dualgree.com.br\/loja\/produto\/rolamento-borracha-da-turbina-ar-condicionado\/#primaryimage","url":"https:\/\/dualgree.com.br\/loja\/wp-content\/uploads\/2024\/09\/15109957767-d-973199-mlb47794403291-102021-o.jpg","contentUrl":"https:\/\/dualgree.com.br\/loja\/wp-content\/uploads\/2024\/09\/15109957767-d-973199-mlb47794403291-102021-o.jpg","width":490,"height":500},{"@type":"BreadcrumbList","@id":"https:\/\/dualgree.com.br\/loja\/produto\/rolamento-borracha-da-turbina-ar-condicionado\/#breadcrumb","itemListElement":[{"@type":"ListItem","position":1,"name":"In\u00edcio","item":"https:\/\/dualgree.com.br\/loja\/"},{"@type":"ListItem","position":2,"name":"Loja &#8211; Cat\u00e1logo de Pe\u00e7as","item":"https:\/\/dualgree.com.br\/loja\/"},{"@type":"ListItem","position":3,"name":"Rolamento Borracha Da Turbina Ar Condicionado Electrolux"}]},{"@type":"WebSite","@id":"https:\/\/dualgree.com.br\/loja\/#website","url":"https:\/\/dualgree.com.br\/loja\/","name":"Loja - Dual Gree Servi\u00e7os | Partes e Pe\u00e7as","description":"Catalogo de Pe\u00e7as para ar condicionado","publisher":{"@id":"https:\/\/dualgree.com.br\/loja\/#organization"},"potentialAction":[{"@type":"SearchAction","target":{"@type":"EntryPoint","urlTemplate":"https:\/\/dualgree.com.br\/loja\/?s={search_term_string}"},"query-input":{"@type":"PropertyValueSpecification","valueRequired":true,"valueName":"search_term_string"}}],"inLanguage":"pt-BR"},{"@type":"Organization","@id":"https:\/\/dualgree.com.br\/loja\/#organization","name":"Loja Dual Gree Servi\u00e7o","url":"https:\/\/dualgree.com.br\/loja\/","logo":{"@type":"ImageObject","inLanguage":"pt-BR","@id":"https:\/\/dualgree.com.br\/loja\/#\/schema\/logo\/image\/","url":"https:\/\/dualgree.com.br\/loja\/wp-content\/uploads\/2024\/09\/teste-logo-ecommerce-dual-1-e1725909304971.png","contentUrl":"https:\/\/dualgree.com.br\/loja\/wp-content\/uploads\/2024\/09\/teste-logo-ecommerce-dual-1-e1725909304971.png","width":470,"height":157,"caption":"Loja Dual Gree Servi\u00e7o"},"image":{"@id":"https:\/\/dualgree.com.br\/loja\/#\/schema\/logo\/image\/"}}]}},"jetpack_publicize_connections":[],"jetpack_sharing_enabled":true,"jetpack_likes_enabled":true,"_links":{"self":[{"href":"https:\/\/dualgree.com.br\/loja\/wp-json\/wp\/v2\/product\/2640","targetHints":{"allow":["GET"]}}],"collection":[{"href":"https:\/\/dualgree.com.br\/loja\/wp-json\/wp\/v2\/product"}],"about":[{"href":"https:\/\/dualgree.com.br\/loja\/wp-json\/wp\/v2\/types\/product"}],"replies":[{"embeddable":true,"href":"https:\/\/dualgree.com.br\/loja\/wp-json\/wp\/v2\/comments?post=2640"}],"wp:featuredmedia":[{"embeddable":true,"href":"https:\/\/dualgree.com.br\/loja\/wp-json\/wp\/v2\/media\/6853"}],"wp:attachment":[{"href":"https:\/\/dualgree.com.br\/loja\/wp-json\/wp\/v2\/media?parent=2640"}],"wp:term":[{"taxonomy":"product_brand","embeddable":true,"href":"https:\/\/dualgree.com.br\/loja\/wp-json\/wp\/v2\/product_brand?post=2640"},{"taxonomy":"product_cat","embeddable":true,"href":"https:\/\/dualgree.com.br\/loja\/wp-json\/wp\/v2\/product_cat?post=2640"},{"taxonomy":"product_tag","embeddable":true,"href":"https:\/\/dualgree.com.br\/loja\/wp-json\/wp\/v2\/product_tag?post=2640"}],"curies":[{"name":"wp","href":"https:\/\/api.w.org\/{rel}","templated":true}]}}