{"id":2751,"date":"2023-11-10T11:53:15","date_gmt":"2023-11-10T11:53:15","guid":{"rendered":"https:\/\/dualgree.com.br\/loja\/produto\/turbina-evaporadora-ar-condicionado-samsung-9000-12000-btus\/"},"modified":"2026-04-13T17:24:40","modified_gmt":"2026-04-13T17:24:40","slug":"turbina-evaporadora-ar-condicionado-samsung-9000-12000-btus","status":"publish","type":"product","link":"https:\/\/dualgree.com.br\/loja\/produto\/turbina-evaporadora-ar-condicionado-samsung-9000-12000-btus\/","title":{"rendered":"Helice Turbina Para Evaporadora Ar Condicionado Split Samsun..."},"content":{"rendered":"<p>IC366-Turbina Para Evaporadora Ar Condicionado Split Samsung 9000btus 12000btus,<\/p>\n<p>Novo<\/p>\n<p>DB94-01874A<\/p>\n<p>Comprimento : 60,0cm<\/p>\n<p>Largura: 9,4cm<\/p>\n<p>Eixo: 0,8cm<\/p>\n<p>\u00a0<\/p>\n<p>Modelos compat\u00edveis:<\/p>\n<p>AQ09UBBNXAZ,<\/p>\n<p>AQ09UBTXAZ,<\/p>\n<p>AQ09UWBUXAZ,<\/p>\n<p>AQ12ESBANXAZ,<\/p>\n<p>AQ12ESBTXAZ,<\/p>\n<p>AQ12UBANXAZ,<\/p>\n<p>AQ12UBTXAZ,<\/p>\n<p>AQ12UWBUNXAZ,<\/p>\n<p>AQ12UWBUXAZ,<\/p>\n<p>AQ12UWBVXAZ,<\/p>\n<p>AQV09PSBTXAZ,<\/p>\n<p>AQV12PSBTXAZ,<\/p>\n<p>AR09HCSUAWQ\/AZ,<\/p>\n<p>AR09HCSUBWQ\/AZ,<\/p>\n<p>AR09HPSUAWQ\/AZ,<\/p>\n<p>AR09HSSPASN\/AZ,<\/p>\n<p>AR09HSSPBSN\/AZ,<\/p>\n<p>AR09HVSPASN\/AZ,<\/p>\n<p>AR09HVSPASNYAZ,<\/p>\n<p>AR09HVSPBSN\/AZ,<\/p>\n<p>AR09KCFUBWQNAZ,<\/p>\n<p>AR09KCSUBWQNAZ,<\/p>\n<p>AR09KPFUAWQNAZ,<\/p>\n<p>AR09KPSUAWQNAZ,<\/p>\n<p>AR09KSSPASNNAZ,<\/p>\n<p>AR09KSSPBGMNAZ,<\/p>\n<p>AR09KVSPBSNNAZ,<\/p>\n<p>AR09MSSPBGMNAZ,<\/p>\n<p>AR09MVSPBGMNAZ,<\/p>\n<p>AR12HCSUAWQ\/AZ,<\/p>\n<p>AR12HCSUAWQYAZ,<\/p>\n<p>AR12HPSUAWQ\/AZ,<\/p>\n<p>AR12HSSPASN\/AZ,<\/p>\n<p>AR12HVSPASN\/AZ,<\/p>\n<p>AR12HVSPBSN\/AZ,<\/p>\n<p>AR12JPSUAWQ\/AZ,<\/p>\n<p>AR12KCFUAWQNAZ,<\/p>\n<p>AR12KCSUAWQNAZ,<\/p>\n<p>AR12KPFUAWQNAZ,<\/p>\n<p>AR12KPSUAWQNAZ,<\/p>\n<p>AR12KSSPBGMNAZ,<\/p>\n<p>AR12KVSPBGMNAZ,<\/p>\n<p>AR12MSSPBGMNAZ,<\/p>\n<p>AR12MVSPBGMNAZ,<\/p>\n<p>AR12NVFPCWKNAZ,<\/p>\n<p>AS09ESBANXAZ,<\/p>\n<p>AS09ESBTXAZ,<\/p>\n<p>AS09UBANXAZ,<\/p>\n<p>AS09UBBNXAZ,<\/p>\n<p>AS09UBTXAZ,<\/p>\n<p>AS09UWBUXAZ,<\/p>\n<p>AS09UWBVXAZ,<\/p>\n<p>AS12ESBANXAZ,<\/p>\n<p>AS12ESBTXAZ,<\/p>\n<p>AS12ESBTNXAZ,<\/p>\n<p>AS12ESBTXXAZ<\/p>\n<p>AS12UBANXAZ,<\/p>\n<p>AS12UBBNXAZ,<\/p>\n<p>AS12UBTXAZ,<\/p>\n<p>AS12UWBUXAZ,<\/p>\n<p>ASV09PSBTXAZ,<\/p>\n<p>ASV09PSBUN2XAZ,<\/p>\n<p>ASV09PSBUXAZ,<\/p>\n<p>ASV12PSBTXAZ,<\/p>\n<p>AJ007NBRDCH\/AZ,<\/p>\n<p>AJ009JBRDCH\/AZ,<\/p>\n<p>AJ009NBRDCH\/AZ,<\/p>\n<p>AJ012JBRDCH\/AZ,<\/p>\n<p>AJ012NBRDCH\/AZ,<\/p>\n<p>AM007KNQDCH\/AZ,<\/p>\n<p>AM009KNQDCH\/AZ,<\/p>\n<p>AM012KNQDCH\/AZ,<\/p>\n<p>AQ09ESBTNXAZ,<\/p>\n<p>AQ09ESBTXAZ.<\/p>\n","protected":false},"excerpt":{"rendered":"<p>IC366 -Turbina para ar condicionado evaporadora split Samsung 9000btus 12000btus,<\/p>\n<p>\u00a0<\/p>\n<p>Modelos compat\u00edveis &#8211; Ar Condicionado Split:<\/p>\n<p>\u00a0<\/p>\n<p>Comprimento : 60cm,<\/p>\n<p>Largura\u00a0 \u00a0 \u00a0 \u00a0 \u00a0: 9,4cm,<\/p>\n<p>AQ09UBBNXAZ,<br \/>AQ09UBTXAZ,<br \/>AQ09UWBUXAZ,<br \/>AQ12ESBANXAZ,<br \/>AQ12ESBTXAZ,<br \/>AQ12UBANXAZ,<br \/>AQ12UBTXAZ,<br \/>AQ12UWBUNXAZ,<br \/>AQ12UWBUXAZ,<br \/>AQ12UWBVXAZ,<br \/>AQV09PSBTXAZ,<br \/>AQV12PSBTXAZ,<br \/>AR09HCSUAWQ\/AZ,<br \/>AR09HCSUBWQ\/AZ,<br \/>AR09HPSUAWQ\/AZ,<br \/>AR09HSSPASN\/AZ,<br \/>AR09HSSPBSN\/AZ,<br \/>AR09HVSPASN\/AZ,<br \/>AR09HVSPASNYAZ,<br \/>AR09HVSPBSN\/AZ,<br \/>AR09KCFUBWQNAZ,<br \/>AR09KCSUBWQNAZ,<br \/>AR09KPFUAWQNAZ,<br \/>AR09KPSUAWQNAZ,<br \/>AR09KSSPASNNAZ,<br \/>AR09KSSPBGMNAZ,<br \/>AR09KVSPBSNNAZ,<br \/>AR09MSSPBGMNAZ,<br \/>AR09MVSPBGMNAZ,<br \/>AR12HCSUAWQ\/AZ,<br \/>AR12HCSUAWQYAZ,<br \/>AR12HPSUAWQ\/AZ,<br \/>AR12HSSPASN\/AZ,<br \/>AR12HVSPASN\/AZ,<br \/>AR12HVSPBSN\/AZ,<br \/>AR12JPSUAWQ\/AZ,<br \/>AR12KCFUAWQNAZ,<br \/>AR12KCSUAWQNAZ,<br \/>AR12KPFUAWQNAZ,<br \/>AR12KPSUAWQNAZ,<br \/>AR12KSSPBGMNAZ,<br \/>AR12KVSPBGMNAZ,<br \/>AR12MSSPBGMNAZ,<br \/>AR12MVSPBGMNAZ,<br \/>AR12NVFPCWKNAZ,<br \/>AS09ESBANXAZ,<br \/>AS09ESBTXAZ,<br \/>AS09UBANXAZ,<br \/>AS09UBBNXAZ,<br \/>AS09UBTXAZ,<br \/>AS09UWBUXAZ,<br \/>AS09UWBVXAZ,<br \/>AS12ESBANXAZ,<br \/>AS12ESBTXAZ,<br \/>AS12UBANXAZ,<br \/>AS12UBBNXAZ,<br \/>AS12UBTXAZ,<br \/>AS12UWBUXAZ,<br \/>ASV09PSBTXAZ,<br \/>ASV09PSBUN2XAZ,<br \/>ASV09PSBUXAZ,<br \/>ASV12PSBTXAZ,<br \/>AJ007NBRDCH\/AZ,<br \/>AJ009JBRDCH\/AZ,<br \/>AJ009NBRDCH\/AZ,<br \/>AJ012JBRDCH\/AZ,<br \/>AJ012NBRDCH\/AZ,<br \/>AM007KNQDCH\/AZ,<br \/>AM009KNQDCH\/AZ,<br \/>AM012KNQDCH\/AZ,<br \/>AQ09ESBTNXAZ,<br \/>AQ09ESBTXAZ,<\/p>\n<p>\u00a0<\/p>\n<p>\u00a0<\/p>\n","protected":false},"featured_media":9367,"comment_status":"open","ping_status":"closed","template":"","meta":{"_kadence_starter_templates_imported_post":false,"_kad_post_transparent":"","_kad_post_title":"","_kad_post_layout":"","_kad_post_sidebar_id":"","_kad_post_content_style":"","_kad_post_vertical_padding":"","_kad_post_feature":"","_kad_post_feature_position":"","_kad_post_header":false,"_kad_post_footer":false,"jetpack_publicize_message":"","jetpack_publicize_feature_enabled":true,"jetpack_social_post_already_shared":false,"jetpack_social_options":{"image_generator_settings":{"template":"highway","default_image_id":0,"font":"","enabled":false},"version":2}},"product_brand":[],"product_cat":[186,219],"product_tag":[],"class_list":{"0":"post-2751","1":"product","2":"type-product","3":"status-publish","4":"has-post-thumbnail","6":"product_cat-samsung","7":"product_cat-turbina-de-ventilacao-split","9":"first","10":"instock","11":"shipping-taxable","12":"purchasable","13":"product-type-simple","14":"entry","15":"content-bg","16":"loop-entry"},"yoast_head":"<!-- This site is optimized with the Yoast SEO plugin v27.5 - https:\/\/yoast.com\/product\/yoast-seo-wordpress\/ -->\n<title>Helice Turbina Para Evaporadora Ar Condicionado Split Samsung 9000btus 12000btus, - Loja - Dual Gree Servi\u00e7os | Pe\u00e7as<\/title>\n<meta name=\"robots\" content=\"index, follow, max-snippet:-1, max-image-preview:large, max-video-preview:-1\" \/>\n<link rel=\"canonical\" href=\"https:\/\/dualgree.com.br\/loja\/produto\/turbina-evaporadora-ar-condicionado-samsung-9000-12000-btus\/\" \/>\n<meta property=\"og:locale\" content=\"pt_BR\" \/>\n<meta property=\"og:type\" content=\"article\" \/>\n<meta property=\"og:title\" content=\"Helice Turbina Para Evaporadora Ar Condicionado Split Samsung 9000btus 12000btus, - Loja - Dual Gree Servi\u00e7os | Pe\u00e7as\" \/>\n<meta property=\"og:description\" content=\"IC366 -Turbina para ar condicionado evaporadora split Samsung 9000btus 12000btus, \u00a0 Modelos compat\u00edveis - Ar Condicionado Split: \u00a0 Comprimento : 60cm, Largura\u00a0 \u00a0 \u00a0 \u00a0 \u00a0: 9,4cm, AQ09UBBNXAZ,AQ09UBTXAZ,AQ09UWBUXAZ,AQ12ESBANXAZ,AQ12ESBTXAZ,AQ12UBANXAZ,AQ12UBTXAZ,AQ12UWBUNXAZ,AQ12UWBUXAZ,AQ12UWBVXAZ,AQV09PSBTXAZ,AQV12PSBTXAZ,AR09HCSUAWQ\/AZ,AR09HCSUBWQ\/AZ,AR09HPSUAWQ\/AZ,AR09HSSPASN\/AZ,AR09HSSPBSN\/AZ,AR09HVSPASN\/AZ,AR09HVSPASNYAZ,AR09HVSPBSN\/AZ,AR09KCFUBWQNAZ,AR09KCSUBWQNAZ,AR09KPFUAWQNAZ,AR09KPSUAWQNAZ,AR09KSSPASNNAZ,AR09KSSPBGMNAZ,AR09KVSPBSNNAZ,AR09MSSPBGMNAZ,AR09MVSPBGMNAZ,AR12HCSUAWQ\/AZ,AR12HCSUAWQYAZ,AR12HPSUAWQ\/AZ,AR12HSSPASN\/AZ,AR12HVSPASN\/AZ,AR12HVSPBSN\/AZ,AR12JPSUAWQ\/AZ,AR12KCFUAWQNAZ,AR12KCSUAWQNAZ,AR12KPFUAWQNAZ,AR12KPSUAWQNAZ,AR12KSSPBGMNAZ,AR12KVSPBGMNAZ,AR12MSSPBGMNAZ,AR12MVSPBGMNAZ,AR12NVFPCWKNAZ,AS09ESBANXAZ,AS09ESBTXAZ,AS09UBANXAZ,AS09UBBNXAZ,AS09UBTXAZ,AS09UWBUXAZ,AS09UWBVXAZ,AS12ESBANXAZ,AS12ESBTXAZ,AS12UBANXAZ,AS12UBBNXAZ,AS12UBTXAZ,AS12UWBUXAZ,ASV09PSBTXAZ,ASV09PSBUN2XAZ,ASV09PSBUXAZ,ASV12PSBTXAZ,AJ007NBRDCH\/AZ,AJ009JBRDCH\/AZ,AJ009NBRDCH\/AZ,AJ012JBRDCH\/AZ,AJ012NBRDCH\/AZ,AM007KNQDCH\/AZ,AM009KNQDCH\/AZ,AM012KNQDCH\/AZ,AQ09ESBTNXAZ,AQ09ESBTXAZ, \u00a0 \u00a0\" \/>\n<meta property=\"og:url\" content=\"https:\/\/dualgree.com.br\/loja\/produto\/turbina-evaporadora-ar-condicionado-samsung-9000-12000-btus\/\" \/>\n<meta property=\"og:site_name\" content=\"Loja - Dual Gree Servi\u00e7os | Pe\u00e7as\" \/>\n<meta property=\"article:modified_time\" content=\"2026-04-13T17:24:40+00:00\" \/>\n<meta property=\"og:image\" content=\"https:\/\/dualgree.com.br\/loja\/wp-content\/uploads\/2024\/12\/15225190550-turbina-samsung-9-12k.jpg\" \/>\n\t<meta property=\"og:image:width\" content=\"1280\" \/>\n\t<meta property=\"og:image:height\" content=\"1280\" \/>\n\t<meta property=\"og:image:type\" content=\"image\/jpeg\" \/>\n<meta name=\"twitter:card\" content=\"summary_large_image\" \/>\n<meta name=\"twitter:label1\" content=\"Est. tempo de leitura\" \/>\n\t<meta name=\"twitter:data1\" content=\"1 minuto\" \/>\n<script type=\"application\/ld+json\" class=\"yoast-schema-graph\">{\"@context\":\"https:\\\/\\\/schema.org\",\"@graph\":[{\"@type\":\"WebPage\",\"@id\":\"https:\\\/\\\/dualgree.com.br\\\/loja\\\/produto\\\/turbina-evaporadora-ar-condicionado-samsung-9000-12000-btus\\\/\",\"url\":\"https:\\\/\\\/dualgree.com.br\\\/loja\\\/produto\\\/turbina-evaporadora-ar-condicionado-samsung-9000-12000-btus\\\/\",\"name\":\"Helice Turbina Para Evaporadora Ar Condicionado Split Samsung 9000btus 12000btus, - Loja - Dual Gree Servi\u00e7os | Pe\u00e7as\",\"isPartOf\":{\"@id\":\"https:\\\/\\\/dualgree.com.br\\\/loja\\\/#website\"},\"primaryImageOfPage\":{\"@id\":\"https:\\\/\\\/dualgree.com.br\\\/loja\\\/produto\\\/turbina-evaporadora-ar-condicionado-samsung-9000-12000-btus\\\/#primaryimage\"},\"image\":{\"@id\":\"https:\\\/\\\/dualgree.com.br\\\/loja\\\/produto\\\/turbina-evaporadora-ar-condicionado-samsung-9000-12000-btus\\\/#primaryimage\"},\"thumbnailUrl\":\"https:\\\/\\\/dualgree.com.br\\\/loja\\\/wp-content\\\/uploads\\\/2025\\\/05\\\/15225190550-turbina-samsung-9-12k.jpg\",\"datePublished\":\"2023-11-10T11:53:15+00:00\",\"dateModified\":\"2026-04-13T17:24:40+00:00\",\"breadcrumb\":{\"@id\":\"https:\\\/\\\/dualgree.com.br\\\/loja\\\/produto\\\/turbina-evaporadora-ar-condicionado-samsung-9000-12000-btus\\\/#breadcrumb\"},\"inLanguage\":\"pt-BR\",\"potentialAction\":[{\"@type\":\"ReadAction\",\"target\":[\"https:\\\/\\\/dualgree.com.br\\\/loja\\\/produto\\\/turbina-evaporadora-ar-condicionado-samsung-9000-12000-btus\\\/\"]}]},{\"@type\":\"ImageObject\",\"inLanguage\":\"pt-BR\",\"@id\":\"https:\\\/\\\/dualgree.com.br\\\/loja\\\/produto\\\/turbina-evaporadora-ar-condicionado-samsung-9000-12000-btus\\\/#primaryimage\",\"url\":\"https:\\\/\\\/dualgree.com.br\\\/loja\\\/wp-content\\\/uploads\\\/2025\\\/05\\\/15225190550-turbina-samsung-9-12k.jpg\",\"contentUrl\":\"https:\\\/\\\/dualgree.com.br\\\/loja\\\/wp-content\\\/uploads\\\/2025\\\/05\\\/15225190550-turbina-samsung-9-12k.jpg\",\"width\":1280,\"height\":1280},{\"@type\":\"BreadcrumbList\",\"@id\":\"https:\\\/\\\/dualgree.com.br\\\/loja\\\/produto\\\/turbina-evaporadora-ar-condicionado-samsung-9000-12000-btus\\\/#breadcrumb\",\"itemListElement\":[{\"@type\":\"ListItem\",\"position\":1,\"name\":\"In\u00edcio\",\"item\":\"https:\\\/\\\/dualgree.com.br\\\/loja\\\/\"},{\"@type\":\"ListItem\",\"position\":2,\"name\":\"Loja &#8211; Cat\u00e1logo de Pe\u00e7as\",\"item\":\"https:\\\/\\\/dualgree.com.br\\\/loja\\\/\"},{\"@type\":\"ListItem\",\"position\":3,\"name\":\"Helice Turbina Para Evaporadora Ar Condicionado Split Samsun...\"}]},{\"@type\":\"WebSite\",\"@id\":\"https:\\\/\\\/dualgree.com.br\\\/loja\\\/#website\",\"url\":\"https:\\\/\\\/dualgree.com.br\\\/loja\\\/\",\"name\":\"Loja - Dual Gree Servi\u00e7os | Partes e Pe\u00e7as\",\"description\":\"Catalogo de Pe\u00e7as para ar condicionado\",\"publisher\":{\"@id\":\"https:\\\/\\\/dualgree.com.br\\\/loja\\\/#organization\"},\"potentialAction\":[{\"@type\":\"SearchAction\",\"target\":{\"@type\":\"EntryPoint\",\"urlTemplate\":\"https:\\\/\\\/dualgree.com.br\\\/loja\\\/?s={search_term_string}\"},\"query-input\":{\"@type\":\"PropertyValueSpecification\",\"valueRequired\":true,\"valueName\":\"search_term_string\"}}],\"inLanguage\":\"pt-BR\"},{\"@type\":\"Organization\",\"@id\":\"https:\\\/\\\/dualgree.com.br\\\/loja\\\/#organization\",\"name\":\"Loja Dual Gree Servi\u00e7o\",\"url\":\"https:\\\/\\\/dualgree.com.br\\\/loja\\\/\",\"logo\":{\"@type\":\"ImageObject\",\"inLanguage\":\"pt-BR\",\"@id\":\"https:\\\/\\\/dualgree.com.br\\\/loja\\\/#\\\/schema\\\/logo\\\/image\\\/\",\"url\":\"https:\\\/\\\/dualgree.com.br\\\/loja\\\/wp-content\\\/uploads\\\/2024\\\/09\\\/teste-logo-ecommerce-dual-1-e1725909304971.png\",\"contentUrl\":\"https:\\\/\\\/dualgree.com.br\\\/loja\\\/wp-content\\\/uploads\\\/2024\\\/09\\\/teste-logo-ecommerce-dual-1-e1725909304971.png\",\"width\":470,\"height\":157,\"caption\":\"Loja Dual Gree Servi\u00e7o\"},\"image\":{\"@id\":\"https:\\\/\\\/dualgree.com.br\\\/loja\\\/#\\\/schema\\\/logo\\\/image\\\/\"}}]}<\/script>\n<!-- \/ Yoast SEO plugin. -->","yoast_head_json":{"title":"Helice Turbina Para Evaporadora Ar Condicionado Split Samsung 9000btus 12000btus, - Loja - Dual Gree Servi\u00e7os | Pe\u00e7as","robots":{"index":"index","follow":"follow","max-snippet":"max-snippet:-1","max-image-preview":"max-image-preview:large","max-video-preview":"max-video-preview:-1"},"canonical":"https:\/\/dualgree.com.br\/loja\/produto\/turbina-evaporadora-ar-condicionado-samsung-9000-12000-btus\/","og_locale":"pt_BR","og_type":"article","og_title":"Helice Turbina Para Evaporadora Ar Condicionado Split Samsung 9000btus 12000btus, - Loja - Dual Gree Servi\u00e7os | Pe\u00e7as","og_description":"IC366 -Turbina para ar condicionado evaporadora split Samsung 9000btus 12000btus, \u00a0 Modelos compat\u00edveis - Ar Condicionado Split: \u00a0 Comprimento : 60cm, Largura\u00a0 \u00a0 \u00a0 \u00a0 \u00a0: 9,4cm, AQ09UBBNXAZ,AQ09UBTXAZ,AQ09UWBUXAZ,AQ12ESBANXAZ,AQ12ESBTXAZ,AQ12UBANXAZ,AQ12UBTXAZ,AQ12UWBUNXAZ,AQ12UWBUXAZ,AQ12UWBVXAZ,AQV09PSBTXAZ,AQV12PSBTXAZ,AR09HCSUAWQ\/AZ,AR09HCSUBWQ\/AZ,AR09HPSUAWQ\/AZ,AR09HSSPASN\/AZ,AR09HSSPBSN\/AZ,AR09HVSPASN\/AZ,AR09HVSPASNYAZ,AR09HVSPBSN\/AZ,AR09KCFUBWQNAZ,AR09KCSUBWQNAZ,AR09KPFUAWQNAZ,AR09KPSUAWQNAZ,AR09KSSPASNNAZ,AR09KSSPBGMNAZ,AR09KVSPBSNNAZ,AR09MSSPBGMNAZ,AR09MVSPBGMNAZ,AR12HCSUAWQ\/AZ,AR12HCSUAWQYAZ,AR12HPSUAWQ\/AZ,AR12HSSPASN\/AZ,AR12HVSPASN\/AZ,AR12HVSPBSN\/AZ,AR12JPSUAWQ\/AZ,AR12KCFUAWQNAZ,AR12KCSUAWQNAZ,AR12KPFUAWQNAZ,AR12KPSUAWQNAZ,AR12KSSPBGMNAZ,AR12KVSPBGMNAZ,AR12MSSPBGMNAZ,AR12MVSPBGMNAZ,AR12NVFPCWKNAZ,AS09ESBANXAZ,AS09ESBTXAZ,AS09UBANXAZ,AS09UBBNXAZ,AS09UBTXAZ,AS09UWBUXAZ,AS09UWBVXAZ,AS12ESBANXAZ,AS12ESBTXAZ,AS12UBANXAZ,AS12UBBNXAZ,AS12UBTXAZ,AS12UWBUXAZ,ASV09PSBTXAZ,ASV09PSBUN2XAZ,ASV09PSBUXAZ,ASV12PSBTXAZ,AJ007NBRDCH\/AZ,AJ009JBRDCH\/AZ,AJ009NBRDCH\/AZ,AJ012JBRDCH\/AZ,AJ012NBRDCH\/AZ,AM007KNQDCH\/AZ,AM009KNQDCH\/AZ,AM012KNQDCH\/AZ,AQ09ESBTNXAZ,AQ09ESBTXAZ, \u00a0 \u00a0","og_url":"https:\/\/dualgree.com.br\/loja\/produto\/turbina-evaporadora-ar-condicionado-samsung-9000-12000-btus\/","og_site_name":"Loja - Dual Gree Servi\u00e7os | Pe\u00e7as","article_modified_time":"2026-04-13T17:24:40+00:00","og_image":[{"width":1280,"height":1280,"url":"https:\/\/dualgree.com.br\/loja\/wp-content\/uploads\/2024\/12\/15225190550-turbina-samsung-9-12k.jpg","type":"image\/jpeg"}],"twitter_card":"summary_large_image","twitter_misc":{"Est. tempo de leitura":"1 minuto"},"schema":{"@context":"https:\/\/schema.org","@graph":[{"@type":"WebPage","@id":"https:\/\/dualgree.com.br\/loja\/produto\/turbina-evaporadora-ar-condicionado-samsung-9000-12000-btus\/","url":"https:\/\/dualgree.com.br\/loja\/produto\/turbina-evaporadora-ar-condicionado-samsung-9000-12000-btus\/","name":"Helice Turbina Para Evaporadora Ar Condicionado Split Samsung 9000btus 12000btus, - Loja - Dual Gree Servi\u00e7os | Pe\u00e7as","isPartOf":{"@id":"https:\/\/dualgree.com.br\/loja\/#website"},"primaryImageOfPage":{"@id":"https:\/\/dualgree.com.br\/loja\/produto\/turbina-evaporadora-ar-condicionado-samsung-9000-12000-btus\/#primaryimage"},"image":{"@id":"https:\/\/dualgree.com.br\/loja\/produto\/turbina-evaporadora-ar-condicionado-samsung-9000-12000-btus\/#primaryimage"},"thumbnailUrl":"https:\/\/dualgree.com.br\/loja\/wp-content\/uploads\/2025\/05\/15225190550-turbina-samsung-9-12k.jpg","datePublished":"2023-11-10T11:53:15+00:00","dateModified":"2026-04-13T17:24:40+00:00","breadcrumb":{"@id":"https:\/\/dualgree.com.br\/loja\/produto\/turbina-evaporadora-ar-condicionado-samsung-9000-12000-btus\/#breadcrumb"},"inLanguage":"pt-BR","potentialAction":[{"@type":"ReadAction","target":["https:\/\/dualgree.com.br\/loja\/produto\/turbina-evaporadora-ar-condicionado-samsung-9000-12000-btus\/"]}]},{"@type":"ImageObject","inLanguage":"pt-BR","@id":"https:\/\/dualgree.com.br\/loja\/produto\/turbina-evaporadora-ar-condicionado-samsung-9000-12000-btus\/#primaryimage","url":"https:\/\/dualgree.com.br\/loja\/wp-content\/uploads\/2025\/05\/15225190550-turbina-samsung-9-12k.jpg","contentUrl":"https:\/\/dualgree.com.br\/loja\/wp-content\/uploads\/2025\/05\/15225190550-turbina-samsung-9-12k.jpg","width":1280,"height":1280},{"@type":"BreadcrumbList","@id":"https:\/\/dualgree.com.br\/loja\/produto\/turbina-evaporadora-ar-condicionado-samsung-9000-12000-btus\/#breadcrumb","itemListElement":[{"@type":"ListItem","position":1,"name":"In\u00edcio","item":"https:\/\/dualgree.com.br\/loja\/"},{"@type":"ListItem","position":2,"name":"Loja &#8211; Cat\u00e1logo de Pe\u00e7as","item":"https:\/\/dualgree.com.br\/loja\/"},{"@type":"ListItem","position":3,"name":"Helice Turbina Para Evaporadora Ar Condicionado Split Samsun..."}]},{"@type":"WebSite","@id":"https:\/\/dualgree.com.br\/loja\/#website","url":"https:\/\/dualgree.com.br\/loja\/","name":"Loja - Dual Gree Servi\u00e7os | Partes e Pe\u00e7as","description":"Catalogo de Pe\u00e7as para ar condicionado","publisher":{"@id":"https:\/\/dualgree.com.br\/loja\/#organization"},"potentialAction":[{"@type":"SearchAction","target":{"@type":"EntryPoint","urlTemplate":"https:\/\/dualgree.com.br\/loja\/?s={search_term_string}"},"query-input":{"@type":"PropertyValueSpecification","valueRequired":true,"valueName":"search_term_string"}}],"inLanguage":"pt-BR"},{"@type":"Organization","@id":"https:\/\/dualgree.com.br\/loja\/#organization","name":"Loja Dual Gree Servi\u00e7o","url":"https:\/\/dualgree.com.br\/loja\/","logo":{"@type":"ImageObject","inLanguage":"pt-BR","@id":"https:\/\/dualgree.com.br\/loja\/#\/schema\/logo\/image\/","url":"https:\/\/dualgree.com.br\/loja\/wp-content\/uploads\/2024\/09\/teste-logo-ecommerce-dual-1-e1725909304971.png","contentUrl":"https:\/\/dualgree.com.br\/loja\/wp-content\/uploads\/2024\/09\/teste-logo-ecommerce-dual-1-e1725909304971.png","width":470,"height":157,"caption":"Loja Dual Gree Servi\u00e7o"},"image":{"@id":"https:\/\/dualgree.com.br\/loja\/#\/schema\/logo\/image\/"}}]}},"jetpack_publicize_connections":[],"jetpack_sharing_enabled":true,"jetpack_likes_enabled":true,"_links":{"self":[{"href":"https:\/\/dualgree.com.br\/loja\/wp-json\/wp\/v2\/product\/2751","targetHints":{"allow":["GET"]}}],"collection":[{"href":"https:\/\/dualgree.com.br\/loja\/wp-json\/wp\/v2\/product"}],"about":[{"href":"https:\/\/dualgree.com.br\/loja\/wp-json\/wp\/v2\/types\/product"}],"replies":[{"embeddable":true,"href":"https:\/\/dualgree.com.br\/loja\/wp-json\/wp\/v2\/comments?post=2751"}],"wp:featuredmedia":[{"embeddable":true,"href":"https:\/\/dualgree.com.br\/loja\/wp-json\/wp\/v2\/media\/9367"}],"wp:attachment":[{"href":"https:\/\/dualgree.com.br\/loja\/wp-json\/wp\/v2\/media?parent=2751"}],"wp:term":[{"taxonomy":"product_brand","embeddable":true,"href":"https:\/\/dualgree.com.br\/loja\/wp-json\/wp\/v2\/product_brand?post=2751"},{"taxonomy":"product_cat","embeddable":true,"href":"https:\/\/dualgree.com.br\/loja\/wp-json\/wp\/v2\/product_cat?post=2751"},{"taxonomy":"product_tag","embeddable":true,"href":"https:\/\/dualgree.com.br\/loja\/wp-json\/wp\/v2\/product_tag?post=2751"}],"curies":[{"name":"wp","href":"https:\/\/api.w.org\/{rel}","templated":true}]}}