{"id":2955,"date":"2023-11-28T12:00:27","date_gmt":"2023-11-28T12:00:27","guid":{"rendered":"https:\/\/dualgree.com.br\/loja\/produto\/motor-aleta-defletora-vane-ar-condicionado-consul-bem-estar\/"},"modified":"2026-04-02T12:11:55","modified_gmt":"2026-04-02T12:11:55","slug":"motor-aleta-defletora-vane-ar-condicionado-consul-bem-estar","status":"publish","type":"product","link":"https:\/\/dualgree.com.br\/loja\/produto\/motor-aleta-defletora-vane-ar-condicionado-consul-bem-estar\/","title":{"rendered":"Motor Aleta Defletora Vane Ar Condicionado Consul DG13B1-9"},"content":{"rendered":"<p>IC2411-Motor Da Aleta Step Da Evaporadora Ar Condicionado Compativel Com Consul<\/p>\n<p>ICF2411<\/p>\n<p>Novo<\/p>\n<p>\u00a0<\/p>\n<p>Etiqueta:<\/p>\n<p>MP24GA<\/p>\n<p>24BYJ48<\/p>\n<p>12VDC 200<\/p>\n<p>DG13B1-09<\/p>\n<p>\u00a0<\/p>\n<p>Cabo com tamanho:<\/p>\n<p>95cm<\/p>\n<p>\u00a0<\/p>\n<p>Modelos compativel:<\/p>\n<p>CBU12DBBNA,<\/p>\n<p>CBU12BBBNA,<\/p>\n<p>CBU12CBBNA,<\/p>\n<p>CBV12DBBNA,<\/p>\n<p>CBV12BBBNA,<\/p>\n<p>CBV12CBBNA,<\/p>\n<p>CB312CBBNA,<\/p>\n<p>CB312BBBNA,<\/p>\n<p>CBC12BBBNA,<\/p>\n<p>CBC12NBBNA,<\/p>\n<p>Brastemp &#8211; BBF12BBBNA,<\/p>\n<p>CBF12CBBNA.<\/p>\n<p>Consul \u2013 CBA12BBBNA,<\/p>\n","protected":false},"excerpt":{"rendered":"<p>IC2411-Motor Da Aleta Step Da Evaporadora Ar Condicionado Compativel Com Consul ICF2411 Novo \u00a0 Etiqueta: MP24GA 24BYJ48 12VDC 200 DG13B1-09 \u00a0 Cabo com tamanho: 95cm \u00a0 Modelos compativel: CBU12DBBNA, CBU12BBBNA, CBU12CBBNA, CBV12DBBNA, CBV12BBBNA, CBV12CBBNA, CB312CBBNA, CB312BBBNA, CBC12BBBNA, CBC12NBBNA, Brastemp &#8211; BBF12BBBNA, CBF12CBBNA. Consul \u2013 CBA12BBBNA,<\/p>\n","protected":false},"featured_media":8848,"comment_status":"open","ping_status":"closed","template":"","meta":{"_kadence_starter_templates_imported_post":false,"_kad_post_transparent":"","_kad_post_title":"","_kad_post_layout":"","_kad_post_sidebar_id":"","_kad_post_content_style":"","_kad_post_vertical_padding":"","_kad_post_feature":"","_kad_post_feature_position":"","_kad_post_header":false,"_kad_post_footer":false,"jetpack_publicize_message":"","jetpack_publicize_feature_enabled":true,"jetpack_social_post_already_shared":false,"jetpack_social_options":{"image_generator_settings":{"template":"highway","default_image_id":0,"font":"","enabled":false},"version":2}},"product_brand":[],"product_cat":[15],"product_tag":[],"class_list":{"0":"post-2955","1":"product","2":"type-product","3":"status-publish","4":"has-post-thumbnail","6":"product_cat-sem-categoria","8":"first","9":"outofstock","10":"shipping-taxable","11":"purchasable","12":"product-type-simple","13":"entry","14":"content-bg","15":"loop-entry"},"yoast_head":"<!-- This site is optimized with the Yoast SEO plugin v27.5 - https:\/\/yoast.com\/product\/yoast-seo-wordpress\/ -->\n<title>Motor Aleta Defletora Vane Ar Condicionado Consul DG13B1-9 - Loja - Dual Gree Servi\u00e7os | Pe\u00e7as<\/title>\n<meta name=\"description\" content=\"Motor Aleta Defletora Vane Ar Condicionado Consul Bem Estar\" \/>\n<meta name=\"robots\" content=\"index, follow, max-snippet:-1, max-image-preview:large, max-video-preview:-1\" \/>\n<link rel=\"canonical\" href=\"https:\/\/dualgree.com.br\/loja\/produto\/motor-aleta-defletora-vane-ar-condicionado-consul-bem-estar\/\" \/>\n<meta property=\"og:locale\" content=\"pt_BR\" \/>\n<meta property=\"og:type\" content=\"article\" \/>\n<meta property=\"og:title\" content=\"Motor Aleta Defletora Vane Ar Condicionado Consul DG13B1-9 - Loja - Dual Gree Servi\u00e7os | Pe\u00e7as\" \/>\n<meta property=\"og:description\" content=\"Motor Aleta Defletora Vane Ar Condicionado Consul Bem Estar\" \/>\n<meta property=\"og:url\" content=\"https:\/\/dualgree.com.br\/loja\/produto\/motor-aleta-defletora-vane-ar-condicionado-consul-bem-estar\/\" \/>\n<meta property=\"og:site_name\" content=\"Loja - Dual Gree Servi\u00e7os | Pe\u00e7as\" \/>\n<meta property=\"article:modified_time\" content=\"2026-04-02T12:11:55+00:00\" \/>\n<meta property=\"og:image\" content=\"https:\/\/dualgree.com.br\/loja\/wp-content\/uploads\/2025\/01\/15229829503-ic2411-motor-consul.jpg\" \/>\n\t<meta property=\"og:image:width\" content=\"476\" \/>\n\t<meta property=\"og:image:height\" content=\"447\" \/>\n\t<meta property=\"og:image:type\" content=\"image\/jpeg\" \/>\n<meta name=\"twitter:card\" content=\"summary_large_image\" \/>\n<meta name=\"twitter:label1\" content=\"Est. tempo de leitura\" \/>\n\t<meta name=\"twitter:data1\" content=\"1 minuto\" \/>\n<script type=\"application\/ld+json\" class=\"yoast-schema-graph\">{\"@context\":\"https:\\\/\\\/schema.org\",\"@graph\":[{\"@type\":\"WebPage\",\"@id\":\"https:\\\/\\\/dualgree.com.br\\\/loja\\\/produto\\\/motor-aleta-defletora-vane-ar-condicionado-consul-bem-estar\\\/\",\"url\":\"https:\\\/\\\/dualgree.com.br\\\/loja\\\/produto\\\/motor-aleta-defletora-vane-ar-condicionado-consul-bem-estar\\\/\",\"name\":\"Motor Aleta Defletora Vane Ar Condicionado Consul DG13B1-9 - Loja - Dual Gree Servi\u00e7os | Pe\u00e7as\",\"isPartOf\":{\"@id\":\"https:\\\/\\\/dualgree.com.br\\\/loja\\\/#website\"},\"primaryImageOfPage\":{\"@id\":\"https:\\\/\\\/dualgree.com.br\\\/loja\\\/produto\\\/motor-aleta-defletora-vane-ar-condicionado-consul-bem-estar\\\/#primaryimage\"},\"image\":{\"@id\":\"https:\\\/\\\/dualgree.com.br\\\/loja\\\/produto\\\/motor-aleta-defletora-vane-ar-condicionado-consul-bem-estar\\\/#primaryimage\"},\"thumbnailUrl\":\"https:\\\/\\\/dualgree.com.br\\\/loja\\\/wp-content\\\/uploads\\\/2025\\\/01\\\/15229829503-ic2411-motor-consul.jpg\",\"datePublished\":\"2023-11-28T12:00:27+00:00\",\"dateModified\":\"2026-04-02T12:11:55+00:00\",\"description\":\"Motor Aleta Defletora Vane Ar Condicionado Consul Bem Estar\",\"breadcrumb\":{\"@id\":\"https:\\\/\\\/dualgree.com.br\\\/loja\\\/produto\\\/motor-aleta-defletora-vane-ar-condicionado-consul-bem-estar\\\/#breadcrumb\"},\"inLanguage\":\"pt-BR\",\"potentialAction\":[{\"@type\":\"ReadAction\",\"target\":[\"https:\\\/\\\/dualgree.com.br\\\/loja\\\/produto\\\/motor-aleta-defletora-vane-ar-condicionado-consul-bem-estar\\\/\"]}]},{\"@type\":\"ImageObject\",\"inLanguage\":\"pt-BR\",\"@id\":\"https:\\\/\\\/dualgree.com.br\\\/loja\\\/produto\\\/motor-aleta-defletora-vane-ar-condicionado-consul-bem-estar\\\/#primaryimage\",\"url\":\"https:\\\/\\\/dualgree.com.br\\\/loja\\\/wp-content\\\/uploads\\\/2025\\\/01\\\/15229829503-ic2411-motor-consul.jpg\",\"contentUrl\":\"https:\\\/\\\/dualgree.com.br\\\/loja\\\/wp-content\\\/uploads\\\/2025\\\/01\\\/15229829503-ic2411-motor-consul.jpg\",\"width\":476,\"height\":447},{\"@type\":\"BreadcrumbList\",\"@id\":\"https:\\\/\\\/dualgree.com.br\\\/loja\\\/produto\\\/motor-aleta-defletora-vane-ar-condicionado-consul-bem-estar\\\/#breadcrumb\",\"itemListElement\":[{\"@type\":\"ListItem\",\"position\":1,\"name\":\"In\u00edcio\",\"item\":\"https:\\\/\\\/dualgree.com.br\\\/loja\\\/\"},{\"@type\":\"ListItem\",\"position\":2,\"name\":\"Loja &#8211; Cat\u00e1logo de Pe\u00e7as\",\"item\":\"https:\\\/\\\/dualgree.com.br\\\/loja\\\/\"},{\"@type\":\"ListItem\",\"position\":3,\"name\":\"Motor Aleta Defletora Vane Ar Condicionado Consul DG13B1-9\"}]},{\"@type\":\"WebSite\",\"@id\":\"https:\\\/\\\/dualgree.com.br\\\/loja\\\/#website\",\"url\":\"https:\\\/\\\/dualgree.com.br\\\/loja\\\/\",\"name\":\"Loja - Dual Gree Servi\u00e7os | Partes e Pe\u00e7as\",\"description\":\"Catalogo de Pe\u00e7as para ar condicionado\",\"publisher\":{\"@id\":\"https:\\\/\\\/dualgree.com.br\\\/loja\\\/#organization\"},\"potentialAction\":[{\"@type\":\"SearchAction\",\"target\":{\"@type\":\"EntryPoint\",\"urlTemplate\":\"https:\\\/\\\/dualgree.com.br\\\/loja\\\/?s={search_term_string}\"},\"query-input\":{\"@type\":\"PropertyValueSpecification\",\"valueRequired\":true,\"valueName\":\"search_term_string\"}}],\"inLanguage\":\"pt-BR\"},{\"@type\":\"Organization\",\"@id\":\"https:\\\/\\\/dualgree.com.br\\\/loja\\\/#organization\",\"name\":\"Loja Dual Gree Servi\u00e7o\",\"url\":\"https:\\\/\\\/dualgree.com.br\\\/loja\\\/\",\"logo\":{\"@type\":\"ImageObject\",\"inLanguage\":\"pt-BR\",\"@id\":\"https:\\\/\\\/dualgree.com.br\\\/loja\\\/#\\\/schema\\\/logo\\\/image\\\/\",\"url\":\"https:\\\/\\\/dualgree.com.br\\\/loja\\\/wp-content\\\/uploads\\\/2024\\\/09\\\/teste-logo-ecommerce-dual-1-e1725909304971.png\",\"contentUrl\":\"https:\\\/\\\/dualgree.com.br\\\/loja\\\/wp-content\\\/uploads\\\/2024\\\/09\\\/teste-logo-ecommerce-dual-1-e1725909304971.png\",\"width\":470,\"height\":157,\"caption\":\"Loja Dual Gree Servi\u00e7o\"},\"image\":{\"@id\":\"https:\\\/\\\/dualgree.com.br\\\/loja\\\/#\\\/schema\\\/logo\\\/image\\\/\"}}]}<\/script>\n<!-- \/ Yoast SEO plugin. -->","yoast_head_json":{"title":"Motor Aleta Defletora Vane Ar Condicionado Consul DG13B1-9 - Loja - Dual Gree Servi\u00e7os | Pe\u00e7as","description":"Motor Aleta Defletora Vane Ar Condicionado Consul Bem Estar","robots":{"index":"index","follow":"follow","max-snippet":"max-snippet:-1","max-image-preview":"max-image-preview:large","max-video-preview":"max-video-preview:-1"},"canonical":"https:\/\/dualgree.com.br\/loja\/produto\/motor-aleta-defletora-vane-ar-condicionado-consul-bem-estar\/","og_locale":"pt_BR","og_type":"article","og_title":"Motor Aleta Defletora Vane Ar Condicionado Consul DG13B1-9 - Loja - Dual Gree Servi\u00e7os | Pe\u00e7as","og_description":"Motor Aleta Defletora Vane Ar Condicionado Consul Bem Estar","og_url":"https:\/\/dualgree.com.br\/loja\/produto\/motor-aleta-defletora-vane-ar-condicionado-consul-bem-estar\/","og_site_name":"Loja - Dual Gree Servi\u00e7os | Pe\u00e7as","article_modified_time":"2026-04-02T12:11:55+00:00","og_image":[{"width":476,"height":447,"url":"https:\/\/dualgree.com.br\/loja\/wp-content\/uploads\/2025\/01\/15229829503-ic2411-motor-consul.jpg","type":"image\/jpeg"}],"twitter_card":"summary_large_image","twitter_misc":{"Est. tempo de leitura":"1 minuto"},"schema":{"@context":"https:\/\/schema.org","@graph":[{"@type":"WebPage","@id":"https:\/\/dualgree.com.br\/loja\/produto\/motor-aleta-defletora-vane-ar-condicionado-consul-bem-estar\/","url":"https:\/\/dualgree.com.br\/loja\/produto\/motor-aleta-defletora-vane-ar-condicionado-consul-bem-estar\/","name":"Motor Aleta Defletora Vane Ar Condicionado Consul DG13B1-9 - Loja - Dual Gree Servi\u00e7os | Pe\u00e7as","isPartOf":{"@id":"https:\/\/dualgree.com.br\/loja\/#website"},"primaryImageOfPage":{"@id":"https:\/\/dualgree.com.br\/loja\/produto\/motor-aleta-defletora-vane-ar-condicionado-consul-bem-estar\/#primaryimage"},"image":{"@id":"https:\/\/dualgree.com.br\/loja\/produto\/motor-aleta-defletora-vane-ar-condicionado-consul-bem-estar\/#primaryimage"},"thumbnailUrl":"https:\/\/dualgree.com.br\/loja\/wp-content\/uploads\/2025\/01\/15229829503-ic2411-motor-consul.jpg","datePublished":"2023-11-28T12:00:27+00:00","dateModified":"2026-04-02T12:11:55+00:00","description":"Motor Aleta Defletora Vane Ar Condicionado Consul Bem Estar","breadcrumb":{"@id":"https:\/\/dualgree.com.br\/loja\/produto\/motor-aleta-defletora-vane-ar-condicionado-consul-bem-estar\/#breadcrumb"},"inLanguage":"pt-BR","potentialAction":[{"@type":"ReadAction","target":["https:\/\/dualgree.com.br\/loja\/produto\/motor-aleta-defletora-vane-ar-condicionado-consul-bem-estar\/"]}]},{"@type":"ImageObject","inLanguage":"pt-BR","@id":"https:\/\/dualgree.com.br\/loja\/produto\/motor-aleta-defletora-vane-ar-condicionado-consul-bem-estar\/#primaryimage","url":"https:\/\/dualgree.com.br\/loja\/wp-content\/uploads\/2025\/01\/15229829503-ic2411-motor-consul.jpg","contentUrl":"https:\/\/dualgree.com.br\/loja\/wp-content\/uploads\/2025\/01\/15229829503-ic2411-motor-consul.jpg","width":476,"height":447},{"@type":"BreadcrumbList","@id":"https:\/\/dualgree.com.br\/loja\/produto\/motor-aleta-defletora-vane-ar-condicionado-consul-bem-estar\/#breadcrumb","itemListElement":[{"@type":"ListItem","position":1,"name":"In\u00edcio","item":"https:\/\/dualgree.com.br\/loja\/"},{"@type":"ListItem","position":2,"name":"Loja &#8211; Cat\u00e1logo de Pe\u00e7as","item":"https:\/\/dualgree.com.br\/loja\/"},{"@type":"ListItem","position":3,"name":"Motor Aleta Defletora Vane Ar Condicionado Consul DG13B1-9"}]},{"@type":"WebSite","@id":"https:\/\/dualgree.com.br\/loja\/#website","url":"https:\/\/dualgree.com.br\/loja\/","name":"Loja - Dual Gree Servi\u00e7os | Partes e Pe\u00e7as","description":"Catalogo de Pe\u00e7as para ar condicionado","publisher":{"@id":"https:\/\/dualgree.com.br\/loja\/#organization"},"potentialAction":[{"@type":"SearchAction","target":{"@type":"EntryPoint","urlTemplate":"https:\/\/dualgree.com.br\/loja\/?s={search_term_string}"},"query-input":{"@type":"PropertyValueSpecification","valueRequired":true,"valueName":"search_term_string"}}],"inLanguage":"pt-BR"},{"@type":"Organization","@id":"https:\/\/dualgree.com.br\/loja\/#organization","name":"Loja Dual Gree Servi\u00e7o","url":"https:\/\/dualgree.com.br\/loja\/","logo":{"@type":"ImageObject","inLanguage":"pt-BR","@id":"https:\/\/dualgree.com.br\/loja\/#\/schema\/logo\/image\/","url":"https:\/\/dualgree.com.br\/loja\/wp-content\/uploads\/2024\/09\/teste-logo-ecommerce-dual-1-e1725909304971.png","contentUrl":"https:\/\/dualgree.com.br\/loja\/wp-content\/uploads\/2024\/09\/teste-logo-ecommerce-dual-1-e1725909304971.png","width":470,"height":157,"caption":"Loja Dual Gree Servi\u00e7o"},"image":{"@id":"https:\/\/dualgree.com.br\/loja\/#\/schema\/logo\/image\/"}}]}},"jetpack_publicize_connections":[],"jetpack_sharing_enabled":true,"jetpack_likes_enabled":true,"_links":{"self":[{"href":"https:\/\/dualgree.com.br\/loja\/wp-json\/wp\/v2\/product\/2955","targetHints":{"allow":["GET"]}}],"collection":[{"href":"https:\/\/dualgree.com.br\/loja\/wp-json\/wp\/v2\/product"}],"about":[{"href":"https:\/\/dualgree.com.br\/loja\/wp-json\/wp\/v2\/types\/product"}],"replies":[{"embeddable":true,"href":"https:\/\/dualgree.com.br\/loja\/wp-json\/wp\/v2\/comments?post=2955"}],"wp:featuredmedia":[{"embeddable":true,"href":"https:\/\/dualgree.com.br\/loja\/wp-json\/wp\/v2\/media\/8848"}],"wp:attachment":[{"href":"https:\/\/dualgree.com.br\/loja\/wp-json\/wp\/v2\/media?parent=2955"}],"wp:term":[{"taxonomy":"product_brand","embeddable":true,"href":"https:\/\/dualgree.com.br\/loja\/wp-json\/wp\/v2\/product_brand?post=2955"},{"taxonomy":"product_cat","embeddable":true,"href":"https:\/\/dualgree.com.br\/loja\/wp-json\/wp\/v2\/product_cat?post=2955"},{"taxonomy":"product_tag","embeddable":true,"href":"https:\/\/dualgree.com.br\/loja\/wp-json\/wp\/v2\/product_tag?post=2955"}],"curies":[{"name":"wp","href":"https:\/\/api.w.org\/{rel}","templated":true}]}}