{"id":3206,"date":"2024-01-10T17:34:09","date_gmt":"2024-01-10T17:34:09","guid":{"rendered":"https:\/\/dualgree.com.br\/loja\/produto\/motor-da-aleta-vermelho-ar-condicionadi-elgin-smfi24000-2\/"},"modified":"2026-03-27T12:25:08","modified_gmt":"2026-03-27T12:25:08","slug":"motor-da-aleta-vermelho-ar-condicionadi-elgin-smfi24000-2","status":"publish","type":"product","link":"https:\/\/dualgree.com.br\/loja\/produto\/motor-da-aleta-vermelho-ar-condicionadi-elgin-smfi24000-2\/","title":{"rendered":"Motor da aleta vermelho Ar condicionadi Elgin smfi24000-2"},"content":{"rendered":"","protected":false},"excerpt":{"rendered":"<h1 id=\"titulo_novo_produto\" data-i18n=\"Produto:productStepByStep.form.titleNewProduct\" style=\"font-size: var(--font-size-big);margin: 0px;font-family: var(--font-family-primary);color: #495769;padding: 0px;letter-spacing: var(--letter-spacing)\">Motor da aleta vermelho ar condicionado Elgin<\/h1>\n<h1 data-i18n=\"Produto:productStepByStep.form.titleNewProduct\" style=\"font-size: var(--font-size-big);margin: 0px;font-family: var(--font-family-primary);color: #495769;padding: 0px;letter-spacing: var(--letter-spacing)\"><\/h1>\n<h1 data-i18n=\"Produto:productStepByStep.form.titleNewProduct\" style=\"font-size: var(--font-size-big);margin: 0px;font-family: var(--font-family-primary);color: #495769;padding: 0px;letter-spacing: var(--letter-spacing)\">Compativel com\u00a0 os modelos<\/h1>\n<p>\u00a0<\/p>\n<h1 data-i18n=\"Produto:productStepByStep.form.titleNewProduct\" style=\"font-size: var(--font-size-big);margin: 0px;font-family: var(--font-family-primary);color: #495769;padding: 0px;letter-spacing: var(--letter-spacing)\">smfi24000-2,<\/h1>\n<h1 data-i18n=\"Produto:productStepByStep.form.titleNewProduct\" style=\"font-size: var(--font-size-big);margin: 0px;font-family: var(--font-family-primary);color: #495769;padding: 0px;letter-spacing: var(--letter-spacing)\">smfi18000-2,<\/h1>\n<h1 data-i18n=\"Produto:productStepByStep.form.titleNewProduct\" style=\"font-size: var(--font-size-big);margin: 0px;font-family: var(--font-family-primary);color: #495769;padding: 0px;letter-spacing: var(--letter-spacing)\">mp24j-A,<\/h1>\n<p>\u00a0<\/p>\n<p>Cabo 50cm borne vermelho<\/p>\n<p>Modelo do motor mp24j-A<\/p>\n","protected":false},"featured_media":3204,"comment_status":"open","ping_status":"closed","template":"","meta":{"_kadence_starter_templates_imported_post":false,"_kad_post_transparent":"","_kad_post_title":"","_kad_post_layout":"","_kad_post_sidebar_id":"","_kad_post_content_style":"","_kad_post_vertical_padding":"","_kad_post_feature":"","_kad_post_feature_position":"","_kad_post_header":false,"_kad_post_footer":false,"jetpack_publicize_message":"","jetpack_publicize_feature_enabled":true,"jetpack_social_post_already_shared":false,"jetpack_social_options":{"image_generator_settings":{"template":"highway","default_image_id":0,"font":"","enabled":false},"version":2}},"product_brand":[],"product_cat":[185,173],"product_tag":[144],"class_list":{"0":"post-3206","1":"product","2":"type-product","3":"status-publish","4":"has-post-thumbnail","6":"product_cat-elgin","7":"product_cat-motor-da-aleta-split","8":"product_tag-motor-da-aleta-ar-condicionado-elgin","10":"first","11":"instock","12":"shipping-taxable","13":"purchasable","14":"product-type-simple","15":"entry","16":"content-bg","17":"loop-entry"},"yoast_head":"<!-- This site is optimized with the Yoast SEO plugin v27.4 - https:\/\/yoast.com\/product\/yoast-seo-wordpress\/ -->\n<title>Motor da aleta vermelho Ar condicionadi Elgin smfi24000-2 - Loja - Dual Gree Servi\u00e7os | Pe\u00e7as<\/title>\n<meta name=\"robots\" content=\"index, follow, max-snippet:-1, max-image-preview:large, max-video-preview:-1\" \/>\n<link rel=\"canonical\" href=\"https:\/\/dualgree.com.br\/loja\/produto\/motor-da-aleta-vermelho-ar-condicionadi-elgin-smfi24000-2\/\" \/>\n<meta property=\"og:locale\" content=\"pt_BR\" \/>\n<meta property=\"og:type\" content=\"article\" \/>\n<meta property=\"og:title\" content=\"Motor da aleta vermelho Ar condicionadi Elgin smfi24000-2 - Loja - Dual Gree Servi\u00e7os | Pe\u00e7as\" \/>\n<meta property=\"og:description\" content=\"Motor da aleta vermelho ar condicionado Elgin  Compativel com\u00a0 os modelos \u00a0 smfi24000-2, smfi18000-2, mp24j-A, \u00a0 Cabo 50cm borne vermelhoModelo do motor mp24j-A\" \/>\n<meta property=\"og:url\" content=\"https:\/\/dualgree.com.br\/loja\/produto\/motor-da-aleta-vermelho-ar-condicionadi-elgin-smfi24000-2\/\" \/>\n<meta property=\"og:site_name\" content=\"Loja - Dual Gree Servi\u00e7os | Pe\u00e7as\" \/>\n<meta property=\"article:modified_time\" content=\"2026-03-27T12:25:08+00:00\" \/>\n<meta property=\"og:image\" content=\"https:\/\/dualgree.com.br\/loja\/wp-content\/uploads\/2024\/01\/15243708791_3210-Motor20da20aleta20vermelho20elgin20smfi24000-220smfi18000-220mp24j-A.jpeg\" \/>\n\t<meta property=\"og:image:width\" content=\"1280\" \/>\n\t<meta property=\"og:image:height\" content=\"1280\" \/>\n\t<meta property=\"og:image:type\" content=\"image\/jpeg\" \/>\n<meta name=\"twitter:card\" content=\"summary_large_image\" \/>\n<script type=\"application\/ld+json\" class=\"yoast-schema-graph\">{\"@context\":\"https:\\\/\\\/schema.org\",\"@graph\":[{\"@type\":\"WebPage\",\"@id\":\"https:\\\/\\\/dualgree.com.br\\\/loja\\\/produto\\\/motor-da-aleta-vermelho-ar-condicionadi-elgin-smfi24000-2\\\/\",\"url\":\"https:\\\/\\\/dualgree.com.br\\\/loja\\\/produto\\\/motor-da-aleta-vermelho-ar-condicionadi-elgin-smfi24000-2\\\/\",\"name\":\"Motor da aleta vermelho Ar condicionadi Elgin smfi24000-2 - Loja - Dual Gree Servi\u00e7os | Pe\u00e7as\",\"isPartOf\":{\"@id\":\"https:\\\/\\\/dualgree.com.br\\\/loja\\\/#website\"},\"primaryImageOfPage\":{\"@id\":\"https:\\\/\\\/dualgree.com.br\\\/loja\\\/produto\\\/motor-da-aleta-vermelho-ar-condicionadi-elgin-smfi24000-2\\\/#primaryimage\"},\"image\":{\"@id\":\"https:\\\/\\\/dualgree.com.br\\\/loja\\\/produto\\\/motor-da-aleta-vermelho-ar-condicionadi-elgin-smfi24000-2\\\/#primaryimage\"},\"thumbnailUrl\":\"https:\\\/\\\/dualgree.com.br\\\/loja\\\/wp-content\\\/uploads\\\/2024\\\/01\\\/15243708791_3210-Motor20da20aleta20vermelho20elgin20smfi24000-220smfi18000-220mp24j-A.jpeg\",\"datePublished\":\"2024-01-10T17:34:09+00:00\",\"dateModified\":\"2026-03-27T12:25:08+00:00\",\"breadcrumb\":{\"@id\":\"https:\\\/\\\/dualgree.com.br\\\/loja\\\/produto\\\/motor-da-aleta-vermelho-ar-condicionadi-elgin-smfi24000-2\\\/#breadcrumb\"},\"inLanguage\":\"pt-BR\",\"potentialAction\":[{\"@type\":\"ReadAction\",\"target\":[\"https:\\\/\\\/dualgree.com.br\\\/loja\\\/produto\\\/motor-da-aleta-vermelho-ar-condicionadi-elgin-smfi24000-2\\\/\"]}]},{\"@type\":\"ImageObject\",\"inLanguage\":\"pt-BR\",\"@id\":\"https:\\\/\\\/dualgree.com.br\\\/loja\\\/produto\\\/motor-da-aleta-vermelho-ar-condicionadi-elgin-smfi24000-2\\\/#primaryimage\",\"url\":\"https:\\\/\\\/dualgree.com.br\\\/loja\\\/wp-content\\\/uploads\\\/2024\\\/01\\\/15243708791_3210-Motor20da20aleta20vermelho20elgin20smfi24000-220smfi18000-220mp24j-A.jpeg\",\"contentUrl\":\"https:\\\/\\\/dualgree.com.br\\\/loja\\\/wp-content\\\/uploads\\\/2024\\\/01\\\/15243708791_3210-Motor20da20aleta20vermelho20elgin20smfi24000-220smfi18000-220mp24j-A.jpeg\",\"width\":1200,\"height\":1200},{\"@type\":\"BreadcrumbList\",\"@id\":\"https:\\\/\\\/dualgree.com.br\\\/loja\\\/produto\\\/motor-da-aleta-vermelho-ar-condicionadi-elgin-smfi24000-2\\\/#breadcrumb\",\"itemListElement\":[{\"@type\":\"ListItem\",\"position\":1,\"name\":\"In\u00edcio\",\"item\":\"https:\\\/\\\/dualgree.com.br\\\/loja\\\/\"},{\"@type\":\"ListItem\",\"position\":2,\"name\":\"Loja &#8211; Cat\u00e1logo de Pe\u00e7as\",\"item\":\"https:\\\/\\\/dualgree.com.br\\\/loja\\\/\"},{\"@type\":\"ListItem\",\"position\":3,\"name\":\"Motor da aleta vermelho Ar condicionadi Elgin smfi24000-2\"}]},{\"@type\":\"WebSite\",\"@id\":\"https:\\\/\\\/dualgree.com.br\\\/loja\\\/#website\",\"url\":\"https:\\\/\\\/dualgree.com.br\\\/loja\\\/\",\"name\":\"Loja - Dual Gree Servi\u00e7os | Partes e Pe\u00e7as\",\"description\":\"Catalogo de Pe\u00e7as para ar condicionado\",\"publisher\":{\"@id\":\"https:\\\/\\\/dualgree.com.br\\\/loja\\\/#organization\"},\"potentialAction\":[{\"@type\":\"SearchAction\",\"target\":{\"@type\":\"EntryPoint\",\"urlTemplate\":\"https:\\\/\\\/dualgree.com.br\\\/loja\\\/?s={search_term_string}\"},\"query-input\":{\"@type\":\"PropertyValueSpecification\",\"valueRequired\":true,\"valueName\":\"search_term_string\"}}],\"inLanguage\":\"pt-BR\"},{\"@type\":\"Organization\",\"@id\":\"https:\\\/\\\/dualgree.com.br\\\/loja\\\/#organization\",\"name\":\"Loja Dual Gree Servi\u00e7o\",\"url\":\"https:\\\/\\\/dualgree.com.br\\\/loja\\\/\",\"logo\":{\"@type\":\"ImageObject\",\"inLanguage\":\"pt-BR\",\"@id\":\"https:\\\/\\\/dualgree.com.br\\\/loja\\\/#\\\/schema\\\/logo\\\/image\\\/\",\"url\":\"https:\\\/\\\/dualgree.com.br\\\/loja\\\/wp-content\\\/uploads\\\/2024\\\/09\\\/teste-logo-ecommerce-dual-1-e1725909304971.png\",\"contentUrl\":\"https:\\\/\\\/dualgree.com.br\\\/loja\\\/wp-content\\\/uploads\\\/2024\\\/09\\\/teste-logo-ecommerce-dual-1-e1725909304971.png\",\"width\":470,\"height\":157,\"caption\":\"Loja Dual Gree Servi\u00e7o\"},\"image\":{\"@id\":\"https:\\\/\\\/dualgree.com.br\\\/loja\\\/#\\\/schema\\\/logo\\\/image\\\/\"}}]}<\/script>\n<!-- \/ Yoast SEO plugin. -->","yoast_head_json":{"title":"Motor da aleta vermelho Ar condicionadi Elgin smfi24000-2 - Loja - Dual Gree Servi\u00e7os | Pe\u00e7as","robots":{"index":"index","follow":"follow","max-snippet":"max-snippet:-1","max-image-preview":"max-image-preview:large","max-video-preview":"max-video-preview:-1"},"canonical":"https:\/\/dualgree.com.br\/loja\/produto\/motor-da-aleta-vermelho-ar-condicionadi-elgin-smfi24000-2\/","og_locale":"pt_BR","og_type":"article","og_title":"Motor da aleta vermelho Ar condicionadi Elgin smfi24000-2 - Loja - Dual Gree Servi\u00e7os | Pe\u00e7as","og_description":"Motor da aleta vermelho ar condicionado Elgin  Compativel com\u00a0 os modelos \u00a0 smfi24000-2, smfi18000-2, mp24j-A, \u00a0 Cabo 50cm borne vermelhoModelo do motor mp24j-A","og_url":"https:\/\/dualgree.com.br\/loja\/produto\/motor-da-aleta-vermelho-ar-condicionadi-elgin-smfi24000-2\/","og_site_name":"Loja - Dual Gree Servi\u00e7os | Pe\u00e7as","article_modified_time":"2026-03-27T12:25:08+00:00","og_image":[{"width":1280,"height":1280,"url":"https:\/\/dualgree.com.br\/loja\/wp-content\/uploads\/2024\/01\/15243708791_3210-Motor20da20aleta20vermelho20elgin20smfi24000-220smfi18000-220mp24j-A.jpeg","type":"image\/jpeg"}],"twitter_card":"summary_large_image","schema":{"@context":"https:\/\/schema.org","@graph":[{"@type":"WebPage","@id":"https:\/\/dualgree.com.br\/loja\/produto\/motor-da-aleta-vermelho-ar-condicionadi-elgin-smfi24000-2\/","url":"https:\/\/dualgree.com.br\/loja\/produto\/motor-da-aleta-vermelho-ar-condicionadi-elgin-smfi24000-2\/","name":"Motor da aleta vermelho Ar condicionadi Elgin smfi24000-2 - Loja - Dual Gree Servi\u00e7os | Pe\u00e7as","isPartOf":{"@id":"https:\/\/dualgree.com.br\/loja\/#website"},"primaryImageOfPage":{"@id":"https:\/\/dualgree.com.br\/loja\/produto\/motor-da-aleta-vermelho-ar-condicionadi-elgin-smfi24000-2\/#primaryimage"},"image":{"@id":"https:\/\/dualgree.com.br\/loja\/produto\/motor-da-aleta-vermelho-ar-condicionadi-elgin-smfi24000-2\/#primaryimage"},"thumbnailUrl":"https:\/\/dualgree.com.br\/loja\/wp-content\/uploads\/2024\/01\/15243708791_3210-Motor20da20aleta20vermelho20elgin20smfi24000-220smfi18000-220mp24j-A.jpeg","datePublished":"2024-01-10T17:34:09+00:00","dateModified":"2026-03-27T12:25:08+00:00","breadcrumb":{"@id":"https:\/\/dualgree.com.br\/loja\/produto\/motor-da-aleta-vermelho-ar-condicionadi-elgin-smfi24000-2\/#breadcrumb"},"inLanguage":"pt-BR","potentialAction":[{"@type":"ReadAction","target":["https:\/\/dualgree.com.br\/loja\/produto\/motor-da-aleta-vermelho-ar-condicionadi-elgin-smfi24000-2\/"]}]},{"@type":"ImageObject","inLanguage":"pt-BR","@id":"https:\/\/dualgree.com.br\/loja\/produto\/motor-da-aleta-vermelho-ar-condicionadi-elgin-smfi24000-2\/#primaryimage","url":"https:\/\/dualgree.com.br\/loja\/wp-content\/uploads\/2024\/01\/15243708791_3210-Motor20da20aleta20vermelho20elgin20smfi24000-220smfi18000-220mp24j-A.jpeg","contentUrl":"https:\/\/dualgree.com.br\/loja\/wp-content\/uploads\/2024\/01\/15243708791_3210-Motor20da20aleta20vermelho20elgin20smfi24000-220smfi18000-220mp24j-A.jpeg","width":1200,"height":1200},{"@type":"BreadcrumbList","@id":"https:\/\/dualgree.com.br\/loja\/produto\/motor-da-aleta-vermelho-ar-condicionadi-elgin-smfi24000-2\/#breadcrumb","itemListElement":[{"@type":"ListItem","position":1,"name":"In\u00edcio","item":"https:\/\/dualgree.com.br\/loja\/"},{"@type":"ListItem","position":2,"name":"Loja &#8211; Cat\u00e1logo de Pe\u00e7as","item":"https:\/\/dualgree.com.br\/loja\/"},{"@type":"ListItem","position":3,"name":"Motor da aleta vermelho Ar condicionadi Elgin smfi24000-2"}]},{"@type":"WebSite","@id":"https:\/\/dualgree.com.br\/loja\/#website","url":"https:\/\/dualgree.com.br\/loja\/","name":"Loja - Dual Gree Servi\u00e7os | Partes e Pe\u00e7as","description":"Catalogo de Pe\u00e7as para ar condicionado","publisher":{"@id":"https:\/\/dualgree.com.br\/loja\/#organization"},"potentialAction":[{"@type":"SearchAction","target":{"@type":"EntryPoint","urlTemplate":"https:\/\/dualgree.com.br\/loja\/?s={search_term_string}"},"query-input":{"@type":"PropertyValueSpecification","valueRequired":true,"valueName":"search_term_string"}}],"inLanguage":"pt-BR"},{"@type":"Organization","@id":"https:\/\/dualgree.com.br\/loja\/#organization","name":"Loja Dual Gree Servi\u00e7o","url":"https:\/\/dualgree.com.br\/loja\/","logo":{"@type":"ImageObject","inLanguage":"pt-BR","@id":"https:\/\/dualgree.com.br\/loja\/#\/schema\/logo\/image\/","url":"https:\/\/dualgree.com.br\/loja\/wp-content\/uploads\/2024\/09\/teste-logo-ecommerce-dual-1-e1725909304971.png","contentUrl":"https:\/\/dualgree.com.br\/loja\/wp-content\/uploads\/2024\/09\/teste-logo-ecommerce-dual-1-e1725909304971.png","width":470,"height":157,"caption":"Loja Dual Gree Servi\u00e7o"},"image":{"@id":"https:\/\/dualgree.com.br\/loja\/#\/schema\/logo\/image\/"}}]}},"jetpack_publicize_connections":[],"jetpack_sharing_enabled":true,"jetpack_likes_enabled":true,"_links":{"self":[{"href":"https:\/\/dualgree.com.br\/loja\/wp-json\/wp\/v2\/product\/3206","targetHints":{"allow":["GET"]}}],"collection":[{"href":"https:\/\/dualgree.com.br\/loja\/wp-json\/wp\/v2\/product"}],"about":[{"href":"https:\/\/dualgree.com.br\/loja\/wp-json\/wp\/v2\/types\/product"}],"replies":[{"embeddable":true,"href":"https:\/\/dualgree.com.br\/loja\/wp-json\/wp\/v2\/comments?post=3206"}],"wp:featuredmedia":[{"embeddable":true,"href":"https:\/\/dualgree.com.br\/loja\/wp-json\/wp\/v2\/media\/3204"}],"wp:attachment":[{"href":"https:\/\/dualgree.com.br\/loja\/wp-json\/wp\/v2\/media?parent=3206"}],"wp:term":[{"taxonomy":"product_brand","embeddable":true,"href":"https:\/\/dualgree.com.br\/loja\/wp-json\/wp\/v2\/product_brand?post=3206"},{"taxonomy":"product_cat","embeddable":true,"href":"https:\/\/dualgree.com.br\/loja\/wp-json\/wp\/v2\/product_cat?post=3206"},{"taxonomy":"product_tag","embeddable":true,"href":"https:\/\/dualgree.com.br\/loja\/wp-json\/wp\/v2\/product_tag?post=3206"}],"curies":[{"name":"wp","href":"https:\/\/api.w.org\/{rel}","templated":true}]}}