{"id":3224,"date":"2024-01-11T19:24:18","date_gmt":"2024-01-11T19:24:18","guid":{"rendered":"https:\/\/dualgree.com.br\/loja\/produto\/sensor-evaporadora-ar-condicionado-vrf-hitachi-amarelo-thm5\/"},"modified":"2025-09-04T17:00:21","modified_gmt":"2025-09-04T17:00:21","slug":"sensor-evaporadora-ar-condicionado-vrf-hitachi-amarelo-thm5","status":"publish","type":"product","link":"https:\/\/dualgree.com.br\/loja\/produto\/sensor-evaporadora-ar-condicionado-vrf-hitachi-amarelo-thm5\/","title":{"rendered":"Sensor Evaporadora ar condicionado Vrf Hitachi Amarelo THM5"},"content":{"rendered":"","protected":false},"excerpt":{"rendered":"<p>IC1121 SENSOR HITACHI SPLIT VRF ORIGINAL\u00a0<\/p>\n<p>\u00a0<\/p>\n<p><span style=\"color: #444444;font-family: arial, tahoma, verdana, helvetica;font-size: 15.552px\">Sensor Do Vrf Hitachi Evaporadora Split Conector Amarelo<\/span><\/p>\n<p>RCI5,0FSNPG23WA2<br \/>RCI4,0FSNPG23WA2<br \/>RCI3,0FSNPG23WA2<br \/>RCI2,5FSNPG23WA2<br \/>RCI2,0FSNPG23WA2<br \/>RCI0,8FSNPG23WA2<br \/>RCI3,0FSG2PG23WA2<br \/>RCI2,5FSG2PG23WA2<br \/>RCI2,0FSG2PG23WA2<br \/>RCI1,5FSG2PG23WA2<br \/>RCI1,0FSG2PG23WA2<br \/>RCI3,0HRGPG23WA2<br \/>RCI2,5HRGPG23WA2<br \/>RPK0,8FSNSM1<br \/>RCI1,5FSNPG23WA2<br \/>RCI1,0FSNPG23WA2<br \/>RPK4,0FSNSM2<br \/>RPK3,0FSNSM2<br \/>RPK2,5FSNSM2<br \/>RPK2,0FSNSM2<br \/>RPK1,5FSNSM2<br \/>RPK1,0FSNSM2<br \/>RCI5,0FSN3B1<br \/>RCI4,0FSN3B1<br \/>RCI3,0FSN3B1<br \/>RCI2,5FSN3B1<br \/>RCI2,0FSN3B1<br \/>RCI1,5FSN3B1<br \/>RCI1,0FSN3B1<br \/>RCI5,0FSN3B<br \/>RCI4,0FSN3B<br \/>RCI3,0FSN3B<br \/>RCI2,5FSN3B<br \/>RCI2,0FSN3B<br \/>RCI1,5FSN3B<br \/>RCI1,0FSN3B<\/p>\n<p>Modelos atendidos: RCI1,0FSN3B2, RCI1,5FSN3B2, RCI2,0FSN3B2, RCI2,5FSN3B2, RCI3,0FSN3B2, RCI4,0FSN3B2, RCI5,0FSN3B2, RCI1,0FSN3B3, RCI1,5FSN3B3, RCI2,0FSN3B3, RCI2,5FSN3B3, RCI3,0FSN3B3, RCI4,0FSN3B3, RCI5,0FSN3B3, RCI1,0FSN3B4, RCI1,5FSN3B4, RCI2,0FSN3B4, RCI2,5FSN3B4, RCI3,0FSN3B4, RCI4,0FSN3B4, RCI5,0FSN3B4, RPC2,0FSN3B, RPC2,5FSN3B, RPC3,0FSN3B, RPC4,0FSN3B, RPC5,0FSN3B, RPC6,0FSN3B, RPC2,0FSN3B1, RPC2,5FSN3B1, RPC3,0FSN3B1, RPC4,0FSN3B1, RPC5,0FSN3B1, RPC6,0FSN3B1, RPC2,0FSN3B2, RPC2,5FSN3B2, RPC3,0FSN3B2, RPC4,0FSN3B2, RPC5,0FSN3B2, RPC6,0FSN3B2, RPC2,0FSN3B3, RPC2,5FSN3B3, RPC3,0FSN3B3, RPC4,0FSN3B3, RPC5,0FSN3B3, RPC6,0FSN3B3, RPI0,8FSN3B, RPI1,0FSN3B, RPI1,5FSN3B, RPI2,0FSN3B, RPI2,5FSN3B, RPI3,0FSN3B, RPI4,0FSN3B, RPI5,0FSN3B, RPI6,0FSN3B, RPI0,8FSN(P)3B, RPI1,0FSN(P)3B, RPI1,5FSN(P)3B, RPI2,0FSN(P)3B, RPI2,5FSN(P)3B, RPI3,0FSN(P)3B, RPI4,0FSN(P)3B, RPI5,0FSN(P)3B, RPI6,0FSN(P)3B, RPI0,8FSN3B1, RPI1,0FSN3B1, RPI1,5FSN3B1, RPI2,0FSN3B1, RPI2,5FSN3B1, RPI3,0FSN3B1, RPI4,0FSN3B1, RPI5,0FSN3B1, RPI6,0FSN3B1, RPI0,8FSN(P)3B1, RPI1,0FSN(P)3B1, RPI1,5FSN(P)3B1, RPI2,0FSN(P)3B1, RPI2,5FSN(P)3B1, RPI3,0FSN(P)3B1, RPI4,0FSN(P)3B1, RPI5,0FSN(P)3B1, RPI6,0FSN(P)3B1, RPI1,0FSN3B2, RPI1,5FSN3B2, RPI2,0FSN3B2, RPI2,5FSN3B2, RPI3,0FSN3B2, RPI4,0FSN3B2, RPI5,0FSN3B2, RPI6,0FSN3B2, RPI1,0FSN(P)3B2, RPI1,5FSN(P)3B2, RPI2,0FSN(P)3B2, RPI2,5FSN(P)3B2, RPI3,0FSN(P)3B2, RPI4,0FSN(P)3B2, RPI5,0FSN(P)3B2, RCI-1.0FSN3, RCI-1.5FSN3, RCI-2.0FSN3, RCI-2.5FSN3, RCI-3.0FSN3, RCI-4.0FSN3, RCI-5.0FSN3, RCI-6.0FSN3.<\/p>\n","protected":false},"featured_media":3223,"comment_status":"open","ping_status":"closed","template":"","meta":{"_kadence_starter_templates_imported_post":false,"_kad_post_transparent":"","_kad_post_title":"","_kad_post_layout":"","_kad_post_sidebar_id":"","_kad_post_content_style":"","_kad_post_vertical_padding":"","_kad_post_feature":"","_kad_post_feature_position":"","_kad_post_header":false,"_kad_post_footer":false,"jetpack_publicize_message":"","jetpack_publicize_feature_enabled":true,"jetpack_social_post_already_shared":false,"jetpack_social_options":{"image_generator_settings":{"template":"highway","default_image_id":0,"font":"","enabled":false},"version":2}},"product_brand":[],"product_cat":[174,214],"product_tag":[],"class_list":{"0":"post-3224","1":"product","2":"type-product","3":"status-publish","4":"has-post-thumbnail","6":"product_cat-hitachi","7":"product_cat-sensor-ambiente-evaporadora-split","9":"first","10":"instock","11":"shipping-taxable","12":"purchasable","13":"product-type-simple","14":"entry","15":"content-bg","16":"loop-entry"},"yoast_head":"<!-- This site is optimized with the Yoast SEO plugin v27.5 - https:\/\/yoast.com\/product\/yoast-seo-wordpress\/ -->\n<title>Sensor Evaporadora ar condicionado Vrf Hitachi Amarelo THM5 - Loja - Dual Gree Servi\u00e7os | Pe\u00e7as<\/title>\n<meta name=\"robots\" content=\"index, follow, max-snippet:-1, max-image-preview:large, max-video-preview:-1\" \/>\n<link rel=\"canonical\" href=\"https:\/\/dualgree.com.br\/loja\/produto\/sensor-evaporadora-ar-condicionado-vrf-hitachi-amarelo-thm5\/\" \/>\n<meta property=\"og:locale\" content=\"pt_BR\" \/>\n<meta property=\"og:type\" content=\"article\" \/>\n<meta property=\"og:title\" content=\"Sensor Evaporadora ar condicionado Vrf Hitachi Amarelo THM5 - Loja - Dual Gree Servi\u00e7os | Pe\u00e7as\" \/>\n<meta property=\"og:description\" content=\"IC1121 SENSOR HITACHI SPLIT VRF ORIGINAL\u00a0 \u00a0 Sensor Do Vrf Hitachi Evaporadora Split Conector AmareloRCI5,0FSNPG23WA2RCI4,0FSNPG23WA2RCI3,0FSNPG23WA2RCI2,5FSNPG23WA2RCI2,0FSNPG23WA2RCI0,8FSNPG23WA2RCI3,0FSG2PG23WA2RCI2,5FSG2PG23WA2RCI2,0FSG2PG23WA2RCI1,5FSG2PG23WA2RCI1,0FSG2PG23WA2RCI3,0HRGPG23WA2RCI2,5HRGPG23WA2RPK0,8FSNSM1RCI1,5FSNPG23WA2RCI1,0FSNPG23WA2RPK4,0FSNSM2RPK3,0FSNSM2RPK2,5FSNSM2RPK2,0FSNSM2RPK1,5FSNSM2RPK1,0FSNSM2RCI5,0FSN3B1RCI4,0FSN3B1RCI3,0FSN3B1RCI2,5FSN3B1RCI2,0FSN3B1RCI1,5FSN3B1RCI1,0FSN3B1RCI5,0FSN3BRCI4,0FSN3BRCI3,0FSN3BRCI2,5FSN3BRCI2,0FSN3BRCI1,5FSN3BRCI1,0FSN3BModelos atendidos: RCI1,0FSN3B2, RCI1,5FSN3B2, RCI2,0FSN3B2, RCI2,5FSN3B2, RCI3,0FSN3B2, RCI4,0FSN3B2, RCI5,0FSN3B2, RCI1,0FSN3B3, RCI1,5FSN3B3, RCI2,0FSN3B3, RCI2,5FSN3B3, RCI3,0FSN3B3, RCI4,0FSN3B3, RCI5,0FSN3B3, RCI1,0FSN3B4, RCI1,5FSN3B4, RCI2,0FSN3B4, RCI2,5FSN3B4, RCI3,0FSN3B4, RCI4,0FSN3B4, RCI5,0FSN3B4, RPC2,0FSN3B, RPC2,5FSN3B, RPC3,0FSN3B, RPC4,0FSN3B, RPC5,0FSN3B, RPC6,0FSN3B, RPC2,0FSN3B1, RPC2,5FSN3B1, RPC3,0FSN3B1, RPC4,0FSN3B1, RPC5,0FSN3B1, RPC6,0FSN3B1, RPC2,0FSN3B2, RPC2,5FSN3B2, RPC3,0FSN3B2, RPC4,0FSN3B2, RPC5,0FSN3B2, RPC6,0FSN3B2, RPC2,0FSN3B3, RPC2,5FSN3B3, RPC3,0FSN3B3, RPC4,0FSN3B3, RPC5,0FSN3B3, RPC6,0FSN3B3, RPI0,8FSN3B, RPI1,0FSN3B, RPI1,5FSN3B, RPI2,0FSN3B, RPI2,5FSN3B, RPI3,0FSN3B, RPI4,0FSN3B, RPI5,0FSN3B, RPI6,0FSN3B, RPI0,8FSN(P)3B, RPI1,0FSN(P)3B, RPI1,5FSN(P)3B, RPI2,0FSN(P)3B, RPI2,5FSN(P)3B, RPI3,0FSN(P)3B, RPI4,0FSN(P)3B, RPI5,0FSN(P)3B, RPI6,0FSN(P)3B, RPI0,8FSN3B1, RPI1,0FSN3B1, RPI1,5FSN3B1, RPI2,0FSN3B1, RPI2,5FSN3B1, RPI3,0FSN3B1, RPI4,0FSN3B1, RPI5,0FSN3B1, RPI6,0FSN3B1, RPI0,8FSN(P)3B1, RPI1,0FSN(P)3B1, RPI1,5FSN(P)3B1, RPI2,0FSN(P)3B1, RPI2,5FSN(P)3B1, RPI3,0FSN(P)3B1, RPI4,0FSN(P)3B1, RPI5,0FSN(P)3B1, RPI6,0FSN(P)3B1, RPI1,0FSN3B2, RPI1,5FSN3B2, RPI2,0FSN3B2, RPI2,5FSN3B2, RPI3,0FSN3B2, RPI4,0FSN3B2, RPI5,0FSN3B2, RPI6,0FSN3B2, RPI1,0FSN(P)3B2, RPI1,5FSN(P)3B2, RPI2,0FSN(P)3B2, RPI2,5FSN(P)3B2, RPI3,0FSN(P)3B2, RPI4,0FSN(P)3B2, RPI5,0FSN(P)3B2, RCI-1.0FSN3, RCI-1.5FSN3, RCI-2.0FSN3, RCI-2.5FSN3, RCI-3.0FSN3, RCI-4.0FSN3, RCI-5.0FSN3, RCI-6.0FSN3.\" \/>\n<meta property=\"og:url\" content=\"https:\/\/dualgree.com.br\/loja\/produto\/sensor-evaporadora-ar-condicionado-vrf-hitachi-amarelo-thm5\/\" \/>\n<meta property=\"og:site_name\" content=\"Loja - Dual Gree Servi\u00e7os | Pe\u00e7as\" \/>\n<meta property=\"article:modified_time\" content=\"2025-09-04T17:00:21+00:00\" \/>\n<meta property=\"og:image\" content=\"https:\/\/dualgree.com.br\/loja\/wp-content\/uploads\/2024\/01\/15243788868_DG1121-Placa20Evaporadora20ar20condicionado20Vrf20Hitachi20RPK1.0FSNSM3I.jpeg\" \/>\n\t<meta property=\"og:image:width\" content=\"1280\" \/>\n\t<meta property=\"og:image:height\" content=\"1280\" \/>\n\t<meta property=\"og:image:type\" content=\"image\/jpeg\" \/>\n<meta name=\"twitter:card\" content=\"summary_large_image\" \/>\n<script type=\"application\/ld+json\" class=\"yoast-schema-graph\">{\"@context\":\"https:\\\/\\\/schema.org\",\"@graph\":[{\"@type\":\"WebPage\",\"@id\":\"https:\\\/\\\/dualgree.com.br\\\/loja\\\/produto\\\/sensor-evaporadora-ar-condicionado-vrf-hitachi-amarelo-thm5\\\/\",\"url\":\"https:\\\/\\\/dualgree.com.br\\\/loja\\\/produto\\\/sensor-evaporadora-ar-condicionado-vrf-hitachi-amarelo-thm5\\\/\",\"name\":\"Sensor Evaporadora ar condicionado Vrf Hitachi Amarelo THM5 - Loja - Dual Gree Servi\u00e7os | Pe\u00e7as\",\"isPartOf\":{\"@id\":\"https:\\\/\\\/dualgree.com.br\\\/loja\\\/#website\"},\"primaryImageOfPage\":{\"@id\":\"https:\\\/\\\/dualgree.com.br\\\/loja\\\/produto\\\/sensor-evaporadora-ar-condicionado-vrf-hitachi-amarelo-thm5\\\/#primaryimage\"},\"image\":{\"@id\":\"https:\\\/\\\/dualgree.com.br\\\/loja\\\/produto\\\/sensor-evaporadora-ar-condicionado-vrf-hitachi-amarelo-thm5\\\/#primaryimage\"},\"thumbnailUrl\":\"https:\\\/\\\/dualgree.com.br\\\/loja\\\/wp-content\\\/uploads\\\/2024\\\/01\\\/15243788868_DG1121-Placa20Evaporadora20ar20condicionado20Vrf20Hitachi20RPK1.0FSNSM3I.jpeg\",\"datePublished\":\"2024-01-11T19:24:18+00:00\",\"dateModified\":\"2025-09-04T17:00:21+00:00\",\"breadcrumb\":{\"@id\":\"https:\\\/\\\/dualgree.com.br\\\/loja\\\/produto\\\/sensor-evaporadora-ar-condicionado-vrf-hitachi-amarelo-thm5\\\/#breadcrumb\"},\"inLanguage\":\"pt-BR\",\"potentialAction\":[{\"@type\":\"ReadAction\",\"target\":[\"https:\\\/\\\/dualgree.com.br\\\/loja\\\/produto\\\/sensor-evaporadora-ar-condicionado-vrf-hitachi-amarelo-thm5\\\/\"]}]},{\"@type\":\"ImageObject\",\"inLanguage\":\"pt-BR\",\"@id\":\"https:\\\/\\\/dualgree.com.br\\\/loja\\\/produto\\\/sensor-evaporadora-ar-condicionado-vrf-hitachi-amarelo-thm5\\\/#primaryimage\",\"url\":\"https:\\\/\\\/dualgree.com.br\\\/loja\\\/wp-content\\\/uploads\\\/2024\\\/01\\\/15243788868_DG1121-Placa20Evaporadora20ar20condicionado20Vrf20Hitachi20RPK1.0FSNSM3I.jpeg\",\"contentUrl\":\"https:\\\/\\\/dualgree.com.br\\\/loja\\\/wp-content\\\/uploads\\\/2024\\\/01\\\/15243788868_DG1121-Placa20Evaporadora20ar20condicionado20Vrf20Hitachi20RPK1.0FSNSM3I.jpeg\",\"width\":1200,\"height\":1200},{\"@type\":\"BreadcrumbList\",\"@id\":\"https:\\\/\\\/dualgree.com.br\\\/loja\\\/produto\\\/sensor-evaporadora-ar-condicionado-vrf-hitachi-amarelo-thm5\\\/#breadcrumb\",\"itemListElement\":[{\"@type\":\"ListItem\",\"position\":1,\"name\":\"In\u00edcio\",\"item\":\"https:\\\/\\\/dualgree.com.br\\\/loja\\\/\"},{\"@type\":\"ListItem\",\"position\":2,\"name\":\"Loja &#8211; Cat\u00e1logo de Pe\u00e7as\",\"item\":\"https:\\\/\\\/dualgree.com.br\\\/loja\\\/\"},{\"@type\":\"ListItem\",\"position\":3,\"name\":\"Sensor Evaporadora ar condicionado Vrf Hitachi Amarelo THM5\"}]},{\"@type\":\"WebSite\",\"@id\":\"https:\\\/\\\/dualgree.com.br\\\/loja\\\/#website\",\"url\":\"https:\\\/\\\/dualgree.com.br\\\/loja\\\/\",\"name\":\"Loja - Dual Gree Servi\u00e7os | Partes e Pe\u00e7as\",\"description\":\"Catalogo de Pe\u00e7as para ar condicionado\",\"publisher\":{\"@id\":\"https:\\\/\\\/dualgree.com.br\\\/loja\\\/#organization\"},\"potentialAction\":[{\"@type\":\"SearchAction\",\"target\":{\"@type\":\"EntryPoint\",\"urlTemplate\":\"https:\\\/\\\/dualgree.com.br\\\/loja\\\/?s={search_term_string}\"},\"query-input\":{\"@type\":\"PropertyValueSpecification\",\"valueRequired\":true,\"valueName\":\"search_term_string\"}}],\"inLanguage\":\"pt-BR\"},{\"@type\":\"Organization\",\"@id\":\"https:\\\/\\\/dualgree.com.br\\\/loja\\\/#organization\",\"name\":\"Loja Dual Gree Servi\u00e7o\",\"url\":\"https:\\\/\\\/dualgree.com.br\\\/loja\\\/\",\"logo\":{\"@type\":\"ImageObject\",\"inLanguage\":\"pt-BR\",\"@id\":\"https:\\\/\\\/dualgree.com.br\\\/loja\\\/#\\\/schema\\\/logo\\\/image\\\/\",\"url\":\"https:\\\/\\\/dualgree.com.br\\\/loja\\\/wp-content\\\/uploads\\\/2024\\\/09\\\/teste-logo-ecommerce-dual-1-e1725909304971.png\",\"contentUrl\":\"https:\\\/\\\/dualgree.com.br\\\/loja\\\/wp-content\\\/uploads\\\/2024\\\/09\\\/teste-logo-ecommerce-dual-1-e1725909304971.png\",\"width\":470,\"height\":157,\"caption\":\"Loja Dual Gree Servi\u00e7o\"},\"image\":{\"@id\":\"https:\\\/\\\/dualgree.com.br\\\/loja\\\/#\\\/schema\\\/logo\\\/image\\\/\"}}]}<\/script>\n<!-- \/ Yoast SEO plugin. -->","yoast_head_json":{"title":"Sensor Evaporadora ar condicionado Vrf Hitachi Amarelo THM5 - Loja - Dual Gree Servi\u00e7os | Pe\u00e7as","robots":{"index":"index","follow":"follow","max-snippet":"max-snippet:-1","max-image-preview":"max-image-preview:large","max-video-preview":"max-video-preview:-1"},"canonical":"https:\/\/dualgree.com.br\/loja\/produto\/sensor-evaporadora-ar-condicionado-vrf-hitachi-amarelo-thm5\/","og_locale":"pt_BR","og_type":"article","og_title":"Sensor Evaporadora ar condicionado Vrf Hitachi Amarelo THM5 - Loja - Dual Gree Servi\u00e7os | Pe\u00e7as","og_description":"IC1121 SENSOR HITACHI SPLIT VRF ORIGINAL\u00a0 \u00a0 Sensor Do Vrf Hitachi Evaporadora Split Conector AmareloRCI5,0FSNPG23WA2RCI4,0FSNPG23WA2RCI3,0FSNPG23WA2RCI2,5FSNPG23WA2RCI2,0FSNPG23WA2RCI0,8FSNPG23WA2RCI3,0FSG2PG23WA2RCI2,5FSG2PG23WA2RCI2,0FSG2PG23WA2RCI1,5FSG2PG23WA2RCI1,0FSG2PG23WA2RCI3,0HRGPG23WA2RCI2,5HRGPG23WA2RPK0,8FSNSM1RCI1,5FSNPG23WA2RCI1,0FSNPG23WA2RPK4,0FSNSM2RPK3,0FSNSM2RPK2,5FSNSM2RPK2,0FSNSM2RPK1,5FSNSM2RPK1,0FSNSM2RCI5,0FSN3B1RCI4,0FSN3B1RCI3,0FSN3B1RCI2,5FSN3B1RCI2,0FSN3B1RCI1,5FSN3B1RCI1,0FSN3B1RCI5,0FSN3BRCI4,0FSN3BRCI3,0FSN3BRCI2,5FSN3BRCI2,0FSN3BRCI1,5FSN3BRCI1,0FSN3BModelos atendidos: RCI1,0FSN3B2, RCI1,5FSN3B2, RCI2,0FSN3B2, RCI2,5FSN3B2, RCI3,0FSN3B2, RCI4,0FSN3B2, RCI5,0FSN3B2, RCI1,0FSN3B3, RCI1,5FSN3B3, RCI2,0FSN3B3, RCI2,5FSN3B3, RCI3,0FSN3B3, RCI4,0FSN3B3, RCI5,0FSN3B3, RCI1,0FSN3B4, RCI1,5FSN3B4, RCI2,0FSN3B4, RCI2,5FSN3B4, RCI3,0FSN3B4, RCI4,0FSN3B4, RCI5,0FSN3B4, RPC2,0FSN3B, RPC2,5FSN3B, RPC3,0FSN3B, RPC4,0FSN3B, RPC5,0FSN3B, RPC6,0FSN3B, RPC2,0FSN3B1, RPC2,5FSN3B1, RPC3,0FSN3B1, RPC4,0FSN3B1, RPC5,0FSN3B1, RPC6,0FSN3B1, RPC2,0FSN3B2, RPC2,5FSN3B2, RPC3,0FSN3B2, RPC4,0FSN3B2, RPC5,0FSN3B2, RPC6,0FSN3B2, RPC2,0FSN3B3, RPC2,5FSN3B3, RPC3,0FSN3B3, RPC4,0FSN3B3, RPC5,0FSN3B3, RPC6,0FSN3B3, RPI0,8FSN3B, RPI1,0FSN3B, RPI1,5FSN3B, RPI2,0FSN3B, RPI2,5FSN3B, RPI3,0FSN3B, RPI4,0FSN3B, RPI5,0FSN3B, RPI6,0FSN3B, RPI0,8FSN(P)3B, RPI1,0FSN(P)3B, RPI1,5FSN(P)3B, RPI2,0FSN(P)3B, RPI2,5FSN(P)3B, RPI3,0FSN(P)3B, RPI4,0FSN(P)3B, RPI5,0FSN(P)3B, RPI6,0FSN(P)3B, RPI0,8FSN3B1, RPI1,0FSN3B1, RPI1,5FSN3B1, RPI2,0FSN3B1, RPI2,5FSN3B1, RPI3,0FSN3B1, RPI4,0FSN3B1, RPI5,0FSN3B1, RPI6,0FSN3B1, RPI0,8FSN(P)3B1, RPI1,0FSN(P)3B1, RPI1,5FSN(P)3B1, RPI2,0FSN(P)3B1, RPI2,5FSN(P)3B1, RPI3,0FSN(P)3B1, RPI4,0FSN(P)3B1, RPI5,0FSN(P)3B1, RPI6,0FSN(P)3B1, RPI1,0FSN3B2, RPI1,5FSN3B2, RPI2,0FSN3B2, RPI2,5FSN3B2, RPI3,0FSN3B2, RPI4,0FSN3B2, RPI5,0FSN3B2, RPI6,0FSN3B2, RPI1,0FSN(P)3B2, RPI1,5FSN(P)3B2, RPI2,0FSN(P)3B2, RPI2,5FSN(P)3B2, RPI3,0FSN(P)3B2, RPI4,0FSN(P)3B2, RPI5,0FSN(P)3B2, RCI-1.0FSN3, RCI-1.5FSN3, RCI-2.0FSN3, RCI-2.5FSN3, RCI-3.0FSN3, RCI-4.0FSN3, RCI-5.0FSN3, RCI-6.0FSN3.","og_url":"https:\/\/dualgree.com.br\/loja\/produto\/sensor-evaporadora-ar-condicionado-vrf-hitachi-amarelo-thm5\/","og_site_name":"Loja - Dual Gree Servi\u00e7os | Pe\u00e7as","article_modified_time":"2025-09-04T17:00:21+00:00","og_image":[{"width":1280,"height":1280,"url":"https:\/\/dualgree.com.br\/loja\/wp-content\/uploads\/2024\/01\/15243788868_DG1121-Placa20Evaporadora20ar20condicionado20Vrf20Hitachi20RPK1.0FSNSM3I.jpeg","type":"image\/jpeg"}],"twitter_card":"summary_large_image","schema":{"@context":"https:\/\/schema.org","@graph":[{"@type":"WebPage","@id":"https:\/\/dualgree.com.br\/loja\/produto\/sensor-evaporadora-ar-condicionado-vrf-hitachi-amarelo-thm5\/","url":"https:\/\/dualgree.com.br\/loja\/produto\/sensor-evaporadora-ar-condicionado-vrf-hitachi-amarelo-thm5\/","name":"Sensor Evaporadora ar condicionado Vrf Hitachi Amarelo THM5 - Loja - Dual Gree Servi\u00e7os | Pe\u00e7as","isPartOf":{"@id":"https:\/\/dualgree.com.br\/loja\/#website"},"primaryImageOfPage":{"@id":"https:\/\/dualgree.com.br\/loja\/produto\/sensor-evaporadora-ar-condicionado-vrf-hitachi-amarelo-thm5\/#primaryimage"},"image":{"@id":"https:\/\/dualgree.com.br\/loja\/produto\/sensor-evaporadora-ar-condicionado-vrf-hitachi-amarelo-thm5\/#primaryimage"},"thumbnailUrl":"https:\/\/dualgree.com.br\/loja\/wp-content\/uploads\/2024\/01\/15243788868_DG1121-Placa20Evaporadora20ar20condicionado20Vrf20Hitachi20RPK1.0FSNSM3I.jpeg","datePublished":"2024-01-11T19:24:18+00:00","dateModified":"2025-09-04T17:00:21+00:00","breadcrumb":{"@id":"https:\/\/dualgree.com.br\/loja\/produto\/sensor-evaporadora-ar-condicionado-vrf-hitachi-amarelo-thm5\/#breadcrumb"},"inLanguage":"pt-BR","potentialAction":[{"@type":"ReadAction","target":["https:\/\/dualgree.com.br\/loja\/produto\/sensor-evaporadora-ar-condicionado-vrf-hitachi-amarelo-thm5\/"]}]},{"@type":"ImageObject","inLanguage":"pt-BR","@id":"https:\/\/dualgree.com.br\/loja\/produto\/sensor-evaporadora-ar-condicionado-vrf-hitachi-amarelo-thm5\/#primaryimage","url":"https:\/\/dualgree.com.br\/loja\/wp-content\/uploads\/2024\/01\/15243788868_DG1121-Placa20Evaporadora20ar20condicionado20Vrf20Hitachi20RPK1.0FSNSM3I.jpeg","contentUrl":"https:\/\/dualgree.com.br\/loja\/wp-content\/uploads\/2024\/01\/15243788868_DG1121-Placa20Evaporadora20ar20condicionado20Vrf20Hitachi20RPK1.0FSNSM3I.jpeg","width":1200,"height":1200},{"@type":"BreadcrumbList","@id":"https:\/\/dualgree.com.br\/loja\/produto\/sensor-evaporadora-ar-condicionado-vrf-hitachi-amarelo-thm5\/#breadcrumb","itemListElement":[{"@type":"ListItem","position":1,"name":"In\u00edcio","item":"https:\/\/dualgree.com.br\/loja\/"},{"@type":"ListItem","position":2,"name":"Loja &#8211; Cat\u00e1logo de Pe\u00e7as","item":"https:\/\/dualgree.com.br\/loja\/"},{"@type":"ListItem","position":3,"name":"Sensor Evaporadora ar condicionado Vrf Hitachi Amarelo THM5"}]},{"@type":"WebSite","@id":"https:\/\/dualgree.com.br\/loja\/#website","url":"https:\/\/dualgree.com.br\/loja\/","name":"Loja - Dual Gree Servi\u00e7os | Partes e Pe\u00e7as","description":"Catalogo de Pe\u00e7as para ar condicionado","publisher":{"@id":"https:\/\/dualgree.com.br\/loja\/#organization"},"potentialAction":[{"@type":"SearchAction","target":{"@type":"EntryPoint","urlTemplate":"https:\/\/dualgree.com.br\/loja\/?s={search_term_string}"},"query-input":{"@type":"PropertyValueSpecification","valueRequired":true,"valueName":"search_term_string"}}],"inLanguage":"pt-BR"},{"@type":"Organization","@id":"https:\/\/dualgree.com.br\/loja\/#organization","name":"Loja Dual Gree Servi\u00e7o","url":"https:\/\/dualgree.com.br\/loja\/","logo":{"@type":"ImageObject","inLanguage":"pt-BR","@id":"https:\/\/dualgree.com.br\/loja\/#\/schema\/logo\/image\/","url":"https:\/\/dualgree.com.br\/loja\/wp-content\/uploads\/2024\/09\/teste-logo-ecommerce-dual-1-e1725909304971.png","contentUrl":"https:\/\/dualgree.com.br\/loja\/wp-content\/uploads\/2024\/09\/teste-logo-ecommerce-dual-1-e1725909304971.png","width":470,"height":157,"caption":"Loja Dual Gree Servi\u00e7o"},"image":{"@id":"https:\/\/dualgree.com.br\/loja\/#\/schema\/logo\/image\/"}}]}},"jetpack_publicize_connections":[],"jetpack_sharing_enabled":true,"jetpack_likes_enabled":true,"_links":{"self":[{"href":"https:\/\/dualgree.com.br\/loja\/wp-json\/wp\/v2\/product\/3224","targetHints":{"allow":["GET"]}}],"collection":[{"href":"https:\/\/dualgree.com.br\/loja\/wp-json\/wp\/v2\/product"}],"about":[{"href":"https:\/\/dualgree.com.br\/loja\/wp-json\/wp\/v2\/types\/product"}],"replies":[{"embeddable":true,"href":"https:\/\/dualgree.com.br\/loja\/wp-json\/wp\/v2\/comments?post=3224"}],"wp:featuredmedia":[{"embeddable":true,"href":"https:\/\/dualgree.com.br\/loja\/wp-json\/wp\/v2\/media\/3223"}],"wp:attachment":[{"href":"https:\/\/dualgree.com.br\/loja\/wp-json\/wp\/v2\/media?parent=3224"}],"wp:term":[{"taxonomy":"product_brand","embeddable":true,"href":"https:\/\/dualgree.com.br\/loja\/wp-json\/wp\/v2\/product_brand?post=3224"},{"taxonomy":"product_cat","embeddable":true,"href":"https:\/\/dualgree.com.br\/loja\/wp-json\/wp\/v2\/product_cat?post=3224"},{"taxonomy":"product_tag","embeddable":true,"href":"https:\/\/dualgree.com.br\/loja\/wp-json\/wp\/v2\/product_tag?post=3224"}],"curies":[{"name":"wp","href":"https:\/\/api.w.org\/{rel}","templated":true}]}}