{"id":3472,"date":"2024-02-01T14:15:21","date_gmt":"2024-02-01T14:15:21","guid":{"rendered":"https:\/\/dualgree.com.br\/loja\/produto\/protecao-da-display-piso-teto-springer-carrier-11702458-42xqb030515lc\/"},"modified":"2024-08-23T16:29:40","modified_gmt":"2024-08-23T16:29:40","slug":"protecao-da-display-piso-teto-springer-carrier-11702458-42xqb030515lc","status":"publish","type":"product","link":"https:\/\/dualgree.com.br\/loja\/produto\/protecao-da-display-piso-teto-springer-carrier-11702458-42xqb030515lc\/","title":{"rendered":"PROTE\u00c7\u00c3O DA DISPLAY PISO TETO SPRINGER CARRIER 11702458 42..."},"content":{"rendered":"<p>PROTE\u00c7\u00c3O DA DISPLAY PISO TETO SPRINGER CARRIER 11702458 42XQB030515LC<\/p>\n","protected":false},"excerpt":{"rendered":"<p>Prote\u00e7\u00e3o da placa visor ar condicionado piso teto Springer Carrier 11702458<\/p>\n<p>42XQF036&#8212;701<\/p>\n<p>42XQF057&#8212;701<\/p>\n<p>42XQF072&#8212;701<\/p>\n<p>42XQI18C5<\/p>\n<p>42XQI24C5<\/p>\n<p>42XQI30C5<\/p>\n<p>42XQI36C5<\/p>\n<p>42XQI48C5<\/p>\n<p>42XQI60C5<\/p>\n<p>42XQL18C5<\/p>\n<p>42XQL24C5<\/p>\n<p>42XQL30C5<\/p>\n<p>42XQL36C5<\/p>\n<p>42XQL48C5<\/p>\n<p>42XQL60C5<\/p>\n<p>42XQM18C5<\/p>\n<p>42XQM24C5<\/p>\n<p>42XQM30C5<\/p>\n<p>42XQM36C5<\/p>\n<p>42XQM36C5-<\/p>\n<p>42XQM48C5<\/p>\n<p>42XQM60C5<\/p>\n<p>42XQN36C5<\/p>\n<p>42XQS36C5<\/p>\n<p>42XQS48C5<\/p>\n<p>42XQS60C5<\/p>\n<p>42XQV36C5<\/p>\n<p>42XQV60C5<\/p>\n<p>619FSQ036&#8212;SA<\/p>\n<p>619FSQ057&#8212;SA<\/p>\n<p>619FSQ072&#8212;SA<\/p>\n<p>42XQA018515KC<\/p>\n<p>42XQA018717LC<\/p>\n<p>42XQA024515KC<\/p>\n<p>42XQA024717LC<\/p>\n<p>42XQA030515KC<\/p>\n<p>42XQA030717LC<\/p>\n<p>42XQA036313LC<\/p>\n<p>42XQA036515KC<\/p>\n<p>42XQA036717LC<\/p>\n<p>42XQA048313LC<\/p>\n<p>42XQA048515KC<\/p>\n<p>42XQA048717LC<\/p>\n<p>42XQA057717LC<\/p>\n<p>42XQA060313LC<\/p>\n<p>42XQA060515KC<\/p>\n<p>42XQA060717LC<\/p>\n<p>42XQA072717LC<\/p>\n<p>42XQB018514LC<\/p>\n<p>42XQB018515LC<\/p>\n<p>42XQB018717LC<\/p>\n<p>42XQB024514LC<\/p>\n<p>42XQB024515LC<\/p>\n<p>42XQB024717LC<\/p>\n<p>42XQB030514LC<\/p>\n<p>42XQB030515LC<\/p>\n<p>42XQB036514LC<\/p>\n<p>42XQB036515LC<\/p>\n<p>42XQB036717LC<\/p>\n<p>42XQB048514LC<\/p>\n<p>42XQB048515LC<\/p>\n<p>42XQB048717LC<\/p>\n<p>42XQB057717LC<\/p>\n<p>42XQB060514LC<\/p>\n<p>42XQB060515LC<\/p>\n<p>42XQB072717LC<\/p>\n<p>42XQC018515LC<\/p>\n<p>42XQC024515LC<\/p>\n<p>42XQC030515LC<\/p>\n<p>42XQC036515LC<\/p>\n<p>42XQC036717LC<\/p>\n<p>42XQC048515LC<\/p>\n<p>42XQC048717LC<\/p>\n<p>42XQC060515LC<\/p>\n<p>42XQCA60515LC<\/p>\n<p>42XQD018515LC<\/p>\n<p>42XQD024515LC<\/p>\n<p>42XQD030515LC<\/p>\n<p>42XQD036515LC<\/p>\n<p>42XQD048515LC<\/p>\n<p>42XQD060515LC<\/p>\n<p>42XQDA60515LC<\/p>\n","protected":false},"featured_media":3470,"comment_status":"open","ping_status":"closed","template":"","meta":{"_kadence_starter_templates_imported_post":false,"_kad_post_transparent":"","_kad_post_title":"","_kad_post_layout":"","_kad_post_sidebar_id":"","_kad_post_content_style":"","_kad_post_vertical_padding":"","_kad_post_feature":"","_kad_post_feature_position":"","_kad_post_header":false,"_kad_post_footer":false,"jetpack_publicize_message":"","jetpack_publicize_feature_enabled":true,"jetpack_social_post_already_shared":false,"jetpack_social_options":{"image_generator_settings":{"template":"highway","default_image_id":0,"font":"","enabled":false},"version":2}},"product_brand":[],"product_cat":[206,179],"product_tag":[],"class_list":{"0":"post-3472","1":"product","2":"type-product","3":"status-publish","4":"has-post-thumbnail","6":"product_cat-protecao-da-placa-display","7":"product_cat-springer","9":"first","10":"outofstock","11":"shipping-taxable","12":"purchasable","13":"product-type-simple","14":"entry","15":"content-bg","16":"loop-entry"},"yoast_head":"<!-- This site is optimized with the Yoast SEO plugin v27.5 - https:\/\/yoast.com\/product\/yoast-seo-wordpress\/ -->\n<title>PROTE\u00c7\u00c3O DA DISPLAY PISO TETO SPRINGER CARRIER 11702458 42XQB030515LC - Loja - Dual Gree Servi\u00e7os | Pe\u00e7as<\/title>\n<meta name=\"description\" content=\"PROTE\u00c7\u00c3O DA DISPLAY PISO TETO SPRINGER CARRIER 11702458 42XQB030515LC\" \/>\n<meta name=\"robots\" content=\"index, follow, max-snippet:-1, max-image-preview:large, max-video-preview:-1\" \/>\n<link rel=\"canonical\" href=\"https:\/\/dualgree.com.br\/loja\/produto\/protecao-da-display-piso-teto-springer-carrier-11702458-42xqb030515lc\/\" \/>\n<meta property=\"og:locale\" content=\"pt_BR\" \/>\n<meta property=\"og:type\" content=\"article\" \/>\n<meta property=\"og:title\" content=\"PROTE\u00c7\u00c3O DA DISPLAY PISO TETO SPRINGER CARRIER 11702458 42XQB030515LC - Loja - Dual Gree Servi\u00e7os | Pe\u00e7as\" \/>\n<meta property=\"og:description\" content=\"PROTE\u00c7\u00c3O DA DISPLAY PISO TETO SPRINGER CARRIER 11702458 42XQB030515LC\" \/>\n<meta property=\"og:url\" content=\"https:\/\/dualgree.com.br\/loja\/produto\/protecao-da-display-piso-teto-springer-carrier-11702458-42xqb030515lc\/\" \/>\n<meta property=\"og:site_name\" content=\"Loja - Dual Gree Servi\u00e7os | Pe\u00e7as\" \/>\n<meta property=\"article:modified_time\" content=\"2024-08-23T16:29:40+00:00\" \/>\n<meta property=\"og:image\" content=\"https:\/\/dualgree.com.br\/loja\/wp-content\/uploads\/2024\/02\/15248868083_1867-PROTECAO20DA20DISPLAY20PISO20TETO20SPRINGER20CARRIER20117024582042XQB030515LC.png\" \/>\n\t<meta property=\"og:image:width\" content=\"1280\" \/>\n\t<meta property=\"og:image:height\" content=\"1280\" \/>\n\t<meta property=\"og:image:type\" content=\"image\/png\" \/>\n<meta name=\"twitter:card\" content=\"summary_large_image\" \/>\n<meta name=\"twitter:label1\" content=\"Est. tempo de leitura\" \/>\n\t<meta name=\"twitter:data1\" content=\"1 minuto\" \/>\n<script type=\"application\/ld+json\" class=\"yoast-schema-graph\">{\"@context\":\"https:\\\/\\\/schema.org\",\"@graph\":[{\"@type\":\"WebPage\",\"@id\":\"https:\\\/\\\/dualgree.com.br\\\/loja\\\/produto\\\/protecao-da-display-piso-teto-springer-carrier-11702458-42xqb030515lc\\\/\",\"url\":\"https:\\\/\\\/dualgree.com.br\\\/loja\\\/produto\\\/protecao-da-display-piso-teto-springer-carrier-11702458-42xqb030515lc\\\/\",\"name\":\"PROTE\u00c7\u00c3O DA DISPLAY PISO TETO SPRINGER CARRIER 11702458 42XQB030515LC - Loja - Dual Gree Servi\u00e7os | Pe\u00e7as\",\"isPartOf\":{\"@id\":\"https:\\\/\\\/dualgree.com.br\\\/loja\\\/#website\"},\"primaryImageOfPage\":{\"@id\":\"https:\\\/\\\/dualgree.com.br\\\/loja\\\/produto\\\/protecao-da-display-piso-teto-springer-carrier-11702458-42xqb030515lc\\\/#primaryimage\"},\"image\":{\"@id\":\"https:\\\/\\\/dualgree.com.br\\\/loja\\\/produto\\\/protecao-da-display-piso-teto-springer-carrier-11702458-42xqb030515lc\\\/#primaryimage\"},\"thumbnailUrl\":\"https:\\\/\\\/dualgree.com.br\\\/loja\\\/wp-content\\\/uploads\\\/2024\\\/02\\\/15248868083_1867-PROTECAO20DA20DISPLAY20PISO20TETO20SPRINGER20CARRIER20117024582042XQB030515LC.png\",\"datePublished\":\"2024-02-01T14:15:21+00:00\",\"dateModified\":\"2024-08-23T16:29:40+00:00\",\"description\":\"PROTE\u00c7\u00c3O DA DISPLAY PISO TETO SPRINGER CARRIER 11702458 42XQB030515LC\",\"breadcrumb\":{\"@id\":\"https:\\\/\\\/dualgree.com.br\\\/loja\\\/produto\\\/protecao-da-display-piso-teto-springer-carrier-11702458-42xqb030515lc\\\/#breadcrumb\"},\"inLanguage\":\"pt-BR\",\"potentialAction\":[{\"@type\":\"ReadAction\",\"target\":[\"https:\\\/\\\/dualgree.com.br\\\/loja\\\/produto\\\/protecao-da-display-piso-teto-springer-carrier-11702458-42xqb030515lc\\\/\"]}]},{\"@type\":\"ImageObject\",\"inLanguage\":\"pt-BR\",\"@id\":\"https:\\\/\\\/dualgree.com.br\\\/loja\\\/produto\\\/protecao-da-display-piso-teto-springer-carrier-11702458-42xqb030515lc\\\/#primaryimage\",\"url\":\"https:\\\/\\\/dualgree.com.br\\\/loja\\\/wp-content\\\/uploads\\\/2024\\\/02\\\/15248868083_1867-PROTECAO20DA20DISPLAY20PISO20TETO20SPRINGER20CARRIER20117024582042XQB030515LC.png\",\"contentUrl\":\"https:\\\/\\\/dualgree.com.br\\\/loja\\\/wp-content\\\/uploads\\\/2024\\\/02\\\/15248868083_1867-PROTECAO20DA20DISPLAY20PISO20TETO20SPRINGER20CARRIER20117024582042XQB030515LC.png\",\"width\":1200,\"height\":1200},{\"@type\":\"BreadcrumbList\",\"@id\":\"https:\\\/\\\/dualgree.com.br\\\/loja\\\/produto\\\/protecao-da-display-piso-teto-springer-carrier-11702458-42xqb030515lc\\\/#breadcrumb\",\"itemListElement\":[{\"@type\":\"ListItem\",\"position\":1,\"name\":\"In\u00edcio\",\"item\":\"https:\\\/\\\/dualgree.com.br\\\/loja\\\/\"},{\"@type\":\"ListItem\",\"position\":2,\"name\":\"Loja &#8211; Cat\u00e1logo de Pe\u00e7as\",\"item\":\"https:\\\/\\\/dualgree.com.br\\\/loja\\\/\"},{\"@type\":\"ListItem\",\"position\":3,\"name\":\"PROTE\u00c7\u00c3O DA DISPLAY PISO TETO SPRINGER CARRIER 11702458 42XQB030515LC\"}]},{\"@type\":\"WebSite\",\"@id\":\"https:\\\/\\\/dualgree.com.br\\\/loja\\\/#website\",\"url\":\"https:\\\/\\\/dualgree.com.br\\\/loja\\\/\",\"name\":\"Loja - Dual Gree Servi\u00e7os | Partes e Pe\u00e7as\",\"description\":\"Catalogo de Pe\u00e7as para ar condicionado\",\"publisher\":{\"@id\":\"https:\\\/\\\/dualgree.com.br\\\/loja\\\/#organization\"},\"potentialAction\":[{\"@type\":\"SearchAction\",\"target\":{\"@type\":\"EntryPoint\",\"urlTemplate\":\"https:\\\/\\\/dualgree.com.br\\\/loja\\\/?s={search_term_string}\"},\"query-input\":{\"@type\":\"PropertyValueSpecification\",\"valueRequired\":true,\"valueName\":\"search_term_string\"}}],\"inLanguage\":\"pt-BR\"},{\"@type\":\"Organization\",\"@id\":\"https:\\\/\\\/dualgree.com.br\\\/loja\\\/#organization\",\"name\":\"Loja Dual Gree Servi\u00e7o\",\"url\":\"https:\\\/\\\/dualgree.com.br\\\/loja\\\/\",\"logo\":{\"@type\":\"ImageObject\",\"inLanguage\":\"pt-BR\",\"@id\":\"https:\\\/\\\/dualgree.com.br\\\/loja\\\/#\\\/schema\\\/logo\\\/image\\\/\",\"url\":\"https:\\\/\\\/dualgree.com.br\\\/loja\\\/wp-content\\\/uploads\\\/2024\\\/09\\\/teste-logo-ecommerce-dual-1-e1725909304971.png\",\"contentUrl\":\"https:\\\/\\\/dualgree.com.br\\\/loja\\\/wp-content\\\/uploads\\\/2024\\\/09\\\/teste-logo-ecommerce-dual-1-e1725909304971.png\",\"width\":470,\"height\":157,\"caption\":\"Loja Dual Gree Servi\u00e7o\"},\"image\":{\"@id\":\"https:\\\/\\\/dualgree.com.br\\\/loja\\\/#\\\/schema\\\/logo\\\/image\\\/\"}}]}<\/script>\n<!-- \/ Yoast SEO plugin. -->","yoast_head_json":{"title":"PROTE\u00c7\u00c3O DA DISPLAY PISO TETO SPRINGER CARRIER 11702458 42XQB030515LC - Loja - Dual Gree Servi\u00e7os | Pe\u00e7as","description":"PROTE\u00c7\u00c3O DA DISPLAY PISO TETO SPRINGER CARRIER 11702458 42XQB030515LC","robots":{"index":"index","follow":"follow","max-snippet":"max-snippet:-1","max-image-preview":"max-image-preview:large","max-video-preview":"max-video-preview:-1"},"canonical":"https:\/\/dualgree.com.br\/loja\/produto\/protecao-da-display-piso-teto-springer-carrier-11702458-42xqb030515lc\/","og_locale":"pt_BR","og_type":"article","og_title":"PROTE\u00c7\u00c3O DA DISPLAY PISO TETO SPRINGER CARRIER 11702458 42XQB030515LC - Loja - Dual Gree Servi\u00e7os | Pe\u00e7as","og_description":"PROTE\u00c7\u00c3O DA DISPLAY PISO TETO SPRINGER CARRIER 11702458 42XQB030515LC","og_url":"https:\/\/dualgree.com.br\/loja\/produto\/protecao-da-display-piso-teto-springer-carrier-11702458-42xqb030515lc\/","og_site_name":"Loja - Dual Gree Servi\u00e7os | Pe\u00e7as","article_modified_time":"2024-08-23T16:29:40+00:00","og_image":[{"width":1280,"height":1280,"url":"https:\/\/dualgree.com.br\/loja\/wp-content\/uploads\/2024\/02\/15248868083_1867-PROTECAO20DA20DISPLAY20PISO20TETO20SPRINGER20CARRIER20117024582042XQB030515LC.png","type":"image\/png"}],"twitter_card":"summary_large_image","twitter_misc":{"Est. tempo de leitura":"1 minuto"},"schema":{"@context":"https:\/\/schema.org","@graph":[{"@type":"WebPage","@id":"https:\/\/dualgree.com.br\/loja\/produto\/protecao-da-display-piso-teto-springer-carrier-11702458-42xqb030515lc\/","url":"https:\/\/dualgree.com.br\/loja\/produto\/protecao-da-display-piso-teto-springer-carrier-11702458-42xqb030515lc\/","name":"PROTE\u00c7\u00c3O DA DISPLAY PISO TETO SPRINGER CARRIER 11702458 42XQB030515LC - Loja - Dual Gree Servi\u00e7os | Pe\u00e7as","isPartOf":{"@id":"https:\/\/dualgree.com.br\/loja\/#website"},"primaryImageOfPage":{"@id":"https:\/\/dualgree.com.br\/loja\/produto\/protecao-da-display-piso-teto-springer-carrier-11702458-42xqb030515lc\/#primaryimage"},"image":{"@id":"https:\/\/dualgree.com.br\/loja\/produto\/protecao-da-display-piso-teto-springer-carrier-11702458-42xqb030515lc\/#primaryimage"},"thumbnailUrl":"https:\/\/dualgree.com.br\/loja\/wp-content\/uploads\/2024\/02\/15248868083_1867-PROTECAO20DA20DISPLAY20PISO20TETO20SPRINGER20CARRIER20117024582042XQB030515LC.png","datePublished":"2024-02-01T14:15:21+00:00","dateModified":"2024-08-23T16:29:40+00:00","description":"PROTE\u00c7\u00c3O DA DISPLAY PISO TETO SPRINGER CARRIER 11702458 42XQB030515LC","breadcrumb":{"@id":"https:\/\/dualgree.com.br\/loja\/produto\/protecao-da-display-piso-teto-springer-carrier-11702458-42xqb030515lc\/#breadcrumb"},"inLanguage":"pt-BR","potentialAction":[{"@type":"ReadAction","target":["https:\/\/dualgree.com.br\/loja\/produto\/protecao-da-display-piso-teto-springer-carrier-11702458-42xqb030515lc\/"]}]},{"@type":"ImageObject","inLanguage":"pt-BR","@id":"https:\/\/dualgree.com.br\/loja\/produto\/protecao-da-display-piso-teto-springer-carrier-11702458-42xqb030515lc\/#primaryimage","url":"https:\/\/dualgree.com.br\/loja\/wp-content\/uploads\/2024\/02\/15248868083_1867-PROTECAO20DA20DISPLAY20PISO20TETO20SPRINGER20CARRIER20117024582042XQB030515LC.png","contentUrl":"https:\/\/dualgree.com.br\/loja\/wp-content\/uploads\/2024\/02\/15248868083_1867-PROTECAO20DA20DISPLAY20PISO20TETO20SPRINGER20CARRIER20117024582042XQB030515LC.png","width":1200,"height":1200},{"@type":"BreadcrumbList","@id":"https:\/\/dualgree.com.br\/loja\/produto\/protecao-da-display-piso-teto-springer-carrier-11702458-42xqb030515lc\/#breadcrumb","itemListElement":[{"@type":"ListItem","position":1,"name":"In\u00edcio","item":"https:\/\/dualgree.com.br\/loja\/"},{"@type":"ListItem","position":2,"name":"Loja &#8211; Cat\u00e1logo de Pe\u00e7as","item":"https:\/\/dualgree.com.br\/loja\/"},{"@type":"ListItem","position":3,"name":"PROTE\u00c7\u00c3O DA DISPLAY PISO TETO SPRINGER CARRIER 11702458 42XQB030515LC"}]},{"@type":"WebSite","@id":"https:\/\/dualgree.com.br\/loja\/#website","url":"https:\/\/dualgree.com.br\/loja\/","name":"Loja - Dual Gree Servi\u00e7os | Partes e Pe\u00e7as","description":"Catalogo de Pe\u00e7as para ar condicionado","publisher":{"@id":"https:\/\/dualgree.com.br\/loja\/#organization"},"potentialAction":[{"@type":"SearchAction","target":{"@type":"EntryPoint","urlTemplate":"https:\/\/dualgree.com.br\/loja\/?s={search_term_string}"},"query-input":{"@type":"PropertyValueSpecification","valueRequired":true,"valueName":"search_term_string"}}],"inLanguage":"pt-BR"},{"@type":"Organization","@id":"https:\/\/dualgree.com.br\/loja\/#organization","name":"Loja Dual Gree Servi\u00e7o","url":"https:\/\/dualgree.com.br\/loja\/","logo":{"@type":"ImageObject","inLanguage":"pt-BR","@id":"https:\/\/dualgree.com.br\/loja\/#\/schema\/logo\/image\/","url":"https:\/\/dualgree.com.br\/loja\/wp-content\/uploads\/2024\/09\/teste-logo-ecommerce-dual-1-e1725909304971.png","contentUrl":"https:\/\/dualgree.com.br\/loja\/wp-content\/uploads\/2024\/09\/teste-logo-ecommerce-dual-1-e1725909304971.png","width":470,"height":157,"caption":"Loja Dual Gree Servi\u00e7o"},"image":{"@id":"https:\/\/dualgree.com.br\/loja\/#\/schema\/logo\/image\/"}}]}},"jetpack_publicize_connections":[],"jetpack_sharing_enabled":true,"jetpack_likes_enabled":true,"_links":{"self":[{"href":"https:\/\/dualgree.com.br\/loja\/wp-json\/wp\/v2\/product\/3472","targetHints":{"allow":["GET"]}}],"collection":[{"href":"https:\/\/dualgree.com.br\/loja\/wp-json\/wp\/v2\/product"}],"about":[{"href":"https:\/\/dualgree.com.br\/loja\/wp-json\/wp\/v2\/types\/product"}],"replies":[{"embeddable":true,"href":"https:\/\/dualgree.com.br\/loja\/wp-json\/wp\/v2\/comments?post=3472"}],"wp:featuredmedia":[{"embeddable":true,"href":"https:\/\/dualgree.com.br\/loja\/wp-json\/wp\/v2\/media\/3470"}],"wp:attachment":[{"href":"https:\/\/dualgree.com.br\/loja\/wp-json\/wp\/v2\/media?parent=3472"}],"wp:term":[{"taxonomy":"product_brand","embeddable":true,"href":"https:\/\/dualgree.com.br\/loja\/wp-json\/wp\/v2\/product_brand?post=3472"},{"taxonomy":"product_cat","embeddable":true,"href":"https:\/\/dualgree.com.br\/loja\/wp-json\/wp\/v2\/product_cat?post=3472"},{"taxonomy":"product_tag","embeddable":true,"href":"https:\/\/dualgree.com.br\/loja\/wp-json\/wp\/v2\/product_tag?post=3472"}],"curies":[{"name":"wp","href":"https:\/\/api.w.org\/{rel}","templated":true}]}}