{"id":3485,"date":"2024-02-01T19:42:09","date_gmt":"2024-02-01T19:42:09","guid":{"rendered":"https:\/\/dualgree.com.br\/loja\/produto\/sensor-ambiente-ar-condicionado-springer-midea-42macb12s\/"},"modified":"2025-01-28T16:58:30","modified_gmt":"2025-01-28T16:58:30","slug":"sensor-ambiente-ar-condicionado-springer-midea-42macb12s","status":"publish","type":"product","link":"https:\/\/dualgree.com.br\/loja\/produto\/sensor-ambiente-ar-condicionado-springer-midea-42macb12s\/","title":{"rendered":"Sensor Ambiente Ar Condicionado Springer Midea 42macb12s"},"content":{"rendered":"<p>Sensor Ambiente Ar Condicionado Springer Midea 42macb12s<\/p>\n","protected":false},"excerpt":{"rendered":"<p>Ic1460 Sensor termistor ambiente evaporadora ar condicionado Springer midea original<\/p>\n<p>&nbsp;<\/p>\n<table class=\"border tableforfield centpercent\" style=\"width: 475px; padding: 1px 2px 1px 3px; font-family: arial, tahoma, verdana, helvetica; font-size: 14.72px; border-collapse: collapse !important;\">\n<tbody>\n<tr style=\"height: 28px;\">\n<td style=\"padding: 2px; border-collapse: collapse; height: 28px; border-bottom: 1px solid #e0e0e0;\">Sensor termistor ambiente evaporadora ar condicionado Springer midea original<\/p>\n<p>42AGCA09M5,<\/p>\n<p>42AGCA12M5,<\/p>\n<p>42AGCA18M5,<br \/>\n42MACB12S<br \/>\n42MBCB09M5<br \/>\n42MBCB12M5<br \/>\n42tfca18s5,<br \/>\n42tfca09s5,<br \/>\n42tfca12s5,<\/td>\n<\/tr>\n<tr style=\"height: 28px;\">\n<td style=\"padding: 2px; border-collapse: collapse; height: 28px; color: var(--tableforfieldcolor); border-bottom: 1px solid #e0e0e0;\">URL p\u00fablica<\/td>\n<td style=\"padding: 2px; border-collapse: collapse; height: 28px; border-bottom: 1px solid #e0e0e0;\"><\/td>\n<\/tr>\n<\/tbody>\n<\/table>\n","protected":false},"featured_media":3484,"comment_status":"open","ping_status":"closed","template":"","meta":{"_kadence_starter_templates_imported_post":false,"_kad_post_transparent":"","_kad_post_title":"","_kad_post_layout":"","_kad_post_sidebar_id":"","_kad_post_content_style":"","_kad_post_vertical_padding":"","_kad_post_feature":"","_kad_post_feature_position":"","_kad_post_header":false,"_kad_post_footer":false,"jetpack_publicize_message":"","jetpack_publicize_feature_enabled":true,"jetpack_social_post_already_shared":false,"jetpack_social_options":{"image_generator_settings":{"template":"highway","default_image_id":0,"font":"","enabled":false},"version":2}},"product_brand":[],"product_cat":[176,214,179],"product_tag":[],"class_list":{"0":"post-3485","1":"product","2":"type-product","3":"status-publish","4":"has-post-thumbnail","6":"product_cat-midea","7":"product_cat-sensor-ambiente-evaporadora-split","8":"product_cat-springer","10":"first","11":"instock","12":"shipping-taxable","13":"purchasable","14":"product-type-simple","15":"entry","16":"content-bg","17":"loop-entry"},"yoast_head":"<!-- This site is optimized with the Yoast SEO plugin v27.5 - https:\/\/yoast.com\/product\/yoast-seo-wordpress\/ -->\n<title>Sensor Ambiente Ar Condicionado Springer Midea 42macb12s - Loja - Dual Gree Servi\u00e7os | Pe\u00e7as<\/title>\n<meta name=\"description\" content=\"Sensor Ambiente Ar Condicionado Springer Midea 42macb12s\" \/>\n<meta name=\"robots\" content=\"index, follow, max-snippet:-1, max-image-preview:large, max-video-preview:-1\" \/>\n<link rel=\"canonical\" href=\"https:\/\/dualgree.com.br\/loja\/produto\/sensor-ambiente-ar-condicionado-springer-midea-42macb12s\/\" \/>\n<meta property=\"og:locale\" content=\"pt_BR\" \/>\n<meta property=\"og:type\" content=\"article\" \/>\n<meta property=\"og:title\" content=\"Sensor Ambiente Ar Condicionado Springer Midea 42macb12s - Loja - Dual Gree Servi\u00e7os | Pe\u00e7as\" \/>\n<meta property=\"og:description\" content=\"Sensor Ambiente Ar Condicionado Springer Midea 42macb12s\" \/>\n<meta property=\"og:url\" content=\"https:\/\/dualgree.com.br\/loja\/produto\/sensor-ambiente-ar-condicionado-springer-midea-42macb12s\/\" \/>\n<meta property=\"og:site_name\" content=\"Loja - Dual Gree Servi\u00e7os | Pe\u00e7as\" \/>\n<meta property=\"article:modified_time\" content=\"2025-01-28T16:58:30+00:00\" \/>\n<meta property=\"og:image\" content=\"https:\/\/dualgree.com.br\/loja\/wp-content\/uploads\/2024\/02\/15248989907_1460-SENSOR20AMBIENTE20SPRINGER20MIDEA2012.00020BTUS.jpeg\" \/>\n\t<meta property=\"og:image:width\" content=\"1280\" \/>\n\t<meta property=\"og:image:height\" content=\"1280\" \/>\n\t<meta property=\"og:image:type\" content=\"image\/jpeg\" \/>\n<meta name=\"twitter:card\" content=\"summary_large_image\" \/>\n<meta name=\"twitter:label1\" content=\"Est. tempo de leitura\" \/>\n\t<meta name=\"twitter:data1\" content=\"1 minuto\" \/>\n<script type=\"application\/ld+json\" class=\"yoast-schema-graph\">{\"@context\":\"https:\\\/\\\/schema.org\",\"@graph\":[{\"@type\":\"WebPage\",\"@id\":\"https:\\\/\\\/dualgree.com.br\\\/loja\\\/produto\\\/sensor-ambiente-ar-condicionado-springer-midea-42macb12s\\\/\",\"url\":\"https:\\\/\\\/dualgree.com.br\\\/loja\\\/produto\\\/sensor-ambiente-ar-condicionado-springer-midea-42macb12s\\\/\",\"name\":\"Sensor Ambiente Ar Condicionado Springer Midea 42macb12s - Loja - Dual Gree Servi\u00e7os | Pe\u00e7as\",\"isPartOf\":{\"@id\":\"https:\\\/\\\/dualgree.com.br\\\/loja\\\/#website\"},\"primaryImageOfPage\":{\"@id\":\"https:\\\/\\\/dualgree.com.br\\\/loja\\\/produto\\\/sensor-ambiente-ar-condicionado-springer-midea-42macb12s\\\/#primaryimage\"},\"image\":{\"@id\":\"https:\\\/\\\/dualgree.com.br\\\/loja\\\/produto\\\/sensor-ambiente-ar-condicionado-springer-midea-42macb12s\\\/#primaryimage\"},\"thumbnailUrl\":\"https:\\\/\\\/dualgree.com.br\\\/loja\\\/wp-content\\\/uploads\\\/2024\\\/02\\\/15248989907_1460-SENSOR20AMBIENTE20SPRINGER20MIDEA2012.00020BTUS.jpeg\",\"datePublished\":\"2024-02-01T19:42:09+00:00\",\"dateModified\":\"2025-01-28T16:58:30+00:00\",\"description\":\"Sensor Ambiente Ar Condicionado Springer Midea 42macb12s\",\"breadcrumb\":{\"@id\":\"https:\\\/\\\/dualgree.com.br\\\/loja\\\/produto\\\/sensor-ambiente-ar-condicionado-springer-midea-42macb12s\\\/#breadcrumb\"},\"inLanguage\":\"pt-BR\",\"potentialAction\":[{\"@type\":\"ReadAction\",\"target\":[\"https:\\\/\\\/dualgree.com.br\\\/loja\\\/produto\\\/sensor-ambiente-ar-condicionado-springer-midea-42macb12s\\\/\"]}]},{\"@type\":\"ImageObject\",\"inLanguage\":\"pt-BR\",\"@id\":\"https:\\\/\\\/dualgree.com.br\\\/loja\\\/produto\\\/sensor-ambiente-ar-condicionado-springer-midea-42macb12s\\\/#primaryimage\",\"url\":\"https:\\\/\\\/dualgree.com.br\\\/loja\\\/wp-content\\\/uploads\\\/2024\\\/02\\\/15248989907_1460-SENSOR20AMBIENTE20SPRINGER20MIDEA2012.00020BTUS.jpeg\",\"contentUrl\":\"https:\\\/\\\/dualgree.com.br\\\/loja\\\/wp-content\\\/uploads\\\/2024\\\/02\\\/15248989907_1460-SENSOR20AMBIENTE20SPRINGER20MIDEA2012.00020BTUS.jpeg\",\"width\":1200,\"height\":1200},{\"@type\":\"BreadcrumbList\",\"@id\":\"https:\\\/\\\/dualgree.com.br\\\/loja\\\/produto\\\/sensor-ambiente-ar-condicionado-springer-midea-42macb12s\\\/#breadcrumb\",\"itemListElement\":[{\"@type\":\"ListItem\",\"position\":1,\"name\":\"In\u00edcio\",\"item\":\"https:\\\/\\\/dualgree.com.br\\\/loja\\\/\"},{\"@type\":\"ListItem\",\"position\":2,\"name\":\"Loja &#8211; Cat\u00e1logo de Pe\u00e7as\",\"item\":\"https:\\\/\\\/dualgree.com.br\\\/loja\\\/\"},{\"@type\":\"ListItem\",\"position\":3,\"name\":\"Sensor Ambiente Ar Condicionado Springer Midea 42macb12s\"}]},{\"@type\":\"WebSite\",\"@id\":\"https:\\\/\\\/dualgree.com.br\\\/loja\\\/#website\",\"url\":\"https:\\\/\\\/dualgree.com.br\\\/loja\\\/\",\"name\":\"Loja - Dual Gree Servi\u00e7os | Partes e Pe\u00e7as\",\"description\":\"Catalogo de Pe\u00e7as para ar condicionado\",\"publisher\":{\"@id\":\"https:\\\/\\\/dualgree.com.br\\\/loja\\\/#organization\"},\"potentialAction\":[{\"@type\":\"SearchAction\",\"target\":{\"@type\":\"EntryPoint\",\"urlTemplate\":\"https:\\\/\\\/dualgree.com.br\\\/loja\\\/?s={search_term_string}\"},\"query-input\":{\"@type\":\"PropertyValueSpecification\",\"valueRequired\":true,\"valueName\":\"search_term_string\"}}],\"inLanguage\":\"pt-BR\"},{\"@type\":\"Organization\",\"@id\":\"https:\\\/\\\/dualgree.com.br\\\/loja\\\/#organization\",\"name\":\"Loja Dual Gree Servi\u00e7o\",\"url\":\"https:\\\/\\\/dualgree.com.br\\\/loja\\\/\",\"logo\":{\"@type\":\"ImageObject\",\"inLanguage\":\"pt-BR\",\"@id\":\"https:\\\/\\\/dualgree.com.br\\\/loja\\\/#\\\/schema\\\/logo\\\/image\\\/\",\"url\":\"https:\\\/\\\/dualgree.com.br\\\/loja\\\/wp-content\\\/uploads\\\/2024\\\/09\\\/teste-logo-ecommerce-dual-1-e1725909304971.png\",\"contentUrl\":\"https:\\\/\\\/dualgree.com.br\\\/loja\\\/wp-content\\\/uploads\\\/2024\\\/09\\\/teste-logo-ecommerce-dual-1-e1725909304971.png\",\"width\":470,\"height\":157,\"caption\":\"Loja Dual Gree Servi\u00e7o\"},\"image\":{\"@id\":\"https:\\\/\\\/dualgree.com.br\\\/loja\\\/#\\\/schema\\\/logo\\\/image\\\/\"}}]}<\/script>\n<!-- \/ Yoast SEO plugin. -->","yoast_head_json":{"title":"Sensor Ambiente Ar Condicionado Springer Midea 42macb12s - Loja - Dual Gree Servi\u00e7os | Pe\u00e7as","description":"Sensor Ambiente Ar Condicionado Springer Midea 42macb12s","robots":{"index":"index","follow":"follow","max-snippet":"max-snippet:-1","max-image-preview":"max-image-preview:large","max-video-preview":"max-video-preview:-1"},"canonical":"https:\/\/dualgree.com.br\/loja\/produto\/sensor-ambiente-ar-condicionado-springer-midea-42macb12s\/","og_locale":"pt_BR","og_type":"article","og_title":"Sensor Ambiente Ar Condicionado Springer Midea 42macb12s - Loja - Dual Gree Servi\u00e7os | Pe\u00e7as","og_description":"Sensor Ambiente Ar Condicionado Springer Midea 42macb12s","og_url":"https:\/\/dualgree.com.br\/loja\/produto\/sensor-ambiente-ar-condicionado-springer-midea-42macb12s\/","og_site_name":"Loja - Dual Gree Servi\u00e7os | Pe\u00e7as","article_modified_time":"2025-01-28T16:58:30+00:00","og_image":[{"width":1280,"height":1280,"url":"https:\/\/dualgree.com.br\/loja\/wp-content\/uploads\/2024\/02\/15248989907_1460-SENSOR20AMBIENTE20SPRINGER20MIDEA2012.00020BTUS.jpeg","type":"image\/jpeg"}],"twitter_card":"summary_large_image","twitter_misc":{"Est. tempo de leitura":"1 minuto"},"schema":{"@context":"https:\/\/schema.org","@graph":[{"@type":"WebPage","@id":"https:\/\/dualgree.com.br\/loja\/produto\/sensor-ambiente-ar-condicionado-springer-midea-42macb12s\/","url":"https:\/\/dualgree.com.br\/loja\/produto\/sensor-ambiente-ar-condicionado-springer-midea-42macb12s\/","name":"Sensor Ambiente Ar Condicionado Springer Midea 42macb12s - Loja - Dual Gree Servi\u00e7os | Pe\u00e7as","isPartOf":{"@id":"https:\/\/dualgree.com.br\/loja\/#website"},"primaryImageOfPage":{"@id":"https:\/\/dualgree.com.br\/loja\/produto\/sensor-ambiente-ar-condicionado-springer-midea-42macb12s\/#primaryimage"},"image":{"@id":"https:\/\/dualgree.com.br\/loja\/produto\/sensor-ambiente-ar-condicionado-springer-midea-42macb12s\/#primaryimage"},"thumbnailUrl":"https:\/\/dualgree.com.br\/loja\/wp-content\/uploads\/2024\/02\/15248989907_1460-SENSOR20AMBIENTE20SPRINGER20MIDEA2012.00020BTUS.jpeg","datePublished":"2024-02-01T19:42:09+00:00","dateModified":"2025-01-28T16:58:30+00:00","description":"Sensor Ambiente Ar Condicionado Springer Midea 42macb12s","breadcrumb":{"@id":"https:\/\/dualgree.com.br\/loja\/produto\/sensor-ambiente-ar-condicionado-springer-midea-42macb12s\/#breadcrumb"},"inLanguage":"pt-BR","potentialAction":[{"@type":"ReadAction","target":["https:\/\/dualgree.com.br\/loja\/produto\/sensor-ambiente-ar-condicionado-springer-midea-42macb12s\/"]}]},{"@type":"ImageObject","inLanguage":"pt-BR","@id":"https:\/\/dualgree.com.br\/loja\/produto\/sensor-ambiente-ar-condicionado-springer-midea-42macb12s\/#primaryimage","url":"https:\/\/dualgree.com.br\/loja\/wp-content\/uploads\/2024\/02\/15248989907_1460-SENSOR20AMBIENTE20SPRINGER20MIDEA2012.00020BTUS.jpeg","contentUrl":"https:\/\/dualgree.com.br\/loja\/wp-content\/uploads\/2024\/02\/15248989907_1460-SENSOR20AMBIENTE20SPRINGER20MIDEA2012.00020BTUS.jpeg","width":1200,"height":1200},{"@type":"BreadcrumbList","@id":"https:\/\/dualgree.com.br\/loja\/produto\/sensor-ambiente-ar-condicionado-springer-midea-42macb12s\/#breadcrumb","itemListElement":[{"@type":"ListItem","position":1,"name":"In\u00edcio","item":"https:\/\/dualgree.com.br\/loja\/"},{"@type":"ListItem","position":2,"name":"Loja &#8211; Cat\u00e1logo de Pe\u00e7as","item":"https:\/\/dualgree.com.br\/loja\/"},{"@type":"ListItem","position":3,"name":"Sensor Ambiente Ar Condicionado Springer Midea 42macb12s"}]},{"@type":"WebSite","@id":"https:\/\/dualgree.com.br\/loja\/#website","url":"https:\/\/dualgree.com.br\/loja\/","name":"Loja - Dual Gree Servi\u00e7os | Partes e Pe\u00e7as","description":"Catalogo de Pe\u00e7as para ar condicionado","publisher":{"@id":"https:\/\/dualgree.com.br\/loja\/#organization"},"potentialAction":[{"@type":"SearchAction","target":{"@type":"EntryPoint","urlTemplate":"https:\/\/dualgree.com.br\/loja\/?s={search_term_string}"},"query-input":{"@type":"PropertyValueSpecification","valueRequired":true,"valueName":"search_term_string"}}],"inLanguage":"pt-BR"},{"@type":"Organization","@id":"https:\/\/dualgree.com.br\/loja\/#organization","name":"Loja Dual Gree Servi\u00e7o","url":"https:\/\/dualgree.com.br\/loja\/","logo":{"@type":"ImageObject","inLanguage":"pt-BR","@id":"https:\/\/dualgree.com.br\/loja\/#\/schema\/logo\/image\/","url":"https:\/\/dualgree.com.br\/loja\/wp-content\/uploads\/2024\/09\/teste-logo-ecommerce-dual-1-e1725909304971.png","contentUrl":"https:\/\/dualgree.com.br\/loja\/wp-content\/uploads\/2024\/09\/teste-logo-ecommerce-dual-1-e1725909304971.png","width":470,"height":157,"caption":"Loja Dual Gree Servi\u00e7o"},"image":{"@id":"https:\/\/dualgree.com.br\/loja\/#\/schema\/logo\/image\/"}}]}},"jetpack_publicize_connections":[],"jetpack_sharing_enabled":true,"jetpack_likes_enabled":true,"_links":{"self":[{"href":"https:\/\/dualgree.com.br\/loja\/wp-json\/wp\/v2\/product\/3485","targetHints":{"allow":["GET"]}}],"collection":[{"href":"https:\/\/dualgree.com.br\/loja\/wp-json\/wp\/v2\/product"}],"about":[{"href":"https:\/\/dualgree.com.br\/loja\/wp-json\/wp\/v2\/types\/product"}],"replies":[{"embeddable":true,"href":"https:\/\/dualgree.com.br\/loja\/wp-json\/wp\/v2\/comments?post=3485"}],"wp:featuredmedia":[{"embeddable":true,"href":"https:\/\/dualgree.com.br\/loja\/wp-json\/wp\/v2\/media\/3484"}],"wp:attachment":[{"href":"https:\/\/dualgree.com.br\/loja\/wp-json\/wp\/v2\/media?parent=3485"}],"wp:term":[{"taxonomy":"product_brand","embeddable":true,"href":"https:\/\/dualgree.com.br\/loja\/wp-json\/wp\/v2\/product_brand?post=3485"},{"taxonomy":"product_cat","embeddable":true,"href":"https:\/\/dualgree.com.br\/loja\/wp-json\/wp\/v2\/product_cat?post=3485"},{"taxonomy":"product_tag","embeddable":true,"href":"https:\/\/dualgree.com.br\/loja\/wp-json\/wp\/v2\/product_tag?post=3485"}],"curies":[{"name":"wp","href":"https:\/\/api.w.org\/{rel}","templated":true}]}}