{"id":5037,"date":"2024-07-10T22:39:54","date_gmt":"2024-07-10T22:39:54","guid":{"rendered":"https:\/\/dualgree.com.br\/loja\/produto\/curva-de-dreno-do-condensador-quente-frio-comfee\/"},"modified":"2026-02-11T16:00:03","modified_gmt":"2026-02-11T16:00:03","slug":"curva-de-dreno-do-condensador-quente-frio-comfee","status":"publish","type":"product","link":"https:\/\/dualgree.com.br\/loja\/produto\/curva-de-dreno-do-condensador-quente-frio-comfee\/","title":{"rendered":"Curva De Dreno Do Condensador Quente Frio Comfee Midea Sprin..."},"content":{"rendered":"","protected":false},"excerpt":{"rendered":"<p>DG2281 Curva de dreno para condensador quente frio Compativel com Electrolux di09<\/p>\n<p>\u00a0<\/p>\n<p>Diametro de conex\u00e3o no furo da condensadora 15mm = a 1,5cm<\/p>\n<p>\u00a0<\/p>\n<p>Caso sua maquina modelo fria fique gotejando \u00e9 s\u00f3 usar essa curvinha de dreno para eliminar esse problema. e direcione para um vazo de planta.<\/p>\n<p>\u00a0<\/p>\n<p>Compativel com os modelos\u00a0<\/p>\n<p>\u00a0<\/p>\n<p>Curva de dreno para condensador quente frio Compativel com Electrolux Di09R<\/p>\n<p>Curva de dreno para condensador quente frio Compativel com\u00a0Electrolux Di07R<\/p>\n<p>Curva de dreno para condensador quente frio Compativel com\u00a0Electrolux Di12R<\/p>\n<p>Curva de dreno para condensador quente frio Compativel com\u00a0Electrolux Pi09R<\/p>\n<p>Curva de dreno para condensador quente frio Compativel com\u00a0Electrolux Pi12R<\/p>\n<p>\u00a0<\/p>\n<p>Curva de dreno para condensador quente frio Compativel com\u00a0MIDEA MSE1-09HR<\/p>\n<p>Curva de dreno para condensador quente frio Compativel com\u00a0MIDEA MSE1-12HR<\/p>\n<p>Curva de dreno para condensador quente frio Compativel com\u00a0MIDEA MSE1-18HR<\/p>\n<p>\u00a0<\/p>\n<p>Curva de dreno para condensador quente frio Compativel com\u00a0Comfee 42mmqc07f5<\/p>\n<p>Curva de dreno para condensador quente frio Compativel com\u00a0Comfee 42mmqc09f5<\/p>\n<p>Curva de dreno para condensador quente frio Compativel com\u00a0Comfee 42mmqc12f5<\/p>\n<p>Curva de dreno para condensador quente frio Compativel com\u00a0Comfee 42mmqc18f5<\/p>\n<p>\u00a0<\/p>\n<p>Curva de dreno para condensador quente frio Compativel com\u00a0Comfee MSM-09HR<\/p>\n<p>Curva de dreno para condensador quente frio Compativel com\u00a0Comfee MSM-12HR<\/p>\n<p>Curva de dreno para condensador quente frio Compativel com\u00a0Comfee MSM-18HR<\/p>\n<p>\u00a0<\/p>\n<p>Curva de dreno para condensador quente frio Compativel com\u00a0Midea MSS-09HR<\/p>\n<p>Curva de dreno para condensador quente frio Compativel com\u00a0MIdea MSS-12HR<\/p>\n<p>Curva de dreno para condensador quente frio Compativel com\u00a0Midea MSS-18HR<\/p>\n<p>\u00a0<\/p>\n<p>Curva de dreno para condensador quente frio Compativel com\u00a0Komeco Kos09fc<\/p>\n<p>Curva de dreno para condensador quente frio Compativel com\u00a0Komeco Kos12Qc<\/p>\n<p>\u00a0<\/p>\n","protected":false},"featured_media":5061,"comment_status":"open","ping_status":"closed","template":"","meta":{"_kadence_starter_templates_imported_post":false,"_kad_post_transparent":"","_kad_post_title":"","_kad_post_layout":"","_kad_post_sidebar_id":"","_kad_post_content_style":"","_kad_post_vertical_padding":"","_kad_post_feature":"","_kad_post_feature_position":"","_kad_post_header":false,"_kad_post_footer":false,"jetpack_publicize_message":"","jetpack_publicize_feature_enabled":true,"jetpack_social_post_already_shared":false,"jetpack_social_options":{"image_generator_settings":{"template":"highway","default_image_id":0,"font":"","enabled":false},"version":2}},"product_brand":[],"product_cat":[201,177,178,239,181,202,176,179],"product_tag":[],"class_list":{"0":"post-5037","1":"product","2":"type-product","3":"status-publish","4":"has-post-thumbnail","6":"product_cat-admiral","7":"product_cat-carrier","8":"product_cat-comfee","9":"product_cat-curva-dreno-condensadora-split","10":"product_cat-electrolux","11":"product_cat-komeco","12":"product_cat-midea","13":"product_cat-springer","15":"first","16":"instock","17":"shipping-taxable","18":"purchasable","19":"product-type-simple","20":"entry","21":"content-bg","22":"loop-entry"},"yoast_head":"<!-- This site is optimized with the Yoast SEO plugin v27.5 - https:\/\/yoast.com\/product\/yoast-seo-wordpress\/ -->\n<title>Curva De Dreno Do Condensador Quente Frio Comfee Midea Springer - Loja - Dual Gree Servi\u00e7os | Pe\u00e7as<\/title>\n<meta name=\"robots\" content=\"index, follow, max-snippet:-1, max-image-preview:large, max-video-preview:-1\" \/>\n<link rel=\"canonical\" href=\"https:\/\/dualgree.com.br\/loja\/produto\/curva-de-dreno-do-condensador-quente-frio-comfee\/\" \/>\n<meta property=\"og:locale\" content=\"pt_BR\" \/>\n<meta property=\"og:type\" content=\"article\" \/>\n<meta property=\"og:title\" content=\"Curva De Dreno Do Condensador Quente Frio Comfee Midea Springer - Loja - Dual Gree Servi\u00e7os | Pe\u00e7as\" \/>\n<meta property=\"og:description\" content=\"DG2281 Curva de dreno para condensador quente frio Compativel com Electrolux di09 \u00a0 Diametro de conex\u00e3o no furo da condensadora 15mm = a 1,5cm \u00a0 Caso sua maquina modelo fria fique gotejando \u00e9 s\u00f3 usar essa curvinha de dreno para eliminar esse problema. e direcione para um vazo de planta. \u00a0 Compativel com os modelos\u00a0 \u00a0 Curva de dreno para condensador quente frio Compativel com Electrolux Di09R Curva de dreno para condensador quente frio Compativel com\u00a0Electrolux Di07R Curva de dreno para condensador quente frio Compativel com\u00a0Electrolux Di12R Curva de dreno para condensador quente frio Compativel com\u00a0Electrolux Pi09R Curva de dreno para condensador quente frio Compativel com\u00a0Electrolux Pi12R \u00a0 Curva de dreno para condensador quente frio Compativel com\u00a0MIDEA MSE1-09HR Curva de dreno para condensador quente frio Compativel com\u00a0MIDEA MSE1-12HR Curva de dreno para condensador quente frio Compativel com\u00a0MIDEA MSE1-18HR \u00a0 Curva de dreno para condensador quente frio Compativel com\u00a0Comfee 42mmqc07f5 Curva de dreno para condensador quente frio Compativel com\u00a0Comfee 42mmqc09f5 Curva de dreno para condensador quente frio Compativel com\u00a0Comfee 42mmqc12f5 Curva de dreno para condensador quente frio Compativel com\u00a0Comfee 42mmqc18f5 \u00a0 Curva de dreno para condensador quente frio Compativel com\u00a0Comfee MSM-09HR Curva de dreno para condensador quente frio Compativel com\u00a0Comfee MSM-12HR Curva de dreno para condensador quente frio Compativel com\u00a0Comfee MSM-18HR \u00a0 Curva de dreno para condensador quente frio Compativel com\u00a0Midea MSS-09HR Curva de dreno para condensador quente frio Compativel com\u00a0MIdea MSS-12HR Curva de dreno para condensador quente frio Compativel com\u00a0Midea MSS-18HR \u00a0 Curva de dreno para condensador quente frio Compativel com\u00a0Komeco Kos09fc Curva de dreno para condensador quente frio Compativel com\u00a0Komeco Kos12Qc \u00a0\" \/>\n<meta property=\"og:url\" content=\"https:\/\/dualgree.com.br\/loja\/produto\/curva-de-dreno-do-condensador-quente-frio-comfee\/\" \/>\n<meta property=\"og:site_name\" content=\"Loja - Dual Gree Servi\u00e7os | Pe\u00e7as\" \/>\n<meta property=\"article:modified_time\" content=\"2026-02-11T16:00:03+00:00\" \/>\n<meta property=\"og:image\" content=\"https:\/\/dualgree.com.br\/loja\/wp-content\/uploads\/2024\/07\/15285301651_DG2281Curva20de20dreno20para20condensadora.png\" \/>\n\t<meta property=\"og:image:width\" content=\"675\" \/>\n\t<meta property=\"og:image:height\" content=\"1200\" \/>\n\t<meta property=\"og:image:type\" content=\"image\/png\" \/>\n<meta name=\"twitter:card\" content=\"summary_large_image\" \/>\n<script type=\"application\/ld+json\" class=\"yoast-schema-graph\">{\"@context\":\"https:\\\/\\\/schema.org\",\"@graph\":[{\"@type\":\"WebPage\",\"@id\":\"https:\\\/\\\/dualgree.com.br\\\/loja\\\/produto\\\/curva-de-dreno-do-condensador-quente-frio-comfee\\\/\",\"url\":\"https:\\\/\\\/dualgree.com.br\\\/loja\\\/produto\\\/curva-de-dreno-do-condensador-quente-frio-comfee\\\/\",\"name\":\"Curva De Dreno Do Condensador Quente Frio Comfee Midea Springer - Loja - Dual Gree Servi\u00e7os | Pe\u00e7as\",\"isPartOf\":{\"@id\":\"https:\\\/\\\/dualgree.com.br\\\/loja\\\/#website\"},\"primaryImageOfPage\":{\"@id\":\"https:\\\/\\\/dualgree.com.br\\\/loja\\\/produto\\\/curva-de-dreno-do-condensador-quente-frio-comfee\\\/#primaryimage\"},\"image\":{\"@id\":\"https:\\\/\\\/dualgree.com.br\\\/loja\\\/produto\\\/curva-de-dreno-do-condensador-quente-frio-comfee\\\/#primaryimage\"},\"thumbnailUrl\":\"https:\\\/\\\/dualgree.com.br\\\/loja\\\/wp-content\\\/uploads\\\/2024\\\/07\\\/15286954230_DG2281Curva20de20dreno20para20condensadora.png\",\"datePublished\":\"2024-07-10T22:39:54+00:00\",\"dateModified\":\"2026-02-11T16:00:03+00:00\",\"breadcrumb\":{\"@id\":\"https:\\\/\\\/dualgree.com.br\\\/loja\\\/produto\\\/curva-de-dreno-do-condensador-quente-frio-comfee\\\/#breadcrumb\"},\"inLanguage\":\"pt-BR\",\"potentialAction\":[{\"@type\":\"ReadAction\",\"target\":[\"https:\\\/\\\/dualgree.com.br\\\/loja\\\/produto\\\/curva-de-dreno-do-condensador-quente-frio-comfee\\\/\"]}]},{\"@type\":\"ImageObject\",\"inLanguage\":\"pt-BR\",\"@id\":\"https:\\\/\\\/dualgree.com.br\\\/loja\\\/produto\\\/curva-de-dreno-do-condensador-quente-frio-comfee\\\/#primaryimage\",\"url\":\"https:\\\/\\\/dualgree.com.br\\\/loja\\\/wp-content\\\/uploads\\\/2024\\\/07\\\/15286954230_DG2281Curva20de20dreno20para20condensadora.png\",\"contentUrl\":\"https:\\\/\\\/dualgree.com.br\\\/loja\\\/wp-content\\\/uploads\\\/2024\\\/07\\\/15286954230_DG2281Curva20de20dreno20para20condensadora.png\",\"width\":1280,\"height\":1280},{\"@type\":\"BreadcrumbList\",\"@id\":\"https:\\\/\\\/dualgree.com.br\\\/loja\\\/produto\\\/curva-de-dreno-do-condensador-quente-frio-comfee\\\/#breadcrumb\",\"itemListElement\":[{\"@type\":\"ListItem\",\"position\":1,\"name\":\"In\u00edcio\",\"item\":\"https:\\\/\\\/dualgree.com.br\\\/loja\\\/\"},{\"@type\":\"ListItem\",\"position\":2,\"name\":\"Loja &#8211; Cat\u00e1logo de Pe\u00e7as\",\"item\":\"https:\\\/\\\/dualgree.com.br\\\/loja\\\/\"},{\"@type\":\"ListItem\",\"position\":3,\"name\":\"Curva De Dreno Do Condensador Quente Frio Comfee Midea Springer\"}]},{\"@type\":\"WebSite\",\"@id\":\"https:\\\/\\\/dualgree.com.br\\\/loja\\\/#website\",\"url\":\"https:\\\/\\\/dualgree.com.br\\\/loja\\\/\",\"name\":\"Loja - Dual Gree Servi\u00e7os | Partes e Pe\u00e7as\",\"description\":\"Catalogo de Pe\u00e7as para ar condicionado\",\"publisher\":{\"@id\":\"https:\\\/\\\/dualgree.com.br\\\/loja\\\/#organization\"},\"potentialAction\":[{\"@type\":\"SearchAction\",\"target\":{\"@type\":\"EntryPoint\",\"urlTemplate\":\"https:\\\/\\\/dualgree.com.br\\\/loja\\\/?s={search_term_string}\"},\"query-input\":{\"@type\":\"PropertyValueSpecification\",\"valueRequired\":true,\"valueName\":\"search_term_string\"}}],\"inLanguage\":\"pt-BR\"},{\"@type\":\"Organization\",\"@id\":\"https:\\\/\\\/dualgree.com.br\\\/loja\\\/#organization\",\"name\":\"Loja Dual Gree Servi\u00e7o\",\"url\":\"https:\\\/\\\/dualgree.com.br\\\/loja\\\/\",\"logo\":{\"@type\":\"ImageObject\",\"inLanguage\":\"pt-BR\",\"@id\":\"https:\\\/\\\/dualgree.com.br\\\/loja\\\/#\\\/schema\\\/logo\\\/image\\\/\",\"url\":\"https:\\\/\\\/dualgree.com.br\\\/loja\\\/wp-content\\\/uploads\\\/2024\\\/09\\\/teste-logo-ecommerce-dual-1-e1725909304971.png\",\"contentUrl\":\"https:\\\/\\\/dualgree.com.br\\\/loja\\\/wp-content\\\/uploads\\\/2024\\\/09\\\/teste-logo-ecommerce-dual-1-e1725909304971.png\",\"width\":470,\"height\":157,\"caption\":\"Loja Dual Gree Servi\u00e7o\"},\"image\":{\"@id\":\"https:\\\/\\\/dualgree.com.br\\\/loja\\\/#\\\/schema\\\/logo\\\/image\\\/\"}}]}<\/script>\n<!-- \/ Yoast SEO plugin. -->","yoast_head_json":{"title":"Curva De Dreno Do Condensador Quente Frio Comfee Midea Springer - Loja - Dual Gree Servi\u00e7os | Pe\u00e7as","robots":{"index":"index","follow":"follow","max-snippet":"max-snippet:-1","max-image-preview":"max-image-preview:large","max-video-preview":"max-video-preview:-1"},"canonical":"https:\/\/dualgree.com.br\/loja\/produto\/curva-de-dreno-do-condensador-quente-frio-comfee\/","og_locale":"pt_BR","og_type":"article","og_title":"Curva De Dreno Do Condensador Quente Frio Comfee Midea Springer - Loja - Dual Gree Servi\u00e7os | Pe\u00e7as","og_description":"DG2281 Curva de dreno para condensador quente frio Compativel com Electrolux di09 \u00a0 Diametro de conex\u00e3o no furo da condensadora 15mm = a 1,5cm \u00a0 Caso sua maquina modelo fria fique gotejando \u00e9 s\u00f3 usar essa curvinha de dreno para eliminar esse problema. e direcione para um vazo de planta. \u00a0 Compativel com os modelos\u00a0 \u00a0 Curva de dreno para condensador quente frio Compativel com Electrolux Di09R Curva de dreno para condensador quente frio Compativel com\u00a0Electrolux Di07R Curva de dreno para condensador quente frio Compativel com\u00a0Electrolux Di12R Curva de dreno para condensador quente frio Compativel com\u00a0Electrolux Pi09R Curva de dreno para condensador quente frio Compativel com\u00a0Electrolux Pi12R \u00a0 Curva de dreno para condensador quente frio Compativel com\u00a0MIDEA MSE1-09HR Curva de dreno para condensador quente frio Compativel com\u00a0MIDEA MSE1-12HR Curva de dreno para condensador quente frio Compativel com\u00a0MIDEA MSE1-18HR \u00a0 Curva de dreno para condensador quente frio Compativel com\u00a0Comfee 42mmqc07f5 Curva de dreno para condensador quente frio Compativel com\u00a0Comfee 42mmqc09f5 Curva de dreno para condensador quente frio Compativel com\u00a0Comfee 42mmqc12f5 Curva de dreno para condensador quente frio Compativel com\u00a0Comfee 42mmqc18f5 \u00a0 Curva de dreno para condensador quente frio Compativel com\u00a0Comfee MSM-09HR Curva de dreno para condensador quente frio Compativel com\u00a0Comfee MSM-12HR Curva de dreno para condensador quente frio Compativel com\u00a0Comfee MSM-18HR \u00a0 Curva de dreno para condensador quente frio Compativel com\u00a0Midea MSS-09HR Curva de dreno para condensador quente frio Compativel com\u00a0MIdea MSS-12HR Curva de dreno para condensador quente frio Compativel com\u00a0Midea MSS-18HR \u00a0 Curva de dreno para condensador quente frio Compativel com\u00a0Komeco Kos09fc Curva de dreno para condensador quente frio Compativel com\u00a0Komeco Kos12Qc \u00a0","og_url":"https:\/\/dualgree.com.br\/loja\/produto\/curva-de-dreno-do-condensador-quente-frio-comfee\/","og_site_name":"Loja - Dual Gree Servi\u00e7os | Pe\u00e7as","article_modified_time":"2026-02-11T16:00:03+00:00","og_image":[{"width":675,"height":1200,"url":"https:\/\/dualgree.com.br\/loja\/wp-content\/uploads\/2024\/07\/15285301651_DG2281Curva20de20dreno20para20condensadora.png","type":"image\/png"}],"twitter_card":"summary_large_image","schema":{"@context":"https:\/\/schema.org","@graph":[{"@type":"WebPage","@id":"https:\/\/dualgree.com.br\/loja\/produto\/curva-de-dreno-do-condensador-quente-frio-comfee\/","url":"https:\/\/dualgree.com.br\/loja\/produto\/curva-de-dreno-do-condensador-quente-frio-comfee\/","name":"Curva De Dreno Do Condensador Quente Frio Comfee Midea Springer - Loja - Dual Gree Servi\u00e7os | Pe\u00e7as","isPartOf":{"@id":"https:\/\/dualgree.com.br\/loja\/#website"},"primaryImageOfPage":{"@id":"https:\/\/dualgree.com.br\/loja\/produto\/curva-de-dreno-do-condensador-quente-frio-comfee\/#primaryimage"},"image":{"@id":"https:\/\/dualgree.com.br\/loja\/produto\/curva-de-dreno-do-condensador-quente-frio-comfee\/#primaryimage"},"thumbnailUrl":"https:\/\/dualgree.com.br\/loja\/wp-content\/uploads\/2024\/07\/15286954230_DG2281Curva20de20dreno20para20condensadora.png","datePublished":"2024-07-10T22:39:54+00:00","dateModified":"2026-02-11T16:00:03+00:00","breadcrumb":{"@id":"https:\/\/dualgree.com.br\/loja\/produto\/curva-de-dreno-do-condensador-quente-frio-comfee\/#breadcrumb"},"inLanguage":"pt-BR","potentialAction":[{"@type":"ReadAction","target":["https:\/\/dualgree.com.br\/loja\/produto\/curva-de-dreno-do-condensador-quente-frio-comfee\/"]}]},{"@type":"ImageObject","inLanguage":"pt-BR","@id":"https:\/\/dualgree.com.br\/loja\/produto\/curva-de-dreno-do-condensador-quente-frio-comfee\/#primaryimage","url":"https:\/\/dualgree.com.br\/loja\/wp-content\/uploads\/2024\/07\/15286954230_DG2281Curva20de20dreno20para20condensadora.png","contentUrl":"https:\/\/dualgree.com.br\/loja\/wp-content\/uploads\/2024\/07\/15286954230_DG2281Curva20de20dreno20para20condensadora.png","width":1280,"height":1280},{"@type":"BreadcrumbList","@id":"https:\/\/dualgree.com.br\/loja\/produto\/curva-de-dreno-do-condensador-quente-frio-comfee\/#breadcrumb","itemListElement":[{"@type":"ListItem","position":1,"name":"In\u00edcio","item":"https:\/\/dualgree.com.br\/loja\/"},{"@type":"ListItem","position":2,"name":"Loja &#8211; Cat\u00e1logo de Pe\u00e7as","item":"https:\/\/dualgree.com.br\/loja\/"},{"@type":"ListItem","position":3,"name":"Curva De Dreno Do Condensador Quente Frio Comfee Midea Springer"}]},{"@type":"WebSite","@id":"https:\/\/dualgree.com.br\/loja\/#website","url":"https:\/\/dualgree.com.br\/loja\/","name":"Loja - Dual Gree Servi\u00e7os | Partes e Pe\u00e7as","description":"Catalogo de Pe\u00e7as para ar condicionado","publisher":{"@id":"https:\/\/dualgree.com.br\/loja\/#organization"},"potentialAction":[{"@type":"SearchAction","target":{"@type":"EntryPoint","urlTemplate":"https:\/\/dualgree.com.br\/loja\/?s={search_term_string}"},"query-input":{"@type":"PropertyValueSpecification","valueRequired":true,"valueName":"search_term_string"}}],"inLanguage":"pt-BR"},{"@type":"Organization","@id":"https:\/\/dualgree.com.br\/loja\/#organization","name":"Loja Dual Gree Servi\u00e7o","url":"https:\/\/dualgree.com.br\/loja\/","logo":{"@type":"ImageObject","inLanguage":"pt-BR","@id":"https:\/\/dualgree.com.br\/loja\/#\/schema\/logo\/image\/","url":"https:\/\/dualgree.com.br\/loja\/wp-content\/uploads\/2024\/09\/teste-logo-ecommerce-dual-1-e1725909304971.png","contentUrl":"https:\/\/dualgree.com.br\/loja\/wp-content\/uploads\/2024\/09\/teste-logo-ecommerce-dual-1-e1725909304971.png","width":470,"height":157,"caption":"Loja Dual Gree Servi\u00e7o"},"image":{"@id":"https:\/\/dualgree.com.br\/loja\/#\/schema\/logo\/image\/"}}]}},"jetpack_publicize_connections":[],"jetpack_sharing_enabled":true,"jetpack_likes_enabled":true,"_links":{"self":[{"href":"https:\/\/dualgree.com.br\/loja\/wp-json\/wp\/v2\/product\/5037","targetHints":{"allow":["GET"]}}],"collection":[{"href":"https:\/\/dualgree.com.br\/loja\/wp-json\/wp\/v2\/product"}],"about":[{"href":"https:\/\/dualgree.com.br\/loja\/wp-json\/wp\/v2\/types\/product"}],"replies":[{"embeddable":true,"href":"https:\/\/dualgree.com.br\/loja\/wp-json\/wp\/v2\/comments?post=5037"}],"wp:featuredmedia":[{"embeddable":true,"href":"https:\/\/dualgree.com.br\/loja\/wp-json\/wp\/v2\/media\/5061"}],"wp:attachment":[{"href":"https:\/\/dualgree.com.br\/loja\/wp-json\/wp\/v2\/media?parent=5037"}],"wp:term":[{"taxonomy":"product_brand","embeddable":true,"href":"https:\/\/dualgree.com.br\/loja\/wp-json\/wp\/v2\/product_brand?post=5037"},{"taxonomy":"product_cat","embeddable":true,"href":"https:\/\/dualgree.com.br\/loja\/wp-json\/wp\/v2\/product_cat?post=5037"},{"taxonomy":"product_tag","embeddable":true,"href":"https:\/\/dualgree.com.br\/loja\/wp-json\/wp\/v2\/product_tag?post=5037"}],"curies":[{"name":"wp","href":"https:\/\/api.w.org\/{rel}","templated":true}]}}