{"id":5040,"date":"2024-07-12T21:27:01","date_gmt":"2024-07-12T21:27:01","guid":{"rendered":"https:\/\/dualgree.com.br\/loja\/produto\/motor-da-evaporadora-ar-condicionado-para-electrolux-fn20x-pg\/"},"modified":"2026-03-17T12:48:30","modified_gmt":"2026-03-17T12:48:30","slug":"motor-da-evaporadora-ar-condicionado-para-electrolux-fn20x-pg","status":"publish","type":"product","link":"https:\/\/dualgree.com.br\/loja\/produto\/motor-da-evaporadora-ar-condicionado-para-electrolux-fn20x-pg\/","title":{"rendered":"Motor Da Evaporadora FN20X-PG YY20-4A14-PG"},"content":{"rendered":"<p style=\"padding: 0px; line-height: 1.7; font-family: Roboto, 'Helvetica Neue', helvetica, 'Droid Sans', arial, sans-serif; vertical-align: baseline; border: 0px; color: #333333;\">IC616 &#8211; Motor\u00a0 da evaporadora ar condicionado Compativel\u00a0 Electrolux 12000 btus<\/p>\n<p style=\"padding: 0px; line-height: 1.7; font-family: Roboto, 'Helvetica Neue', helvetica, 'Droid Sans', arial, sans-serif; vertical-align: baseline; border: 0px; color: #333333;\">Modelo do motor YY20-4A14-PGModelo principal FN20X-PG<\/p>\n<p style=\"padding: 0px; line-height: 1.7; font-family: Roboto, 'Helvetica Neue', helvetica, 'Droid Sans', arial, sans-serif; vertical-align: baseline; border: 0px; color: #333333;\">20w<\/p>\n<p style=\"padding: 0px; line-height: 1.7; font-family: Roboto, 'Helvetica Neue', helvetica, 'Droid Sans', arial, sans-serif; vertical-align: baseline; border: 0px; color: #333333;\">Compativel com Electrolux<\/p>\n<p style=\"padding: 0px; line-height: 1.7; font-family: Roboto, 'Helvetica Neue', helvetica, 'Droid Sans', arial, sans-serif; vertical-align: baseline; border: 0px; color: #333333;\">Vi12f<\/p>\n<p style=\"padding: 0px; line-height: 1.7; font-family: Roboto, 'Helvetica Neue', helvetica, 'Droid Sans', arial, sans-serif; vertical-align: baseline; border: 0px; color: #333333;\">Bi12f<\/p>\n<p style=\"padding: 0px; line-height: 1.7; font-family: Roboto, 'Helvetica Neue', helvetica, 'Droid Sans', arial, sans-serif; vertical-align: baseline; border: 0px; color: #333333;\">Qi12f<\/p>\n<p style=\"padding: 0px; line-height: 1.7; font-family: Roboto, 'Helvetica Neue', helvetica, 'Droid Sans', arial, sans-serif; vertical-align: baseline; border: 0px; color: #333333;\">Oi12f<\/p>\n<p style=\"padding: 0px; line-height: 1.7; font-family: Roboto, 'Helvetica Neue', helvetica, 'Droid Sans', arial, sans-serif; vertical-align: baseline; border: 0px; color: #333333;\">Ti12f<\/p>\n<p style=\"padding: 0px; line-height: 1.7; font-family: Roboto, 'Helvetica Neue', helvetica, 'Droid Sans', arial, sans-serif; vertical-align: baseline; border: 0px; color: #333333;\">Vi12r<\/p>\n<p style=\"padding: 0px; line-height: 1.7; font-family: Roboto, 'Helvetica Neue', helvetica, 'Droid Sans', arial, sans-serif; vertical-align: baseline; border: 0px; color: #333333;\">Bi12r<\/p>\n<p style=\"padding: 0px; line-height: 1.7; font-family: Roboto, 'Helvetica Neue', helvetica, 'Droid Sans', arial, sans-serif; vertical-align: baseline; border: 0px; color: #333333;\">Qi12r<\/p>\n<p style=\"padding: 0px; line-height: 1.7; font-family: Roboto, 'Helvetica Neue', helvetica, 'Droid Sans', arial, sans-serif; vertical-align: baseline; border: 0px; color: #333333;\">Oi12r<\/p>\n<p style=\"padding: 0px; line-height: 1.7; font-family: Roboto, 'Helvetica Neue', helvetica, 'Droid Sans', arial, sans-serif; vertical-align: baseline; border: 0px; color: #333333;\">Ti12r<\/p>\n<p style=\"padding: 0px; line-height: 1.7; font-family: Roboto, 'Helvetica Neue', helvetica, 'Droid Sans', arial, sans-serif; vertical-align: baseline; border: 0px; color: #333333;\">Compativel com Gree:<\/p>\n<p style=\"padding: 0px; line-height: 1.7; font-family: Roboto, 'Helvetica Neue', helvetica, 'Droid Sans', arial, sans-serif; vertical-align: baseline; border: 0px; color: #333333;\">Motor da Evaporadora Gree GWC09AAB-D3NNA1C\/I.<\/p>\n<p style=\"padding: 0px; line-height: 1.7; font-family: Roboto, 'Helvetica Neue', helvetica, 'Droid Sans', arial, sans-serif; vertical-align: baseline; border: 0px; color: #333333;\">Motor da Evaporadora Gree GWC09ATB-D6DNA1A\/I.<\/p>\n<p style=\"padding: 0px; line-height: 1.7; font-family: Roboto, 'Helvetica Neue', helvetica, 'Droid Sans', arial, sans-serif; vertical-align: baseline; border: 0px; color: #333333;\">Motor da Evaporadora Gree GWC12ATB-D6DNA2A\/I.<\/p>\n<p style=\"padding: 0px; line-height: 1.7; font-family: Roboto, 'Helvetica Neue', helvetica, 'Droid Sans', arial, sans-serif; vertical-align: baseline; border: 0px; color: #333333;\">Motor da Evaporadora Gree GWC12ATBXA-D6DNA1A\/I.<\/p>\n<p style=\"padding: 0px; line-height: 1.7; font-family: Roboto, 'Helvetica Neue', helvetica, 'Droid Sans', arial, sans-serif; vertical-align: baseline; border: 0px; color: #333333;\">Motor da Evaporadora Gree GWC12MB-D1NNA3C\/I.<\/p>\n<p style=\"padding: 0px; line-height: 1.7; font-family: Roboto, 'Helvetica Neue', helvetica, 'Droid Sans', arial, sans-serif; vertical-align: baseline; border: 0px; color: #333333;\">Motor da Evaporadora Gree GWC12MB-D1NNA8F\/I.<\/p>\n<p style=\"padding: 0px; line-height: 1.7; font-family: Roboto, 'Helvetica Neue', helvetica, 'Droid Sans', arial, sans-serif; vertical-align: baseline; border: 0px; color: #333333;\">Motor da Evaporadora Gree GWC12MB-D1NNC3E\/I.<\/p>\n<p style=\"padding: 0px; line-height: 1.7; font-family: Roboto, 'Helvetica Neue', helvetica, 'Droid Sans', arial, sans-serif; vertical-align: baseline; border: 0px; color: #333333;\">Motor da Evaporadora Gree GWC12MB-D3DNC1F\/I.<\/p>\n<p style=\"padding: 0px; line-height: 1.7; font-family: Roboto, 'Helvetica Neue', helvetica, 'Droid Sans', arial, sans-serif; vertical-align: baseline; border: 0px; color: #333333;\">Motor da Evaporadora Gree GWH09AAB-D3NNA1C\/I.<\/p>\n<p style=\"padding: 0px; line-height: 1.7; font-family: Roboto, 'Helvetica Neue', helvetica, 'Droid Sans', arial, sans-serif; vertical-align: baseline; border: 0px; color: #333333;\">Motor da Evaporadora Gree GWH09ATB-D6DNA1A\/I.<\/p>\n<p style=\"padding: 0px; line-height: 1.7; font-family: Roboto, 'Helvetica Neue', helvetica, 'Droid Sans', arial, sans-serif; vertical-align: baseline; border: 0px; color: #333333;\">Motor da Evaporadora Gree GWH09QB-D3NNB4A\/I.<\/p>\n<p style=\"padding: 0px; line-height: 1.7; font-family: Roboto, 'Helvetica Neue', helvetica, 'Droid Sans', arial, sans-serif; vertical-align: baseline; border: 0px; color: #333333;\">Motor da Evaporadora Gree GWH12ATB-D6DNA2A\/I.<\/p>\n<p style=\"padding: 0px; line-height: 1.7; font-family: Roboto, 'Helvetica Neue', helvetica, 'Droid Sans', arial, sans-serif; vertical-align: baseline; border: 0px; color: #333333;\">Motor da Evaporadora Gree GWH12MB-D1NNA3C\/I.<\/p>\n<p style=\"padding: 0px; line-height: 1.7; font-family: Roboto, 'Helvetica Neue', helvetica, 'Droid Sans', arial, sans-serif; vertical-align: baseline; border: 0px; color: #333333;\">Motor da Evaporadora Gree GWH12MB-D1NNA8F\/I.<\/p>\n<p style=\"padding: 0px; line-height: 1.7; font-family: Roboto, 'Helvetica Neue', helvetica, 'Droid Sans', arial, sans-serif; vertical-align: baseline; border: 0px; color: #333333;\">Motor da Evaporadora Gree GWH12MB-D1NNC3E\/I.<\/p>\n<p style=\"padding: 0px; line-height: 1.7; font-family: Roboto, 'Helvetica Neue', helvetica, 'Droid Sans', arial, sans-serif; vertical-align: baseline; border: 0px; color: #333333;\">Motor da Evaporadora Gree GWH12MB-D3DNC1F\/I.<\/p>\n<p style=\"padding: 0px; line-height: 1.7; font-family: Roboto, 'Helvetica Neue', helvetica, 'Droid Sans', arial, sans-serif; vertical-align: baseline; border: 0px; color: #333333;\">Motor da Evaporadora Gree GWH18NC-D1NNA8A\/I.<\/p>\n<p style=\"padding: 0px; line-height: 1.7; font-family: Roboto, 'Helvetica Neue', helvetica, 'Droid Sans', arial, sans-serif; vertical-align: baseline; border: 0px; color: #333333;\">Marca do furo guia no eixo. para manter centralizado a turbina electrolux ou Gree 12000 btus<\/p>\n","protected":false},"excerpt":{"rendered":"<p>IC616 &#8211; Motor\u00a0 da evaporadora ar condicionado Compativel\u00a0 Electrolux 12000 btus Modelo do motor YY20-4A14-PGModelo principal FN20X-PG 20w Compativel com Electrolux Vi12f Bi12f Qi12f Oi12f Ti12f Vi12r Bi12r Qi12r Oi12r Ti12r Compativel com Gree: Motor da Evaporadora Gree GWC09AAB-D3NNA1C\/I. Motor da Evaporadora Gree GWC09ATB-D6DNA1A\/I. Motor da Evaporadora Gree GWC12ATB-D6DNA2A\/I. Motor da Evaporadora Gree GWC12ATBXA-D6DNA1A\/I. Motor&#8230;<\/p>\n","protected":false},"featured_media":12450,"comment_status":"open","ping_status":"closed","template":"","meta":{"_kadence_starter_templates_imported_post":false,"_kad_post_transparent":"default","_kad_post_title":"","_kad_post_layout":"default","_kad_post_sidebar_id":"","_kad_post_content_style":"default","_kad_post_vertical_padding":"default","_kad_post_feature":"","_kad_post_feature_position":"","_kad_post_header":false,"_kad_post_footer":false,"jetpack_publicize_message":"","jetpack_publicize_feature_enabled":true,"jetpack_social_post_already_shared":false,"jetpack_social_options":{"image_generator_settings":{"template":"highway","default_image_id":0,"font":"","enabled":false},"version":2}},"product_brand":[],"product_cat":[181,180,213],"product_tag":[],"class_list":{"0":"post-5040","1":"product","2":"type-product","3":"status-publish","4":"has-post-thumbnail","6":"product_cat-electrolux","7":"product_cat-gree","8":"product_cat-motor-da-evaporadora-split","10":"first","11":"instock","12":"sale","13":"shipping-taxable","14":"purchasable","15":"product-type-simple","16":"entry","17":"content-bg","18":"loop-entry"},"yoast_head":"<!-- This site is optimized with the Yoast SEO plugin v27.5 - https:\/\/yoast.com\/product\/yoast-seo-wordpress\/ -->\n<title>Motor Da Evaporadora FN20X-PG YY20-4A14-PG - Loja - Dual Gree Servi\u00e7os | Pe\u00e7as<\/title>\n<meta name=\"description\" content=\"Motor da evaporadora compativel com electrolux e gree garden, veja o seu modelo em descri\u00e7\u00e3o e fale com o vendendor. N\u00e3o compre errado\" \/>\n<meta name=\"robots\" content=\"index, follow, max-snippet:-1, max-image-preview:large, max-video-preview:-1\" \/>\n<link rel=\"canonical\" href=\"https:\/\/dualgree.com.br\/loja\/produto\/motor-da-evaporadora-ar-condicionado-para-electrolux-fn20x-pg\/\" \/>\n<meta property=\"og:locale\" content=\"pt_BR\" \/>\n<meta property=\"og:type\" content=\"article\" \/>\n<meta property=\"og:title\" content=\"Motor Da Evaporadora FN20X-PG YY20-4A14-PG - Loja - Dual Gree Servi\u00e7os | Pe\u00e7as\" \/>\n<meta property=\"og:description\" content=\"Motor da evaporadora compativel com electrolux e gree garden, veja o seu modelo em descri\u00e7\u00e3o e fale com o vendendor. N\u00e3o compre errado\" \/>\n<meta property=\"og:url\" content=\"https:\/\/dualgree.com.br\/loja\/produto\/motor-da-evaporadora-ar-condicionado-para-electrolux-fn20x-pg\/\" \/>\n<meta property=\"og:site_name\" content=\"Loja - Dual Gree Servi\u00e7os | Pe\u00e7as\" \/>\n<meta property=\"article:modified_time\" content=\"2026-03-17T12:48:30+00:00\" \/>\n<meta property=\"og:image\" content=\"https:\/\/dualgree.com.br\/loja\/wp-content\/uploads\/2025\/11\/15259196337-616-yyr20-4a14-pg-fn20x-pg.webp\" \/>\n\t<meta property=\"og:image:width\" content=\"1280\" \/>\n\t<meta property=\"og:image:height\" content=\"1280\" \/>\n\t<meta property=\"og:image:type\" content=\"image\/jpeg\" \/>\n<meta name=\"twitter:card\" content=\"summary_large_image\" \/>\n<meta name=\"twitter:label1\" content=\"Est. tempo de leitura\" \/>\n\t<meta name=\"twitter:data1\" content=\"1 minuto\" \/>\n<script type=\"application\/ld+json\" class=\"yoast-schema-graph\">{\"@context\":\"https:\\\/\\\/schema.org\",\"@graph\":[{\"@type\":\"WebPage\",\"@id\":\"https:\\\/\\\/dualgree.com.br\\\/loja\\\/produto\\\/motor-da-evaporadora-ar-condicionado-para-electrolux-fn20x-pg\\\/\",\"url\":\"https:\\\/\\\/dualgree.com.br\\\/loja\\\/produto\\\/motor-da-evaporadora-ar-condicionado-para-electrolux-fn20x-pg\\\/\",\"name\":\"Motor Da Evaporadora FN20X-PG YY20-4A14-PG - Loja - Dual Gree Servi\u00e7os | Pe\u00e7as\",\"isPartOf\":{\"@id\":\"https:\\\/\\\/dualgree.com.br\\\/loja\\\/#website\"},\"primaryImageOfPage\":{\"@id\":\"https:\\\/\\\/dualgree.com.br\\\/loja\\\/produto\\\/motor-da-evaporadora-ar-condicionado-para-electrolux-fn20x-pg\\\/#primaryimage\"},\"image\":{\"@id\":\"https:\\\/\\\/dualgree.com.br\\\/loja\\\/produto\\\/motor-da-evaporadora-ar-condicionado-para-electrolux-fn20x-pg\\\/#primaryimage\"},\"thumbnailUrl\":\"https:\\\/\\\/dualgree.com.br\\\/loja\\\/wp-content\\\/uploads\\\/2025\\\/11\\\/15259196337-616-yyr20-4a14-pg-fn20x-pg.webp\",\"datePublished\":\"2024-07-12T21:27:01+00:00\",\"dateModified\":\"2026-03-17T12:48:30+00:00\",\"description\":\"Motor da evaporadora compativel com electrolux e gree garden, veja o seu modelo em descri\u00e7\u00e3o e fale com o vendendor. N\u00e3o compre errado\",\"breadcrumb\":{\"@id\":\"https:\\\/\\\/dualgree.com.br\\\/loja\\\/produto\\\/motor-da-evaporadora-ar-condicionado-para-electrolux-fn20x-pg\\\/#breadcrumb\"},\"inLanguage\":\"pt-BR\",\"potentialAction\":[{\"@type\":\"ReadAction\",\"target\":[\"https:\\\/\\\/dualgree.com.br\\\/loja\\\/produto\\\/motor-da-evaporadora-ar-condicionado-para-electrolux-fn20x-pg\\\/\"]}]},{\"@type\":\"ImageObject\",\"inLanguage\":\"pt-BR\",\"@id\":\"https:\\\/\\\/dualgree.com.br\\\/loja\\\/produto\\\/motor-da-evaporadora-ar-condicionado-para-electrolux-fn20x-pg\\\/#primaryimage\",\"url\":\"https:\\\/\\\/dualgree.com.br\\\/loja\\\/wp-content\\\/uploads\\\/2025\\\/11\\\/15259196337-616-yyr20-4a14-pg-fn20x-pg.webp\",\"contentUrl\":\"https:\\\/\\\/dualgree.com.br\\\/loja\\\/wp-content\\\/uploads\\\/2025\\\/11\\\/15259196337-616-yyr20-4a14-pg-fn20x-pg.webp\",\"width\":1280,\"height\":1280},{\"@type\":\"BreadcrumbList\",\"@id\":\"https:\\\/\\\/dualgree.com.br\\\/loja\\\/produto\\\/motor-da-evaporadora-ar-condicionado-para-electrolux-fn20x-pg\\\/#breadcrumb\",\"itemListElement\":[{\"@type\":\"ListItem\",\"position\":1,\"name\":\"In\u00edcio\",\"item\":\"https:\\\/\\\/dualgree.com.br\\\/loja\\\/\"},{\"@type\":\"ListItem\",\"position\":2,\"name\":\"Loja &#8211; Cat\u00e1logo de Pe\u00e7as\",\"item\":\"https:\\\/\\\/dualgree.com.br\\\/loja\\\/\"},{\"@type\":\"ListItem\",\"position\":3,\"name\":\"Motor Da Evaporadora FN20X-PG YY20-4A14-PG\"}]},{\"@type\":\"WebSite\",\"@id\":\"https:\\\/\\\/dualgree.com.br\\\/loja\\\/#website\",\"url\":\"https:\\\/\\\/dualgree.com.br\\\/loja\\\/\",\"name\":\"Loja - Dual Gree Servi\u00e7os | Partes e Pe\u00e7as\",\"description\":\"Catalogo de Pe\u00e7as para ar condicionado\",\"publisher\":{\"@id\":\"https:\\\/\\\/dualgree.com.br\\\/loja\\\/#organization\"},\"potentialAction\":[{\"@type\":\"SearchAction\",\"target\":{\"@type\":\"EntryPoint\",\"urlTemplate\":\"https:\\\/\\\/dualgree.com.br\\\/loja\\\/?s={search_term_string}\"},\"query-input\":{\"@type\":\"PropertyValueSpecification\",\"valueRequired\":true,\"valueName\":\"search_term_string\"}}],\"inLanguage\":\"pt-BR\"},{\"@type\":\"Organization\",\"@id\":\"https:\\\/\\\/dualgree.com.br\\\/loja\\\/#organization\",\"name\":\"Loja Dual Gree Servi\u00e7o\",\"url\":\"https:\\\/\\\/dualgree.com.br\\\/loja\\\/\",\"logo\":{\"@type\":\"ImageObject\",\"inLanguage\":\"pt-BR\",\"@id\":\"https:\\\/\\\/dualgree.com.br\\\/loja\\\/#\\\/schema\\\/logo\\\/image\\\/\",\"url\":\"https:\\\/\\\/dualgree.com.br\\\/loja\\\/wp-content\\\/uploads\\\/2024\\\/09\\\/teste-logo-ecommerce-dual-1-e1725909304971.png\",\"contentUrl\":\"https:\\\/\\\/dualgree.com.br\\\/loja\\\/wp-content\\\/uploads\\\/2024\\\/09\\\/teste-logo-ecommerce-dual-1-e1725909304971.png\",\"width\":470,\"height\":157,\"caption\":\"Loja Dual Gree Servi\u00e7o\"},\"image\":{\"@id\":\"https:\\\/\\\/dualgree.com.br\\\/loja\\\/#\\\/schema\\\/logo\\\/image\\\/\"}}]}<\/script>\n<!-- \/ Yoast SEO plugin. -->","yoast_head_json":{"title":"Motor Da Evaporadora FN20X-PG YY20-4A14-PG - Loja - Dual Gree Servi\u00e7os | Pe\u00e7as","description":"Motor da evaporadora compativel com electrolux e gree garden, veja o seu modelo em descri\u00e7\u00e3o e fale com o vendendor. N\u00e3o compre errado","robots":{"index":"index","follow":"follow","max-snippet":"max-snippet:-1","max-image-preview":"max-image-preview:large","max-video-preview":"max-video-preview:-1"},"canonical":"https:\/\/dualgree.com.br\/loja\/produto\/motor-da-evaporadora-ar-condicionado-para-electrolux-fn20x-pg\/","og_locale":"pt_BR","og_type":"article","og_title":"Motor Da Evaporadora FN20X-PG YY20-4A14-PG - Loja - Dual Gree Servi\u00e7os | Pe\u00e7as","og_description":"Motor da evaporadora compativel com electrolux e gree garden, veja o seu modelo em descri\u00e7\u00e3o e fale com o vendendor. N\u00e3o compre errado","og_url":"https:\/\/dualgree.com.br\/loja\/produto\/motor-da-evaporadora-ar-condicionado-para-electrolux-fn20x-pg\/","og_site_name":"Loja - Dual Gree Servi\u00e7os | Pe\u00e7as","article_modified_time":"2026-03-17T12:48:30+00:00","og_image":[{"width":1280,"height":1280,"url":"https:\/\/dualgree.com.br\/loja\/wp-content\/uploads\/2025\/11\/15259196337-616-yyr20-4a14-pg-fn20x-pg.webp","type":"image\/jpeg"}],"twitter_card":"summary_large_image","twitter_misc":{"Est. tempo de leitura":"1 minuto"},"schema":{"@context":"https:\/\/schema.org","@graph":[{"@type":"WebPage","@id":"https:\/\/dualgree.com.br\/loja\/produto\/motor-da-evaporadora-ar-condicionado-para-electrolux-fn20x-pg\/","url":"https:\/\/dualgree.com.br\/loja\/produto\/motor-da-evaporadora-ar-condicionado-para-electrolux-fn20x-pg\/","name":"Motor Da Evaporadora FN20X-PG YY20-4A14-PG - Loja - Dual Gree Servi\u00e7os | Pe\u00e7as","isPartOf":{"@id":"https:\/\/dualgree.com.br\/loja\/#website"},"primaryImageOfPage":{"@id":"https:\/\/dualgree.com.br\/loja\/produto\/motor-da-evaporadora-ar-condicionado-para-electrolux-fn20x-pg\/#primaryimage"},"image":{"@id":"https:\/\/dualgree.com.br\/loja\/produto\/motor-da-evaporadora-ar-condicionado-para-electrolux-fn20x-pg\/#primaryimage"},"thumbnailUrl":"https:\/\/dualgree.com.br\/loja\/wp-content\/uploads\/2025\/11\/15259196337-616-yyr20-4a14-pg-fn20x-pg.webp","datePublished":"2024-07-12T21:27:01+00:00","dateModified":"2026-03-17T12:48:30+00:00","description":"Motor da evaporadora compativel com electrolux e gree garden, veja o seu modelo em descri\u00e7\u00e3o e fale com o vendendor. N\u00e3o compre errado","breadcrumb":{"@id":"https:\/\/dualgree.com.br\/loja\/produto\/motor-da-evaporadora-ar-condicionado-para-electrolux-fn20x-pg\/#breadcrumb"},"inLanguage":"pt-BR","potentialAction":[{"@type":"ReadAction","target":["https:\/\/dualgree.com.br\/loja\/produto\/motor-da-evaporadora-ar-condicionado-para-electrolux-fn20x-pg\/"]}]},{"@type":"ImageObject","inLanguage":"pt-BR","@id":"https:\/\/dualgree.com.br\/loja\/produto\/motor-da-evaporadora-ar-condicionado-para-electrolux-fn20x-pg\/#primaryimage","url":"https:\/\/dualgree.com.br\/loja\/wp-content\/uploads\/2025\/11\/15259196337-616-yyr20-4a14-pg-fn20x-pg.webp","contentUrl":"https:\/\/dualgree.com.br\/loja\/wp-content\/uploads\/2025\/11\/15259196337-616-yyr20-4a14-pg-fn20x-pg.webp","width":1280,"height":1280},{"@type":"BreadcrumbList","@id":"https:\/\/dualgree.com.br\/loja\/produto\/motor-da-evaporadora-ar-condicionado-para-electrolux-fn20x-pg\/#breadcrumb","itemListElement":[{"@type":"ListItem","position":1,"name":"In\u00edcio","item":"https:\/\/dualgree.com.br\/loja\/"},{"@type":"ListItem","position":2,"name":"Loja &#8211; Cat\u00e1logo de Pe\u00e7as","item":"https:\/\/dualgree.com.br\/loja\/"},{"@type":"ListItem","position":3,"name":"Motor Da Evaporadora FN20X-PG YY20-4A14-PG"}]},{"@type":"WebSite","@id":"https:\/\/dualgree.com.br\/loja\/#website","url":"https:\/\/dualgree.com.br\/loja\/","name":"Loja - Dual Gree Servi\u00e7os | Partes e Pe\u00e7as","description":"Catalogo de Pe\u00e7as para ar condicionado","publisher":{"@id":"https:\/\/dualgree.com.br\/loja\/#organization"},"potentialAction":[{"@type":"SearchAction","target":{"@type":"EntryPoint","urlTemplate":"https:\/\/dualgree.com.br\/loja\/?s={search_term_string}"},"query-input":{"@type":"PropertyValueSpecification","valueRequired":true,"valueName":"search_term_string"}}],"inLanguage":"pt-BR"},{"@type":"Organization","@id":"https:\/\/dualgree.com.br\/loja\/#organization","name":"Loja Dual Gree Servi\u00e7o","url":"https:\/\/dualgree.com.br\/loja\/","logo":{"@type":"ImageObject","inLanguage":"pt-BR","@id":"https:\/\/dualgree.com.br\/loja\/#\/schema\/logo\/image\/","url":"https:\/\/dualgree.com.br\/loja\/wp-content\/uploads\/2024\/09\/teste-logo-ecommerce-dual-1-e1725909304971.png","contentUrl":"https:\/\/dualgree.com.br\/loja\/wp-content\/uploads\/2024\/09\/teste-logo-ecommerce-dual-1-e1725909304971.png","width":470,"height":157,"caption":"Loja Dual Gree Servi\u00e7o"},"image":{"@id":"https:\/\/dualgree.com.br\/loja\/#\/schema\/logo\/image\/"}}]}},"jetpack_publicize_connections":[],"jetpack_sharing_enabled":true,"jetpack_likes_enabled":true,"_links":{"self":[{"href":"https:\/\/dualgree.com.br\/loja\/wp-json\/wp\/v2\/product\/5040","targetHints":{"allow":["GET"]}}],"collection":[{"href":"https:\/\/dualgree.com.br\/loja\/wp-json\/wp\/v2\/product"}],"about":[{"href":"https:\/\/dualgree.com.br\/loja\/wp-json\/wp\/v2\/types\/product"}],"replies":[{"embeddable":true,"href":"https:\/\/dualgree.com.br\/loja\/wp-json\/wp\/v2\/comments?post=5040"}],"wp:featuredmedia":[{"embeddable":true,"href":"https:\/\/dualgree.com.br\/loja\/wp-json\/wp\/v2\/media\/12450"}],"wp:attachment":[{"href":"https:\/\/dualgree.com.br\/loja\/wp-json\/wp\/v2\/media?parent=5040"}],"wp:term":[{"taxonomy":"product_brand","embeddable":true,"href":"https:\/\/dualgree.com.br\/loja\/wp-json\/wp\/v2\/product_brand?post=5040"},{"taxonomy":"product_cat","embeddable":true,"href":"https:\/\/dualgree.com.br\/loja\/wp-json\/wp\/v2\/product_cat?post=5040"},{"taxonomy":"product_tag","embeddable":true,"href":"https:\/\/dualgree.com.br\/loja\/wp-json\/wp\/v2\/product_tag?post=5040"}],"curies":[{"name":"wp","href":"https:\/\/api.w.org\/{rel}","templated":true}]}}