{"id":5705,"date":"2024-08-12T12:33:09","date_gmt":"2024-08-12T12:33:09","guid":{"rendered":"https:\/\/dualgree.com.br\/loja\/produto\/duto-de-exaustao-preto-15cm-rosca-esquerda\/"},"modified":"2025-05-26T16:13:57","modified_gmt":"2025-05-26T16:13:57","slug":"duto-de-exaustao-preto-15cm-rosca-esquerda","status":"publish","type":"product","link":"https:\/\/dualgree.com.br\/loja\/produto\/duto-de-exaustao-preto-15cm-rosca-esquerda\/","title":{"rendered":"Duto de exaustao preto 15cm rosca Esquerda para ar portatil"},"content":{"rendered":"","protected":false},"excerpt":{"rendered":"<p>DG4084 &#8211; Duto de exaustao preto 15cm rosca Esquerda<\/p>\n<p>Otima op\u00e7\u00e3o para quem quer diminiur a luz da rua ou do sol e o mais legal diminui a vis\u00e3o da sujeira que forma no tubo. Bacana n\u00e9.<\/p>\n<p><span style=\"font-family: arial, tahoma, verdana, helvetica; font-size: 14.72px;\">DUTO SAIDA DE EXAUST\u00c3O Preto 15CM<\/span><\/p>\n<p><br style=\"font-family: arial, tahoma, verdana, helvetica; font-size: 14.72px;\" \/><span style=\"font-family: arial, tahoma, verdana, helvetica; font-size: 14.72px;\">compativel com<\/span><br style=\"font-family: arial, tahoma, verdana, helvetica; font-size: 14.72px;\" \/><br style=\"font-family: arial, tahoma, verdana, helvetica; font-size: 14.72px;\" \/><span style=\"font-family: arial, tahoma, verdana, helvetica; font-size: 14.72px;\">&#8211; Philco pac11000f4<\/span><br style=\"font-family: arial, tahoma, verdana, helvetica; font-size: 14.72px;\" \/><span style=\"font-family: arial, tahoma, verdana, helvetica; font-size: 14.72px;\">&#8211; Philco PH10000f2<\/span><br style=\"font-family: arial, tahoma, verdana, helvetica; font-size: 14.72px;\" \/><span style=\"font-family: arial, tahoma, verdana, helvetica; font-size: 14.72px;\">&#8211; Philco PH11000f2<\/span><br style=\"font-family: arial, tahoma, verdana, helvetica; font-size: 14.72px;\" \/><span style=\"font-family: arial, tahoma, verdana, helvetica; font-size: 14.72px;\">&#8211; Philco pac11000f4<\/span><br style=\"font-family: arial, tahoma, verdana, helvetica; font-size: 14.72px;\" \/><span style=\"font-family: arial, tahoma, verdana, helvetica; font-size: 14.72px;\">&#8211; Philco pac12000f5<\/span><br style=\"font-family: arial, tahoma, verdana, helvetica; font-size: 14.72px;\" \/><span style=\"font-family: arial, tahoma, verdana, helvetica; font-size: 14.72px;\">&#8211; Philco pac11000f2<\/span><br style=\"font-family: arial, tahoma, verdana, helvetica; font-size: 14.72px;\" \/><span style=\"font-family: arial, tahoma, verdana, helvetica; font-size: 14.72px;\">&#8211; Philco pac10000f2<\/span><br style=\"font-family: arial, tahoma, verdana, helvetica; font-size: 14.72px;\" \/><br style=\"font-family: arial, tahoma, verdana, helvetica; font-size: 14.72px;\" \/><span style=\"font-family: arial, tahoma, verdana, helvetica; font-size: 14.72px;\">Midea Tango<\/span><br style=\"font-family: arial, tahoma, verdana, helvetica; font-size: 14.72px;\" \/><br style=\"font-family: arial, tahoma, verdana, helvetica; font-size: 14.72px;\" \/><span style=\"font-family: arial, tahoma, verdana, helvetica; font-size: 14.72px;\">&#8211; MPT-10CRV1<\/span><br style=\"font-family: arial, tahoma, verdana, helvetica; font-size: 14.72px;\" \/><span style=\"font-family: arial, tahoma, verdana, helvetica; font-size: 14.72px;\">&#8211; MPT-10CRV2<\/span><br style=\"font-family: arial, tahoma, verdana, helvetica; font-size: 14.72px;\" \/><span style=\"font-family: arial, tahoma, verdana, helvetica; font-size: 14.72px;\">&#8211; MPT-10HRV1<\/span><br style=\"font-family: arial, tahoma, verdana, helvetica; font-size: 14.72px;\" \/><span style=\"font-family: arial, tahoma, verdana, helvetica; font-size: 14.72px;\">&#8211; MPT-10HRV2<\/span><br style=\"font-family: arial, tahoma, verdana, helvetica; font-size: 14.72px;\" \/><br style=\"font-family: arial, tahoma, verdana, helvetica; font-size: 14.72px;\" \/><span style=\"font-family: arial, tahoma, verdana, helvetica; font-size: 14.72px;\">&#8211; MPB-12CRV1<\/span><br style=\"font-family: arial, tahoma, verdana, helvetica; font-size: 14.72px;\" \/><span style=\"font-family: arial, tahoma, verdana, helvetica; font-size: 14.72px;\">&#8211; MPB-12CRV2<\/span><br style=\"font-family: arial, tahoma, verdana, helvetica; font-size: 14.72px;\" \/><span style=\"font-family: arial, tahoma, verdana, helvetica; font-size: 14.72px;\">&#8211; MPN-12CRV1<\/span><br style=\"font-family: arial, tahoma, verdana, helvetica; font-size: 14.72px;\" \/><span style=\"font-family: arial, tahoma, verdana, helvetica; font-size: 14.72px;\">&#8211; MPN-12CRV2<\/span><br style=\"font-family: arial, tahoma, verdana, helvetica; font-size: 14.72px;\" \/><br style=\"font-family: arial, tahoma, verdana, helvetica; font-size: 14.72px;\" \/><span style=\"font-family: arial, tahoma, verdana, helvetica; font-size: 14.72px;\">COMFEE<\/span><br style=\"font-family: arial, tahoma, verdana, helvetica; font-size: 14.72px;\" \/><span style=\"font-family: arial, tahoma, verdana, helvetica; font-size: 14.72px;\">&#8211; MPS-09CRV1<\/span><br style=\"font-family: arial, tahoma, verdana, helvetica; font-size: 14.72px;\" \/><br style=\"font-family: arial, tahoma, verdana, helvetica; font-size: 14.72px;\" \/><span style=\"font-family: arial, tahoma, verdana, helvetica; font-size: 14.72px;\">Haier NPE-12C1<\/span><br style=\"font-family: arial, tahoma, verdana, helvetica; font-size: 14.72px;\" \/><br style=\"font-family: arial, tahoma, verdana, helvetica; font-size: 14.72px;\" \/><span style=\"font-family: arial, tahoma, verdana, helvetica; font-size: 14.72px;\">Schulz<\/span><br style=\"font-family: arial, tahoma, verdana, helvetica; font-size: 14.72px;\" \/><span style=\"font-family: arial, tahoma, verdana, helvetica; font-size: 14.72px;\">CAP10.000<\/span><br style=\"font-family: arial, tahoma, verdana, helvetica; font-size: 14.72px;\" \/><span style=\"font-family: arial, tahoma, verdana, helvetica; font-size: 14.72px;\">CAP12.000<\/span><\/p>\n","protected":false},"featured_media":7176,"comment_status":"open","ping_status":"closed","template":"","meta":{"_kadence_starter_templates_imported_post":false,"_kad_post_transparent":"default","_kad_post_title":"","_kad_post_layout":"default","_kad_post_sidebar_id":"","_kad_post_content_style":"default","_kad_post_vertical_padding":"default","_kad_post_feature":"","_kad_post_feature_position":"","_kad_post_header":false,"_kad_post_footer":false,"jetpack_publicize_message":"","jetpack_publicize_feature_enabled":true,"jetpack_social_post_already_shared":false,"jetpack_social_options":{"image_generator_settings":{"template":"highway","default_image_id":0,"font":"","enabled":false},"version":2}},"product_brand":[],"product_cat":[189,244,176,183,179],"product_tag":[],"class_list":{"0":"post-5705","1":"product","2":"type-product","3":"status-publish","4":"has-post-thumbnail","6":"product_cat-britania","7":"product_cat-duto-para-ar-portatil","8":"product_cat-midea","9":"product_cat-philco","10":"product_cat-springer","12":"first","13":"instock","14":"shipping-taxable","15":"purchasable","16":"product-type-variable","17":"entry","18":"content-bg","19":"loop-entry"},"yoast_head":"<!-- This site is optimized with the Yoast SEO plugin v27.5 - https:\/\/yoast.com\/product\/yoast-seo-wordpress\/ -->\n<title>Duto de exaustao preto 15cm rosca Esquerda para ar portatil - Loja - Dual Gree Servi\u00e7os | Pe\u00e7as<\/title>\n<meta name=\"robots\" content=\"index, follow, max-snippet:-1, max-image-preview:large, max-video-preview:-1\" \/>\n<link rel=\"canonical\" href=\"https:\/\/dualgree.com.br\/loja\/produto\/duto-de-exaustao-preto-15cm-rosca-esquerda\/\" \/>\n<meta property=\"og:locale\" content=\"pt_BR\" \/>\n<meta property=\"og:type\" content=\"article\" \/>\n<meta property=\"og:title\" content=\"Duto de exaustao preto 15cm rosca Esquerda para ar portatil - Loja - Dual Gree Servi\u00e7os | Pe\u00e7as\" \/>\n<meta property=\"og:description\" content=\"DG4084 - Duto de exaustao preto 15cm rosca Esquerda  Otima op\u00e7\u00e3o para quem quer diminiur a luz da rua ou do sol e o mais legal diminui a vis\u00e3o da sujeira que forma no tubo. Bacana n\u00e9.  DUTO SAIDA DE EXAUST\u00c3O Preto 15CM  compativel com- Philco pac11000f4- Philco PH10000f2- Philco PH11000f2- Philco pac11000f4- Philco pac12000f5- Philco pac11000f2- Philco pac10000f2Midea Tango- MPT-10CRV1- MPT-10CRV2- MPT-10HRV1- MPT-10HRV2- MPB-12CRV1- MPB-12CRV2- MPN-12CRV1- MPN-12CRV2COMFEE- MPS-09CRV1Haier NPE-12C1SchulzCAP10.000CAP12.000\" \/>\n<meta property=\"og:url\" content=\"https:\/\/dualgree.com.br\/loja\/produto\/duto-de-exaustao-preto-15cm-rosca-esquerda\/\" \/>\n<meta property=\"og:site_name\" content=\"Loja - Dual Gree Servi\u00e7os | Pe\u00e7as\" \/>\n<meta property=\"article:modified_time\" content=\"2025-05-26T16:13:57+00:00\" \/>\n<meta property=\"og:image\" content=\"https:\/\/dualgree.com.br\/loja\/wp-content\/uploads\/2024\/10\/15294328721-4084-duto-de-exaustao-preto-15cm-rosca-esquerda-2-3.jpeg\" \/>\n\t<meta property=\"og:image:width\" content=\"1280\" \/>\n\t<meta property=\"og:image:height\" content=\"1280\" \/>\n\t<meta property=\"og:image:type\" content=\"image\/jpeg\" \/>\n<meta name=\"twitter:card\" content=\"summary_large_image\" \/>\n<meta name=\"twitter:label1\" content=\"Est. tempo de leitura\" \/>\n\t<meta name=\"twitter:data1\" content=\"1 minuto\" \/>\n<script type=\"application\/ld+json\" class=\"yoast-schema-graph\">{\"@context\":\"https:\\\/\\\/schema.org\",\"@graph\":[{\"@type\":\"WebPage\",\"@id\":\"https:\\\/\\\/dualgree.com.br\\\/loja\\\/produto\\\/duto-de-exaustao-preto-15cm-rosca-esquerda\\\/\",\"url\":\"https:\\\/\\\/dualgree.com.br\\\/loja\\\/produto\\\/duto-de-exaustao-preto-15cm-rosca-esquerda\\\/\",\"name\":\"Duto de exaustao preto 15cm rosca Esquerda para ar portatil - Loja - Dual Gree Servi\u00e7os | Pe\u00e7as\",\"isPartOf\":{\"@id\":\"https:\\\/\\\/dualgree.com.br\\\/loja\\\/#website\"},\"primaryImageOfPage\":{\"@id\":\"https:\\\/\\\/dualgree.com.br\\\/loja\\\/produto\\\/duto-de-exaustao-preto-15cm-rosca-esquerda\\\/#primaryimage\"},\"image\":{\"@id\":\"https:\\\/\\\/dualgree.com.br\\\/loja\\\/produto\\\/duto-de-exaustao-preto-15cm-rosca-esquerda\\\/#primaryimage\"},\"thumbnailUrl\":\"https:\\\/\\\/dualgree.com.br\\\/loja\\\/wp-content\\\/uploads\\\/2024\\\/10\\\/15294328721-4084-duto-de-exaustao-preto-15cm-rosca-esquerda-2-3.jpeg\",\"datePublished\":\"2024-08-12T12:33:09+00:00\",\"dateModified\":\"2025-05-26T16:13:57+00:00\",\"breadcrumb\":{\"@id\":\"https:\\\/\\\/dualgree.com.br\\\/loja\\\/produto\\\/duto-de-exaustao-preto-15cm-rosca-esquerda\\\/#breadcrumb\"},\"inLanguage\":\"pt-BR\",\"potentialAction\":[{\"@type\":\"ReadAction\",\"target\":[\"https:\\\/\\\/dualgree.com.br\\\/loja\\\/produto\\\/duto-de-exaustao-preto-15cm-rosca-esquerda\\\/\"]}]},{\"@type\":\"ImageObject\",\"inLanguage\":\"pt-BR\",\"@id\":\"https:\\\/\\\/dualgree.com.br\\\/loja\\\/produto\\\/duto-de-exaustao-preto-15cm-rosca-esquerda\\\/#primaryimage\",\"url\":\"https:\\\/\\\/dualgree.com.br\\\/loja\\\/wp-content\\\/uploads\\\/2024\\\/10\\\/15294328721-4084-duto-de-exaustao-preto-15cm-rosca-esquerda-2-3.jpeg\",\"contentUrl\":\"https:\\\/\\\/dualgree.com.br\\\/loja\\\/wp-content\\\/uploads\\\/2024\\\/10\\\/15294328721-4084-duto-de-exaustao-preto-15cm-rosca-esquerda-2-3.jpeg\",\"width\":1280,\"height\":1280},{\"@type\":\"BreadcrumbList\",\"@id\":\"https:\\\/\\\/dualgree.com.br\\\/loja\\\/produto\\\/duto-de-exaustao-preto-15cm-rosca-esquerda\\\/#breadcrumb\",\"itemListElement\":[{\"@type\":\"ListItem\",\"position\":1,\"name\":\"In\u00edcio\",\"item\":\"https:\\\/\\\/dualgree.com.br\\\/loja\\\/\"},{\"@type\":\"ListItem\",\"position\":2,\"name\":\"Loja &#8211; Cat\u00e1logo de Pe\u00e7as\",\"item\":\"https:\\\/\\\/dualgree.com.br\\\/loja\\\/\"},{\"@type\":\"ListItem\",\"position\":3,\"name\":\"Duto de exaustao preto 15cm rosca Esquerda para ar portatil\"}]},{\"@type\":\"WebSite\",\"@id\":\"https:\\\/\\\/dualgree.com.br\\\/loja\\\/#website\",\"url\":\"https:\\\/\\\/dualgree.com.br\\\/loja\\\/\",\"name\":\"Loja - Dual Gree Servi\u00e7os | Partes e Pe\u00e7as\",\"description\":\"Catalogo de Pe\u00e7as para ar condicionado\",\"publisher\":{\"@id\":\"https:\\\/\\\/dualgree.com.br\\\/loja\\\/#organization\"},\"potentialAction\":[{\"@type\":\"SearchAction\",\"target\":{\"@type\":\"EntryPoint\",\"urlTemplate\":\"https:\\\/\\\/dualgree.com.br\\\/loja\\\/?s={search_term_string}\"},\"query-input\":{\"@type\":\"PropertyValueSpecification\",\"valueRequired\":true,\"valueName\":\"search_term_string\"}}],\"inLanguage\":\"pt-BR\"},{\"@type\":\"Organization\",\"@id\":\"https:\\\/\\\/dualgree.com.br\\\/loja\\\/#organization\",\"name\":\"Loja Dual Gree Servi\u00e7o\",\"url\":\"https:\\\/\\\/dualgree.com.br\\\/loja\\\/\",\"logo\":{\"@type\":\"ImageObject\",\"inLanguage\":\"pt-BR\",\"@id\":\"https:\\\/\\\/dualgree.com.br\\\/loja\\\/#\\\/schema\\\/logo\\\/image\\\/\",\"url\":\"https:\\\/\\\/dualgree.com.br\\\/loja\\\/wp-content\\\/uploads\\\/2024\\\/09\\\/teste-logo-ecommerce-dual-1-e1725909304971.png\",\"contentUrl\":\"https:\\\/\\\/dualgree.com.br\\\/loja\\\/wp-content\\\/uploads\\\/2024\\\/09\\\/teste-logo-ecommerce-dual-1-e1725909304971.png\",\"width\":470,\"height\":157,\"caption\":\"Loja Dual Gree Servi\u00e7o\"},\"image\":{\"@id\":\"https:\\\/\\\/dualgree.com.br\\\/loja\\\/#\\\/schema\\\/logo\\\/image\\\/\"}}]}<\/script>\n<!-- \/ Yoast SEO plugin. -->","yoast_head_json":{"title":"Duto de exaustao preto 15cm rosca Esquerda para ar portatil - Loja - Dual Gree Servi\u00e7os | Pe\u00e7as","robots":{"index":"index","follow":"follow","max-snippet":"max-snippet:-1","max-image-preview":"max-image-preview:large","max-video-preview":"max-video-preview:-1"},"canonical":"https:\/\/dualgree.com.br\/loja\/produto\/duto-de-exaustao-preto-15cm-rosca-esquerda\/","og_locale":"pt_BR","og_type":"article","og_title":"Duto de exaustao preto 15cm rosca Esquerda para ar portatil - Loja - Dual Gree Servi\u00e7os | Pe\u00e7as","og_description":"DG4084 - Duto de exaustao preto 15cm rosca Esquerda  Otima op\u00e7\u00e3o para quem quer diminiur a luz da rua ou do sol e o mais legal diminui a vis\u00e3o da sujeira que forma no tubo. Bacana n\u00e9.  DUTO SAIDA DE EXAUST\u00c3O Preto 15CM  compativel com- Philco pac11000f4- Philco PH10000f2- Philco PH11000f2- Philco pac11000f4- Philco pac12000f5- Philco pac11000f2- Philco pac10000f2Midea Tango- MPT-10CRV1- MPT-10CRV2- MPT-10HRV1- MPT-10HRV2- MPB-12CRV1- MPB-12CRV2- MPN-12CRV1- MPN-12CRV2COMFEE- MPS-09CRV1Haier NPE-12C1SchulzCAP10.000CAP12.000","og_url":"https:\/\/dualgree.com.br\/loja\/produto\/duto-de-exaustao-preto-15cm-rosca-esquerda\/","og_site_name":"Loja - Dual Gree Servi\u00e7os | Pe\u00e7as","article_modified_time":"2025-05-26T16:13:57+00:00","og_image":[{"width":1280,"height":1280,"url":"https:\/\/dualgree.com.br\/loja\/wp-content\/uploads\/2024\/10\/15294328721-4084-duto-de-exaustao-preto-15cm-rosca-esquerda-2-3.jpeg","type":"image\/jpeg"}],"twitter_card":"summary_large_image","twitter_misc":{"Est. tempo de leitura":"1 minuto"},"schema":{"@context":"https:\/\/schema.org","@graph":[{"@type":"WebPage","@id":"https:\/\/dualgree.com.br\/loja\/produto\/duto-de-exaustao-preto-15cm-rosca-esquerda\/","url":"https:\/\/dualgree.com.br\/loja\/produto\/duto-de-exaustao-preto-15cm-rosca-esquerda\/","name":"Duto de exaustao preto 15cm rosca Esquerda para ar portatil - Loja - Dual Gree Servi\u00e7os | Pe\u00e7as","isPartOf":{"@id":"https:\/\/dualgree.com.br\/loja\/#website"},"primaryImageOfPage":{"@id":"https:\/\/dualgree.com.br\/loja\/produto\/duto-de-exaustao-preto-15cm-rosca-esquerda\/#primaryimage"},"image":{"@id":"https:\/\/dualgree.com.br\/loja\/produto\/duto-de-exaustao-preto-15cm-rosca-esquerda\/#primaryimage"},"thumbnailUrl":"https:\/\/dualgree.com.br\/loja\/wp-content\/uploads\/2024\/10\/15294328721-4084-duto-de-exaustao-preto-15cm-rosca-esquerda-2-3.jpeg","datePublished":"2024-08-12T12:33:09+00:00","dateModified":"2025-05-26T16:13:57+00:00","breadcrumb":{"@id":"https:\/\/dualgree.com.br\/loja\/produto\/duto-de-exaustao-preto-15cm-rosca-esquerda\/#breadcrumb"},"inLanguage":"pt-BR","potentialAction":[{"@type":"ReadAction","target":["https:\/\/dualgree.com.br\/loja\/produto\/duto-de-exaustao-preto-15cm-rosca-esquerda\/"]}]},{"@type":"ImageObject","inLanguage":"pt-BR","@id":"https:\/\/dualgree.com.br\/loja\/produto\/duto-de-exaustao-preto-15cm-rosca-esquerda\/#primaryimage","url":"https:\/\/dualgree.com.br\/loja\/wp-content\/uploads\/2024\/10\/15294328721-4084-duto-de-exaustao-preto-15cm-rosca-esquerda-2-3.jpeg","contentUrl":"https:\/\/dualgree.com.br\/loja\/wp-content\/uploads\/2024\/10\/15294328721-4084-duto-de-exaustao-preto-15cm-rosca-esquerda-2-3.jpeg","width":1280,"height":1280},{"@type":"BreadcrumbList","@id":"https:\/\/dualgree.com.br\/loja\/produto\/duto-de-exaustao-preto-15cm-rosca-esquerda\/#breadcrumb","itemListElement":[{"@type":"ListItem","position":1,"name":"In\u00edcio","item":"https:\/\/dualgree.com.br\/loja\/"},{"@type":"ListItem","position":2,"name":"Loja &#8211; Cat\u00e1logo de Pe\u00e7as","item":"https:\/\/dualgree.com.br\/loja\/"},{"@type":"ListItem","position":3,"name":"Duto de exaustao preto 15cm rosca Esquerda para ar portatil"}]},{"@type":"WebSite","@id":"https:\/\/dualgree.com.br\/loja\/#website","url":"https:\/\/dualgree.com.br\/loja\/","name":"Loja - Dual Gree Servi\u00e7os | Partes e Pe\u00e7as","description":"Catalogo de Pe\u00e7as para ar condicionado","publisher":{"@id":"https:\/\/dualgree.com.br\/loja\/#organization"},"potentialAction":[{"@type":"SearchAction","target":{"@type":"EntryPoint","urlTemplate":"https:\/\/dualgree.com.br\/loja\/?s={search_term_string}"},"query-input":{"@type":"PropertyValueSpecification","valueRequired":true,"valueName":"search_term_string"}}],"inLanguage":"pt-BR"},{"@type":"Organization","@id":"https:\/\/dualgree.com.br\/loja\/#organization","name":"Loja Dual Gree Servi\u00e7o","url":"https:\/\/dualgree.com.br\/loja\/","logo":{"@type":"ImageObject","inLanguage":"pt-BR","@id":"https:\/\/dualgree.com.br\/loja\/#\/schema\/logo\/image\/","url":"https:\/\/dualgree.com.br\/loja\/wp-content\/uploads\/2024\/09\/teste-logo-ecommerce-dual-1-e1725909304971.png","contentUrl":"https:\/\/dualgree.com.br\/loja\/wp-content\/uploads\/2024\/09\/teste-logo-ecommerce-dual-1-e1725909304971.png","width":470,"height":157,"caption":"Loja Dual Gree Servi\u00e7o"},"image":{"@id":"https:\/\/dualgree.com.br\/loja\/#\/schema\/logo\/image\/"}}]}},"jetpack_publicize_connections":[],"jetpack_sharing_enabled":true,"jetpack_likes_enabled":true,"_links":{"self":[{"href":"https:\/\/dualgree.com.br\/loja\/wp-json\/wp\/v2\/product\/5705","targetHints":{"allow":["GET"]}}],"collection":[{"href":"https:\/\/dualgree.com.br\/loja\/wp-json\/wp\/v2\/product"}],"about":[{"href":"https:\/\/dualgree.com.br\/loja\/wp-json\/wp\/v2\/types\/product"}],"replies":[{"embeddable":true,"href":"https:\/\/dualgree.com.br\/loja\/wp-json\/wp\/v2\/comments?post=5705"}],"wp:featuredmedia":[{"embeddable":true,"href":"https:\/\/dualgree.com.br\/loja\/wp-json\/wp\/v2\/media\/7176"}],"wp:attachment":[{"href":"https:\/\/dualgree.com.br\/loja\/wp-json\/wp\/v2\/media?parent=5705"}],"wp:term":[{"taxonomy":"product_brand","embeddable":true,"href":"https:\/\/dualgree.com.br\/loja\/wp-json\/wp\/v2\/product_brand?post=5705"},{"taxonomy":"product_cat","embeddable":true,"href":"https:\/\/dualgree.com.br\/loja\/wp-json\/wp\/v2\/product_cat?post=5705"},{"taxonomy":"product_tag","embeddable":true,"href":"https:\/\/dualgree.com.br\/loja\/wp-json\/wp\/v2\/product_tag?post=5705"}],"curies":[{"name":"wp","href":"https:\/\/api.w.org\/{rel}","templated":true}]}}