{"id":5779,"date":"2024-08-12T21:16:18","date_gmt":"2024-08-12T21:16:18","guid":{"rendered":"https:\/\/dualgree.com.br\/loja\/produto\/kit-regua-porta-balcao-2-10m-com-conector-universal-13cm-e-15cm\/"},"modified":"2026-04-28T18:19:58","modified_gmt":"2026-04-28T18:19:58","slug":"kit-regua-porta-balcao-2-10m-com-conector-universal-13cm-e-15cm","status":"publish","type":"product","link":"https:\/\/dualgree.com.br\/loja\/produto\/kit-regua-porta-balcao-2-10m-com-conector-universal-13cm-e-15cm\/","title":{"rendered":"Kit Regua porta balc\u00e3o  2.10m Com conector Universal 13cm e..."},"content":{"rendered":"","protected":false},"excerpt":{"rendered":"<p><span style=\"font-family: arial, tahoma, verdana, helvetica; font-size: 14.72px;\">DG4092 -Kit Conjunto de Reguas com conector da regua para porta balc\u00e3o ar condicionado Portatil<\/span><br style=\"font-family: arial, tahoma, verdana, helvetica; font-size: 14.72px;\" \/><br style=\"font-family: arial, tahoma, verdana, helvetica; font-size: 14.72px;\" \/><span style=\"font-family: arial, tahoma, verdana, helvetica; font-size: 14.72px;\">Itens<\/span><br style=\"font-family: arial, tahoma, verdana, helvetica; font-size: 14.72px;\" \/><br style=\"font-family: arial, tahoma, verdana, helvetica; font-size: 14.72px;\" \/><span style=\"font-family: arial, tahoma, verdana, helvetica; font-size: 14.72px;\">1x Regua ajustavel at\u00e9 1,20M<\/span><br style=\"font-family: arial, tahoma, verdana, helvetica; font-size: 14.72px;\" \/><span style=\"font-family: arial, tahoma, verdana, helvetica; font-size: 14.72px;\">1x Extens\u00e3o Ajustavel At\u00e9 1,20M<\/span><br style=\"font-family: arial, tahoma, verdana, helvetica; font-size: 14.72px;\" \/><span style=\"font-family: arial, tahoma, verdana, helvetica; font-size: 14.72px;\">1x Conector da REgua universal para tubos 13cm rosca direita esquerda e 15cm somente rosca esquerda<\/span><\/p>\n<p><br style=\"font-family: arial, tahoma, verdana, helvetica; font-size: 14.72px;\" \/><span style=\"font-family: arial, tahoma, verdana, helvetica; font-size: 14.72px;\">Fale com o Vendedor sobre compatibilidade para seu ar condicionado portatil<\/span><\/p>\n<p><span style=\"font-family: arial, tahoma, verdana, helvetica; font-size: 14.72px;\">Compativel com<\/span><\/p>\n<p><span style=\"font-family: arial, tahoma, verdana, helvetica; font-size: 14.72px;\">Olimpia splendid<\/span><\/p>\n<p><span style=\"font-family: arial, tahoma, verdana, helvetica; font-size: 14.72px;\">Piu 12<\/span><\/p>\n<p><span style=\"font-family: arial, tahoma, verdana, helvetica; font-size: 14.72px;\">issimo 13<\/span><\/p>\n<p><span style=\"font-family: arial, tahoma, verdana, helvetica; font-size: 14.72px;\">issimo pure<\/span><\/p>\n<p><span style=\"font-family: arial, tahoma, verdana, helvetica; font-size: 14.72px;\">Silent Nano<\/span><\/p>\n<p><span style=\"font-family: arial, tahoma, verdana, helvetica; font-size: 14.72px;\">Piu 12hp<\/span><\/p>\n<p><span style=\"font-family: arial, tahoma, verdana, helvetica; font-size: 14.72px;\">Philco<\/span><\/p>\n<p><span style=\"font-family: arial, tahoma, verdana, helvetica; font-size: 14.72px;\">PH13000QF<\/span><\/p>\n<p><span style=\"font-family: arial, tahoma, verdana, helvetica; font-size: 14.72px;\">PH13000F<\/span><\/p>\n<p><span style=\"font-family: arial, tahoma, verdana, helvetica; font-size: 14.72px;\">PH11000F<\/span><\/p>\n<p><span style=\"font-family: arial, tahoma, verdana, helvetica; font-size: 14.72px;\">PH10000QF<\/span><\/p>\n<p><span style=\"font-family: arial, tahoma, verdana, helvetica; font-size: 14.72px;\">PH10000F<\/span><\/p>\n<p><span style=\"font-family: arial, tahoma, verdana, helvetica; font-size: 14.72px;\">PH10000QF<\/span><\/p>\n<p><span style=\"font-family: arial, tahoma, verdana, helvetica; font-size: 14.72px;\">Tec Home<\/span><\/p>\n<p><span style=\"font-family: arial, tahoma, verdana, helvetica; font-size: 14.72px;\">Tec10<\/span><\/p>\n<p><span style=\"font-family: arial, tahoma, verdana, helvetica; font-size: 14.72px;\">Delonghi<\/span><\/p>\n<p><span style=\"font-family: arial, tahoma, verdana, helvetica; font-size: 14.72px;\">pac c100<\/span><\/p>\n<p><span style=\"font-family: arial, tahoma, verdana, helvetica; font-size: 14.72px;\">pac c105<\/span><\/p>\n<p><span style=\"font-family: arial, tahoma, verdana, helvetica; font-size: 14.72px;\">pac we125<\/span><\/p>\n<p><span style=\"font-family: arial, tahoma, verdana, helvetica; font-size: 14.72px;\">pac An120<\/span><\/p>\n<p><span style=\"font-family: arial, tahoma, verdana, helvetica; font-size: 14.72px;\">pac N120br<\/span><\/p>\n<p><span style=\"font-family: arial, tahoma, verdana, helvetica; font-size: 14.72px;\">pac N130br<\/span><\/p>\n<p><span style=\"font-family: arial, tahoma, verdana, helvetica; font-size: 14.72px;\">Pac N145RF<\/span><\/p>\n<p><span style=\"font-family: arial, tahoma, verdana, helvetica; font-size: 14.72px;\">Pac CF220<\/span><\/p>\n<p><span style=\"font-family: arial, tahoma, verdana, helvetica; font-size: 14.72px;\">Ag100<\/span><\/p>\n<p><span style=\"font-family: arial, tahoma, verdana, helvetica; font-size: 14.72px;\">AG1000<\/span><\/p>\n<p><span style=\"font-family: arial, tahoma, verdana, helvetica; font-size: 14.72px;\">Electrolux<\/span><\/p>\n<p><span style=\"color: #333333; font-family: Lato, sans-serif;\">EAP12B5TSCRW<\/span><\/p>\n<p><span style=\"color: #333333; font-family: Lato, sans-serif;\">PO10R<\/span><\/p>\n<p>Gree<\/p>\n<p>GP12L12<\/p>\n<p>GP8L12<\/p>\n","protected":false},"featured_media":7526,"comment_status":"open","ping_status":"closed","template":"","meta":{"_kadence_starter_templates_imported_post":false,"_kad_post_transparent":"default","_kad_post_title":"","_kad_post_layout":"default","_kad_post_sidebar_id":"","_kad_post_content_style":"default","_kad_post_vertical_padding":"default","_kad_post_feature":"","_kad_post_feature_position":"","_kad_post_header":false,"_kad_post_footer":false,"jetpack_publicize_message":"","jetpack_publicize_feature_enabled":true,"jetpack_social_post_already_shared":false,"jetpack_social_options":{"image_generator_settings":{"template":"highway","default_image_id":0,"font":"","enabled":false},"version":2}},"product_brand":[],"product_cat":[225,181,180,245,202,243,297,183,246,258],"product_tag":[],"class_list":{"0":"post-5779","1":"product","2":"type-product","3":"status-publish","4":"has-post-thumbnail","6":"product_cat-delonghi","7":"product_cat-electrolux","8":"product_cat-gree","9":"product_cat-kit-duto-ar-portatil","10":"product_cat-komeco","11":"product_cat-olimpia-splendid","12":"product_cat-phaser","13":"product_cat-philco","14":"product_cat-tcl","15":"product_cat-techome","17":"first","18":"instock","19":"shipping-taxable","20":"purchasable","21":"product-type-simple","22":"entry","23":"content-bg","24":"loop-entry"},"yoast_head":"<!-- This site is optimized with the Yoast SEO plugin v27.5 - https:\/\/yoast.com\/product\/yoast-seo-wordpress\/ -->\n<title>Kit Regua porta balc\u00e3o 2.10m Com conector Universal 13cm e 15cm - Loja - Dual Gree Servi\u00e7os | Pe\u00e7as<\/title>\n<meta name=\"robots\" content=\"index, follow, max-snippet:-1, max-image-preview:large, max-video-preview:-1\" \/>\n<link rel=\"canonical\" href=\"https:\/\/dualgree.com.br\/loja\/produto\/kit-regua-porta-balcao-2-10m-com-conector-universal-13cm-e-15cm\/\" \/>\n<meta property=\"og:locale\" content=\"pt_BR\" \/>\n<meta property=\"og:type\" content=\"article\" \/>\n<meta property=\"og:title\" content=\"Kit Regua porta balc\u00e3o 2.10m Com conector Universal 13cm e 15cm - Loja - Dual Gree Servi\u00e7os | Pe\u00e7as\" \/>\n<meta property=\"og:description\" content=\"DG4092 -Kit Conjunto de Reguas com conector da regua para porta balc\u00e3o ar condicionado PortatilItens1x Regua ajustavel at\u00e9 1,20M1x Extens\u00e3o Ajustavel At\u00e9 1,20M1x Conector da REgua universal para tubos 13cm rosca direita esquerda e 15cm somente rosca esquerda  Fale com o Vendedor sobre compatibilidade para seu ar condicionado portatil  Compativel com  Olimpia splendid  Piu 12  issimo 13  issimo pure  Silent Nano  Piu 12hp  Philco  PH13000QF  PH13000F  PH11000F  PH10000QF  PH10000F  PH10000QF  Tec Home  Tec10  Delonghi  pac c100  pac c105  pac we125  pac An120  pac N120br  pac N130br  Pac N145RF  Pac CF220  Ag100  AG1000  Electrolux  EAP12B5TSCRW  PO10R  Gree  GP12L12  GP8L12\" \/>\n<meta property=\"og:url\" content=\"https:\/\/dualgree.com.br\/loja\/produto\/kit-regua-porta-balcao-2-10m-com-conector-universal-13cm-e-15cm\/\" \/>\n<meta property=\"og:site_name\" content=\"Loja - Dual Gree Servi\u00e7os | Pe\u00e7as\" \/>\n<meta property=\"article:modified_time\" content=\"2026-04-28T18:19:58+00:00\" \/>\n<meta property=\"og:image\" content=\"https:\/\/dualgree.com.br\/loja\/wp-content\/uploads\/2024\/10\/15294712226-dg4092.jpeg\" \/>\n\t<meta property=\"og:image:width\" content=\"1280\" \/>\n\t<meta property=\"og:image:height\" content=\"1280\" \/>\n\t<meta property=\"og:image:type\" content=\"image\/jpeg\" \/>\n<meta name=\"twitter:card\" content=\"summary_large_image\" \/>\n<meta name=\"twitter:label1\" content=\"Est. tempo de leitura\" \/>\n\t<meta name=\"twitter:data1\" content=\"1 minuto\" \/>\n<script type=\"application\/ld+json\" class=\"yoast-schema-graph\">{\"@context\":\"https:\\\/\\\/schema.org\",\"@graph\":[{\"@type\":\"WebPage\",\"@id\":\"https:\\\/\\\/dualgree.com.br\\\/loja\\\/produto\\\/kit-regua-porta-balcao-2-10m-com-conector-universal-13cm-e-15cm\\\/\",\"url\":\"https:\\\/\\\/dualgree.com.br\\\/loja\\\/produto\\\/kit-regua-porta-balcao-2-10m-com-conector-universal-13cm-e-15cm\\\/\",\"name\":\"Kit Regua porta balc\u00e3o 2.10m Com conector Universal 13cm e 15cm - Loja - Dual Gree Servi\u00e7os | Pe\u00e7as\",\"isPartOf\":{\"@id\":\"https:\\\/\\\/dualgree.com.br\\\/loja\\\/#website\"},\"primaryImageOfPage\":{\"@id\":\"https:\\\/\\\/dualgree.com.br\\\/loja\\\/produto\\\/kit-regua-porta-balcao-2-10m-com-conector-universal-13cm-e-15cm\\\/#primaryimage\"},\"image\":{\"@id\":\"https:\\\/\\\/dualgree.com.br\\\/loja\\\/produto\\\/kit-regua-porta-balcao-2-10m-com-conector-universal-13cm-e-15cm\\\/#primaryimage\"},\"thumbnailUrl\":\"https:\\\/\\\/dualgree.com.br\\\/loja\\\/wp-content\\\/uploads\\\/2024\\\/10\\\/15294712226-dg4092.jpeg\",\"datePublished\":\"2024-08-12T21:16:18+00:00\",\"dateModified\":\"2026-04-28T18:19:58+00:00\",\"breadcrumb\":{\"@id\":\"https:\\\/\\\/dualgree.com.br\\\/loja\\\/produto\\\/kit-regua-porta-balcao-2-10m-com-conector-universal-13cm-e-15cm\\\/#breadcrumb\"},\"inLanguage\":\"pt-BR\",\"potentialAction\":[{\"@type\":\"ReadAction\",\"target\":[\"https:\\\/\\\/dualgree.com.br\\\/loja\\\/produto\\\/kit-regua-porta-balcao-2-10m-com-conector-universal-13cm-e-15cm\\\/\"]}]},{\"@type\":\"ImageObject\",\"inLanguage\":\"pt-BR\",\"@id\":\"https:\\\/\\\/dualgree.com.br\\\/loja\\\/produto\\\/kit-regua-porta-balcao-2-10m-com-conector-universal-13cm-e-15cm\\\/#primaryimage\",\"url\":\"https:\\\/\\\/dualgree.com.br\\\/loja\\\/wp-content\\\/uploads\\\/2024\\\/10\\\/15294712226-dg4092.jpeg\",\"contentUrl\":\"https:\\\/\\\/dualgree.com.br\\\/loja\\\/wp-content\\\/uploads\\\/2024\\\/10\\\/15294712226-dg4092.jpeg\",\"width\":1280,\"height\":1280,\"caption\":\"Kit porta balcao para ar condicionado portatil\"},{\"@type\":\"BreadcrumbList\",\"@id\":\"https:\\\/\\\/dualgree.com.br\\\/loja\\\/produto\\\/kit-regua-porta-balcao-2-10m-com-conector-universal-13cm-e-15cm\\\/#breadcrumb\",\"itemListElement\":[{\"@type\":\"ListItem\",\"position\":1,\"name\":\"In\u00edcio\",\"item\":\"https:\\\/\\\/dualgree.com.br\\\/loja\\\/\"},{\"@type\":\"ListItem\",\"position\":2,\"name\":\"Loja &#8211; Cat\u00e1logo de Pe\u00e7as\",\"item\":\"https:\\\/\\\/dualgree.com.br\\\/loja\\\/\"},{\"@type\":\"ListItem\",\"position\":3,\"name\":\"Kit Regua porta balc\u00e3o 2.10m Com conector Universal 13cm e...\"}]},{\"@type\":\"WebSite\",\"@id\":\"https:\\\/\\\/dualgree.com.br\\\/loja\\\/#website\",\"url\":\"https:\\\/\\\/dualgree.com.br\\\/loja\\\/\",\"name\":\"Loja - Dual Gree Servi\u00e7os | Partes e Pe\u00e7as\",\"description\":\"Catalogo de Pe\u00e7as para ar condicionado\",\"publisher\":{\"@id\":\"https:\\\/\\\/dualgree.com.br\\\/loja\\\/#organization\"},\"potentialAction\":[{\"@type\":\"SearchAction\",\"target\":{\"@type\":\"EntryPoint\",\"urlTemplate\":\"https:\\\/\\\/dualgree.com.br\\\/loja\\\/?s={search_term_string}\"},\"query-input\":{\"@type\":\"PropertyValueSpecification\",\"valueRequired\":true,\"valueName\":\"search_term_string\"}}],\"inLanguage\":\"pt-BR\"},{\"@type\":\"Organization\",\"@id\":\"https:\\\/\\\/dualgree.com.br\\\/loja\\\/#organization\",\"name\":\"Loja Dual Gree Servi\u00e7o\",\"url\":\"https:\\\/\\\/dualgree.com.br\\\/loja\\\/\",\"logo\":{\"@type\":\"ImageObject\",\"inLanguage\":\"pt-BR\",\"@id\":\"https:\\\/\\\/dualgree.com.br\\\/loja\\\/#\\\/schema\\\/logo\\\/image\\\/\",\"url\":\"https:\\\/\\\/dualgree.com.br\\\/loja\\\/wp-content\\\/uploads\\\/2024\\\/09\\\/teste-logo-ecommerce-dual-1-e1725909304971.png\",\"contentUrl\":\"https:\\\/\\\/dualgree.com.br\\\/loja\\\/wp-content\\\/uploads\\\/2024\\\/09\\\/teste-logo-ecommerce-dual-1-e1725909304971.png\",\"width\":470,\"height\":157,\"caption\":\"Loja Dual Gree Servi\u00e7o\"},\"image\":{\"@id\":\"https:\\\/\\\/dualgree.com.br\\\/loja\\\/#\\\/schema\\\/logo\\\/image\\\/\"}}]}<\/script>\n<!-- \/ Yoast SEO plugin. -->","yoast_head_json":{"title":"Kit Regua porta balc\u00e3o 2.10m Com conector Universal 13cm e 15cm - Loja - Dual Gree Servi\u00e7os | Pe\u00e7as","robots":{"index":"index","follow":"follow","max-snippet":"max-snippet:-1","max-image-preview":"max-image-preview:large","max-video-preview":"max-video-preview:-1"},"canonical":"https:\/\/dualgree.com.br\/loja\/produto\/kit-regua-porta-balcao-2-10m-com-conector-universal-13cm-e-15cm\/","og_locale":"pt_BR","og_type":"article","og_title":"Kit Regua porta balc\u00e3o 2.10m Com conector Universal 13cm e 15cm - Loja - Dual Gree Servi\u00e7os | Pe\u00e7as","og_description":"DG4092 -Kit Conjunto de Reguas com conector da regua para porta balc\u00e3o ar condicionado PortatilItens1x Regua ajustavel at\u00e9 1,20M1x Extens\u00e3o Ajustavel At\u00e9 1,20M1x Conector da REgua universal para tubos 13cm rosca direita esquerda e 15cm somente rosca esquerda  Fale com o Vendedor sobre compatibilidade para seu ar condicionado portatil  Compativel com  Olimpia splendid  Piu 12  issimo 13  issimo pure  Silent Nano  Piu 12hp  Philco  PH13000QF  PH13000F  PH11000F  PH10000QF  PH10000F  PH10000QF  Tec Home  Tec10  Delonghi  pac c100  pac c105  pac we125  pac An120  pac N120br  pac N130br  Pac N145RF  Pac CF220  Ag100  AG1000  Electrolux  EAP12B5TSCRW  PO10R  Gree  GP12L12  GP8L12","og_url":"https:\/\/dualgree.com.br\/loja\/produto\/kit-regua-porta-balcao-2-10m-com-conector-universal-13cm-e-15cm\/","og_site_name":"Loja - Dual Gree Servi\u00e7os | Pe\u00e7as","article_modified_time":"2026-04-28T18:19:58+00:00","og_image":[{"width":1280,"height":1280,"url":"https:\/\/dualgree.com.br\/loja\/wp-content\/uploads\/2024\/10\/15294712226-dg4092.jpeg","type":"image\/jpeg"}],"twitter_card":"summary_large_image","twitter_misc":{"Est. tempo de leitura":"1 minuto"},"schema":{"@context":"https:\/\/schema.org","@graph":[{"@type":"WebPage","@id":"https:\/\/dualgree.com.br\/loja\/produto\/kit-regua-porta-balcao-2-10m-com-conector-universal-13cm-e-15cm\/","url":"https:\/\/dualgree.com.br\/loja\/produto\/kit-regua-porta-balcao-2-10m-com-conector-universal-13cm-e-15cm\/","name":"Kit Regua porta balc\u00e3o 2.10m Com conector Universal 13cm e 15cm - Loja - Dual Gree Servi\u00e7os | Pe\u00e7as","isPartOf":{"@id":"https:\/\/dualgree.com.br\/loja\/#website"},"primaryImageOfPage":{"@id":"https:\/\/dualgree.com.br\/loja\/produto\/kit-regua-porta-balcao-2-10m-com-conector-universal-13cm-e-15cm\/#primaryimage"},"image":{"@id":"https:\/\/dualgree.com.br\/loja\/produto\/kit-regua-porta-balcao-2-10m-com-conector-universal-13cm-e-15cm\/#primaryimage"},"thumbnailUrl":"https:\/\/dualgree.com.br\/loja\/wp-content\/uploads\/2024\/10\/15294712226-dg4092.jpeg","datePublished":"2024-08-12T21:16:18+00:00","dateModified":"2026-04-28T18:19:58+00:00","breadcrumb":{"@id":"https:\/\/dualgree.com.br\/loja\/produto\/kit-regua-porta-balcao-2-10m-com-conector-universal-13cm-e-15cm\/#breadcrumb"},"inLanguage":"pt-BR","potentialAction":[{"@type":"ReadAction","target":["https:\/\/dualgree.com.br\/loja\/produto\/kit-regua-porta-balcao-2-10m-com-conector-universal-13cm-e-15cm\/"]}]},{"@type":"ImageObject","inLanguage":"pt-BR","@id":"https:\/\/dualgree.com.br\/loja\/produto\/kit-regua-porta-balcao-2-10m-com-conector-universal-13cm-e-15cm\/#primaryimage","url":"https:\/\/dualgree.com.br\/loja\/wp-content\/uploads\/2024\/10\/15294712226-dg4092.jpeg","contentUrl":"https:\/\/dualgree.com.br\/loja\/wp-content\/uploads\/2024\/10\/15294712226-dg4092.jpeg","width":1280,"height":1280,"caption":"Kit porta balcao para ar condicionado portatil"},{"@type":"BreadcrumbList","@id":"https:\/\/dualgree.com.br\/loja\/produto\/kit-regua-porta-balcao-2-10m-com-conector-universal-13cm-e-15cm\/#breadcrumb","itemListElement":[{"@type":"ListItem","position":1,"name":"In\u00edcio","item":"https:\/\/dualgree.com.br\/loja\/"},{"@type":"ListItem","position":2,"name":"Loja &#8211; Cat\u00e1logo de Pe\u00e7as","item":"https:\/\/dualgree.com.br\/loja\/"},{"@type":"ListItem","position":3,"name":"Kit Regua porta balc\u00e3o 2.10m Com conector Universal 13cm e..."}]},{"@type":"WebSite","@id":"https:\/\/dualgree.com.br\/loja\/#website","url":"https:\/\/dualgree.com.br\/loja\/","name":"Loja - Dual Gree Servi\u00e7os | Partes e Pe\u00e7as","description":"Catalogo de Pe\u00e7as para ar condicionado","publisher":{"@id":"https:\/\/dualgree.com.br\/loja\/#organization"},"potentialAction":[{"@type":"SearchAction","target":{"@type":"EntryPoint","urlTemplate":"https:\/\/dualgree.com.br\/loja\/?s={search_term_string}"},"query-input":{"@type":"PropertyValueSpecification","valueRequired":true,"valueName":"search_term_string"}}],"inLanguage":"pt-BR"},{"@type":"Organization","@id":"https:\/\/dualgree.com.br\/loja\/#organization","name":"Loja Dual Gree Servi\u00e7o","url":"https:\/\/dualgree.com.br\/loja\/","logo":{"@type":"ImageObject","inLanguage":"pt-BR","@id":"https:\/\/dualgree.com.br\/loja\/#\/schema\/logo\/image\/","url":"https:\/\/dualgree.com.br\/loja\/wp-content\/uploads\/2024\/09\/teste-logo-ecommerce-dual-1-e1725909304971.png","contentUrl":"https:\/\/dualgree.com.br\/loja\/wp-content\/uploads\/2024\/09\/teste-logo-ecommerce-dual-1-e1725909304971.png","width":470,"height":157,"caption":"Loja Dual Gree Servi\u00e7o"},"image":{"@id":"https:\/\/dualgree.com.br\/loja\/#\/schema\/logo\/image\/"}}]}},"jetpack_publicize_connections":[],"jetpack_sharing_enabled":true,"jetpack_likes_enabled":true,"_links":{"self":[{"href":"https:\/\/dualgree.com.br\/loja\/wp-json\/wp\/v2\/product\/5779","targetHints":{"allow":["GET"]}}],"collection":[{"href":"https:\/\/dualgree.com.br\/loja\/wp-json\/wp\/v2\/product"}],"about":[{"href":"https:\/\/dualgree.com.br\/loja\/wp-json\/wp\/v2\/types\/product"}],"replies":[{"embeddable":true,"href":"https:\/\/dualgree.com.br\/loja\/wp-json\/wp\/v2\/comments?post=5779"}],"wp:featuredmedia":[{"embeddable":true,"href":"https:\/\/dualgree.com.br\/loja\/wp-json\/wp\/v2\/media\/7526"}],"wp:attachment":[{"href":"https:\/\/dualgree.com.br\/loja\/wp-json\/wp\/v2\/media?parent=5779"}],"wp:term":[{"taxonomy":"product_brand","embeddable":true,"href":"https:\/\/dualgree.com.br\/loja\/wp-json\/wp\/v2\/product_brand?post=5779"},{"taxonomy":"product_cat","embeddable":true,"href":"https:\/\/dualgree.com.br\/loja\/wp-json\/wp\/v2\/product_cat?post=5779"},{"taxonomy":"product_tag","embeddable":true,"href":"https:\/\/dualgree.com.br\/loja\/wp-json\/wp\/v2\/product_tag?post=5779"}],"curies":[{"name":"wp","href":"https:\/\/api.w.org\/{rel}","templated":true}]}}