{"id":5857,"date":"2024-08-14T20:43:42","date_gmt":"2024-08-14T20:43:42","guid":{"rendered":"https:\/\/dualgree.com.br\/loja\/produto\/placa-display-visor-ar-condicionado-samsung-db41-01017a-com-cabo\/"},"modified":"2025-07-08T20:06:58","modified_gmt":"2025-07-08T20:06:58","slug":"placa-display-visor-ar-condicionado-samsung-db41-01017a-com-cabo","status":"publish","type":"product","link":"https:\/\/dualgree.com.br\/loja\/produto\/placa-display-visor-ar-condicionado-samsung-db41-01017a-com-cabo\/","title":{"rendered":"Placa Display Visor Ar Condicionado Samsung inverter Db41-01..."},"content":{"rendered":"","protected":false},"excerpt":{"rendered":"<p><span>Ic1004-Placa display do ar condicionado split Samsung<\/span><\/p>\n<p>\u00a0<\/p>\n<p>Display da Evaporadora Samsung Smart Inverter 7.000 a 24.000 Btus DB93-10861A<\/p>\n<p>\u00a0<\/p>\n<p>\u00a0<\/p>\n<p style=\"font-family: Roboto, sans-serif;margin-bottom: 14px;padding: 0px;border: 0px;position: static;color: #666666;font-size: 16px\">COMPAT\u00cdVEL COM OS MODELOS DE\u00a0<strong style=\"font-family: inherit;margin: 0px;padding: 0px;color: inherit !important\">AR CONDICIONADO SAMSUNG:<\/strong><\/p>\n<ul style=\"font-family: Roboto, sans-serif;margin: 0px 0px 0px 1.1125rem;padding: 0px;border: 0px;color: #666666;font-size: 16px\">\n<li style=\"font-family: inherit;margin: 0px;padding: 0px;border: 0px;color: inherit !important\">AJ007NBRDCH\/AZ<\/li>\n<li style=\"font-family: inherit;margin: 0px;padding: 0px;border: 0px;color: inherit !important\">AJ009JBRDCH\/AZ<\/li>\n<li style=\"font-family: inherit;margin: 0px;padding: 0px;border: 0px;color: inherit !important\">AJ009NBRDCH\/AZ<\/li>\n<li style=\"font-family: inherit;margin: 0px;padding: 0px;border: 0px;color: inherit !important\">AJ012JBRDCH\/AZ<\/li>\n<li style=\"font-family: inherit;margin: 0px;padding: 0px;border: 0px;color: inherit !important\">AJ012NBRDCH\/AZ<\/li>\n<li style=\"font-family: inherit;margin: 0px;padding: 0px;border: 0px;color: inherit !important\">AJ018JBRDCH\/AZ<\/li>\n<li style=\"font-family: inherit;margin: 0px;padding: 0px;border: 0px;color: inherit !important\">AJ018NBRDCH\/AZ<\/li>\n<li style=\"font-family: inherit;margin: 0px;padding: 0px;border: 0px;color: inherit !important\">AJ024JBRDCH\/AZ<\/li>\n<li style=\"font-family: inherit;margin: 0px;padding: 0px;border: 0px;color: inherit !important\">AJ024NBRDCH\/AZ<\/li>\n<li style=\"font-family: inherit;margin: 0px;padding: 0px;border: 0px;color: inherit !important\">AQV09PSBTXAZ<\/li>\n<li style=\"font-family: inherit;margin: 0px;padding: 0px;border: 0px;color: inherit !important\">AQV12PSBTXAZ<\/li>\n<li style=\"font-family: inherit;margin: 0px;padding: 0px;border: 0px;color: inherit !important\">AQV18PSBTXAZ<\/li>\n<li style=\"font-family: inherit;margin: 0px;padding: 0px;border: 0px;color: inherit !important\">AQV24PSBTXAZ<\/li>\n<li style=\"font-family: inherit;margin: 0px;padding: 0px;border: 0px;color: inherit !important\">AR09HSSPASN\/AZ<\/li>\n<li style=\"font-family: inherit;margin: 0px;padding: 0px;border: 0px;color: inherit !important\">AR09HSSPBSN\/AZ<\/li>\n<li style=\"font-family: inherit;margin: 0px;padding: 0px;border: 0px;color: inherit !important\">AR09HVSPASN\/AZ<\/li>\n<li style=\"font-family: inherit;margin: 0px;padding: 0px;border: 0px;color: inherit !important\">AR09HVSPBSN\/AZ<\/li>\n<li style=\"font-family: inherit;margin: 0px;padding: 0px;border: 0px;color: inherit !important\">AR09KSSPASNNAZ<\/li>\n<li style=\"font-family: inherit;margin: 0px;padding: 0px;border: 0px;color: inherit !important\">AR09KSSPBGMNAZ<\/li>\n<li style=\"font-family: inherit;margin: 0px;padding: 0px;border: 0px;color: inherit !important\">AR09KVSPBSNNAZ<\/li>\n<li style=\"font-family: inherit;margin: 0px;padding: 0px;border: 0px;color: inherit !important\">AR09MSSPBGMNAZ<\/li>\n<li style=\"font-family: inherit;margin: 0px;padding: 0px;border: 0px;color: inherit !important\">AR09MVSPBGMNAZ<\/li>\n<li style=\"font-family: inherit;margin: 0px;padding: 0px;border: 0px;color: inherit !important\">AR12HSSPASN\/AZ<\/li>\n<li style=\"font-family: inherit;margin: 0px;padding: 0px;border: 0px;color: inherit !important\">AR12HVSPASN\/AZ<\/li>\n<li style=\"font-family: inherit;margin: 0px;padding: 0px;border: 0px;color: inherit !important\">AR12HVSPBSN\/AZ<\/li>\n<li style=\"font-family: inherit;margin: 0px;padding: 0px;border: 0px;color: inherit !important\">AR12KSSPBGMNAZ<\/li>\n<li style=\"font-family: inherit;margin: 0px;padding: 0px;border: 0px;color: inherit !important\">AR12KVSPBGMNAZ<\/li>\n<li style=\"font-family: inherit;margin: 0px;padding: 0px;border: 0px;color: inherit !important\">AR12MSSPBGMNAZ<\/li>\n<li style=\"font-family: inherit;margin: 0px;padding: 0px;border: 0px;color: inherit !important\">AR12MVSPBGMNAZ<\/li>\n<li style=\"font-family: inherit;margin: 0px;padding: 0px;border: 0px;color: inherit !important\">AR12NVFPCWKNAZ<\/li>\n<li style=\"font-family: inherit;margin: 0px;padding: 0px;border: 0px;color: inherit !important\">AR18JSSPSGM\/AZ<\/li>\n<li style=\"font-family: inherit;margin: 0px;padding: 0px;border: 0px;color: inherit !important\">AR18JVSPSGM\/AZ<\/li>\n<li style=\"font-family: inherit;margin: 0px;padding: 0px;border: 0px;color: inherit !important\">AR18KSSPSGMNAZ<\/li>\n<li style=\"font-family: inherit;margin: 0px;padding: 0px;border: 0px;color: inherit !important\">AR18KVSPSGMNAZ<\/li>\n<li style=\"font-family: inherit;margin: 0px;padding: 0px;border: 0px;color: inherit !important\">AR18MSSPBGMNAZ<\/li>\n<li style=\"font-family: inherit;margin: 0px;padding: 0px;border: 0px;color: inherit !important\">AR18MVSPBGMNAZ<\/li>\n<li style=\"font-family: inherit;margin: 0px;padding: 0px;border: 0px;color: inherit !important\">AR18NVFPCWKNAZ<\/li>\n<li style=\"font-family: inherit;margin: 0px;padding: 0px;border: 0px;color: inherit !important\">AR24HSSPASN\/AZ<\/li>\n<li style=\"font-family: inherit;margin: 0px;padding: 0px;border: 0px;color: inherit !important\">AR24HVSPASN\/AZ<\/li>\n<li style=\"font-family: inherit;margin: 0px;padding: 0px;border: 0px;color: inherit !important\">AR24KSSPASNNAZ<\/li>\n<li style=\"font-family: inherit;margin: 0px;padding: 0px;border: 0px;color: inherit !important\">AR24KVSPASNNAZ<\/li>\n<li style=\"font-family: inherit;margin: 0px;padding: 0px;border: 0px;color: inherit !important\">AR24MVSPBGMNAZ<\/li>\n<li style=\"font-family: inherit;margin: 0px;padding: 0px;border: 0px;color: inherit !important\">AR24NVFPCWKNAZ<\/li>\n<li style=\"font-family: inherit;margin: 0px;padding: 0px;border: 0px;color: inherit !important\">ASV09PSBTXAZ<\/li>\n<li style=\"font-family: inherit;margin: 0px;padding: 0px;border: 0px;color: inherit !important\">ASV09PSBUXAZ<\/li>\n<li style=\"font-family: inherit;margin: 0px;padding: 0px;border: 0px;color: inherit !important\">ASV12PSBTXAZ<\/li>\n<li style=\"font-family: inherit;margin: 0px;padding: 0px;border: 0px;color: inherit !important\">ASV18PSBTXAZ<\/li>\n<li style=\"font-family: inherit;margin: 0px;padding: 0px;border: 0px;color: inherit !important\">ASV24PSBTXAZ<\/li>\n<\/ul>\n<p style=\"font-family: Roboto, sans-serif;margin-bottom: 14px;padding: 0px;border: 0px;position: static;color: #666666;font-size: 16px\">\u00a0<\/p>\n<p style=\"font-family: Roboto, sans-serif;margin-bottom: 14px;padding: 0px;border: 0px;position: static;color: #666666;font-size: 16px\">C\u00d3DIGOS COMPAT\u00cdVEIS:<\/p>\n<ul style=\"font-family: Roboto, sans-serif;margin: 0px 0px 0px 1.1125rem;padding: 0px;border: 0px;color: #666666;font-size: 16px\">\n<li style=\"font-family: inherit;margin: 0px;padding: 0px;border: 0px;color: inherit !important\">DB41-01017A<\/li>\n<li style=\"font-family: inherit;margin: 0px;padding: 0px;border: 0px;color: inherit !important\">DB93-10861A<\/li>\n<li style=\"font-family: inherit;margin: 0px;padding: 0px;border: 0px;color: inherit !important\">DB93-10861D<\/li>\n<\/ul>\n<p>\u00a0<\/p>\n<p>PLACA SAMSUNG DISPLAY DB-9310861a e DB41-01017a<\/p>\n","protected":false},"featured_media":6786,"comment_status":"open","ping_status":"closed","template":"","meta":{"_kadence_starter_templates_imported_post":false,"_kad_post_transparent":"","_kad_post_title":"","_kad_post_layout":"","_kad_post_sidebar_id":"","_kad_post_content_style":"","_kad_post_vertical_padding":"","_kad_post_feature":"","_kad_post_feature_position":"","_kad_post_header":false,"_kad_post_footer":false,"jetpack_publicize_message":"","jetpack_publicize_feature_enabled":true,"jetpack_social_post_already_shared":false,"jetpack_social_options":{"image_generator_settings":{"template":"highway","default_image_id":0,"font":"","enabled":false},"version":2}},"product_brand":[],"product_cat":[192,186],"product_tag":[],"class_list":{"0":"post-5857","1":"product","2":"type-product","3":"status-publish","4":"has-post-thumbnail","6":"product_cat-placa-display-split","7":"product_cat-samsung","9":"first","10":"instock","11":"shipping-taxable","12":"purchasable","13":"product-type-simple","14":"entry","15":"content-bg","16":"loop-entry"},"yoast_head":"<!-- This site is optimized with the Yoast SEO plugin v27.5 - https:\/\/yoast.com\/product\/yoast-seo-wordpress\/ -->\n<title>Placa Display Visor Ar Condicionado Samsung inverter Db41-01017a - Loja - Dual Gree Servi\u00e7os | Pe\u00e7as<\/title>\n<meta name=\"robots\" content=\"index, follow, max-snippet:-1, max-image-preview:large, max-video-preview:-1\" \/>\n<link rel=\"canonical\" href=\"https:\/\/dualgree.com.br\/loja\/produto\/placa-display-visor-ar-condicionado-samsung-db41-01017a-com-cabo\/\" \/>\n<meta property=\"og:locale\" content=\"pt_BR\" \/>\n<meta property=\"og:type\" content=\"article\" \/>\n<meta property=\"og:title\" content=\"Placa Display Visor Ar Condicionado Samsung inverter Db41-01017a - Loja - Dual Gree Servi\u00e7os | Pe\u00e7as\" \/>\n<meta property=\"og:description\" content=\"Ic1004-Placa display do ar condicionado split Samsung \u00a0 Display da Evaporadora Samsung Smart Inverter 7.000 a 24.000 Btus DB93-10861A \u00a0 \u00a0 COMPAT\u00cdVEL COM OS MODELOS DE\u00a0AR CONDICIONADO SAMSUNG:  AJ007NBRDCH\/AZ AJ009JBRDCH\/AZ AJ009NBRDCH\/AZ AJ012JBRDCH\/AZ AJ012NBRDCH\/AZ AJ018JBRDCH\/AZ AJ018NBRDCH\/AZ AJ024JBRDCH\/AZ AJ024NBRDCH\/AZ AQV09PSBTXAZ AQV12PSBTXAZ AQV18PSBTXAZ AQV24PSBTXAZ AR09HSSPASN\/AZ AR09HSSPBSN\/AZ AR09HVSPASN\/AZ AR09HVSPBSN\/AZ AR09KSSPASNNAZ AR09KSSPBGMNAZ AR09KVSPBSNNAZ AR09MSSPBGMNAZ AR09MVSPBGMNAZ AR12HSSPASN\/AZ AR12HVSPASN\/AZ AR12HVSPBSN\/AZ AR12KSSPBGMNAZ AR12KVSPBGMNAZ AR12MSSPBGMNAZ AR12MVSPBGMNAZ AR12NVFPCWKNAZ AR18JSSPSGM\/AZ AR18JVSPSGM\/AZ AR18KSSPSGMNAZ AR18KVSPSGMNAZ AR18MSSPBGMNAZ AR18MVSPBGMNAZ AR18NVFPCWKNAZ AR24HSSPASN\/AZ AR24HVSPASN\/AZ AR24KSSPASNNAZ AR24KVSPASNNAZ AR24MVSPBGMNAZ AR24NVFPCWKNAZ ASV09PSBTXAZ ASV09PSBUXAZ ASV12PSBTXAZ ASV18PSBTXAZ ASV24PSBTXAZ  \u00a0 C\u00d3DIGOS COMPAT\u00cdVEIS:  DB41-01017A DB93-10861A DB93-10861D  \u00a0 PLACA SAMSUNG DISPLAY DB-9310861a e DB41-01017a\" \/>\n<meta property=\"og:url\" content=\"https:\/\/dualgree.com.br\/loja\/produto\/placa-display-visor-ar-condicionado-samsung-db41-01017a-com-cabo\/\" \/>\n<meta property=\"og:site_name\" content=\"Loja - Dual Gree Servi\u00e7os | Pe\u00e7as\" \/>\n<meta property=\"article:modified_time\" content=\"2025-07-08T20:06:58+00:00\" \/>\n<meta property=\"og:image\" content=\"https:\/\/dualgree.com.br\/loja\/wp-content\/uploads\/2024\/09\/15301720241-1004-placa-display-visor-ar-condicionado-samsung-db41-01017a-2.jpeg\" \/>\n\t<meta property=\"og:image:width\" content=\"1280\" \/>\n\t<meta property=\"og:image:height\" content=\"1280\" \/>\n\t<meta property=\"og:image:type\" content=\"image\/jpeg\" \/>\n<meta name=\"twitter:card\" content=\"summary_large_image\" \/>\n<script type=\"application\/ld+json\" class=\"yoast-schema-graph\">{\"@context\":\"https:\\\/\\\/schema.org\",\"@graph\":[{\"@type\":\"WebPage\",\"@id\":\"https:\\\/\\\/dualgree.com.br\\\/loja\\\/produto\\\/placa-display-visor-ar-condicionado-samsung-db41-01017a-com-cabo\\\/\",\"url\":\"https:\\\/\\\/dualgree.com.br\\\/loja\\\/produto\\\/placa-display-visor-ar-condicionado-samsung-db41-01017a-com-cabo\\\/\",\"name\":\"Placa Display Visor Ar Condicionado Samsung inverter Db41-01017a - Loja - Dual Gree Servi\u00e7os | Pe\u00e7as\",\"isPartOf\":{\"@id\":\"https:\\\/\\\/dualgree.com.br\\\/loja\\\/#website\"},\"primaryImageOfPage\":{\"@id\":\"https:\\\/\\\/dualgree.com.br\\\/loja\\\/produto\\\/placa-display-visor-ar-condicionado-samsung-db41-01017a-com-cabo\\\/#primaryimage\"},\"image\":{\"@id\":\"https:\\\/\\\/dualgree.com.br\\\/loja\\\/produto\\\/placa-display-visor-ar-condicionado-samsung-db41-01017a-com-cabo\\\/#primaryimage\"},\"thumbnailUrl\":\"https:\\\/\\\/dualgree.com.br\\\/loja\\\/wp-content\\\/uploads\\\/2024\\\/09\\\/15295489545-1004-placa-display-visor-ar-condicionado-samsung-db41-01017a-com-cabo.jpeg\",\"datePublished\":\"2024-08-14T20:43:42+00:00\",\"dateModified\":\"2025-07-08T20:06:58+00:00\",\"breadcrumb\":{\"@id\":\"https:\\\/\\\/dualgree.com.br\\\/loja\\\/produto\\\/placa-display-visor-ar-condicionado-samsung-db41-01017a-com-cabo\\\/#breadcrumb\"},\"inLanguage\":\"pt-BR\",\"potentialAction\":[{\"@type\":\"ReadAction\",\"target\":[\"https:\\\/\\\/dualgree.com.br\\\/loja\\\/produto\\\/placa-display-visor-ar-condicionado-samsung-db41-01017a-com-cabo\\\/\"]}]},{\"@type\":\"ImageObject\",\"inLanguage\":\"pt-BR\",\"@id\":\"https:\\\/\\\/dualgree.com.br\\\/loja\\\/produto\\\/placa-display-visor-ar-condicionado-samsung-db41-01017a-com-cabo\\\/#primaryimage\",\"url\":\"https:\\\/\\\/dualgree.com.br\\\/loja\\\/wp-content\\\/uploads\\\/2024\\\/09\\\/15295489545-1004-placa-display-visor-ar-condicionado-samsung-db41-01017a-com-cabo.jpeg\",\"contentUrl\":\"https:\\\/\\\/dualgree.com.br\\\/loja\\\/wp-content\\\/uploads\\\/2024\\\/09\\\/15295489545-1004-placa-display-visor-ar-condicionado-samsung-db41-01017a-com-cabo.jpeg\",\"width\":1280,\"height\":1280},{\"@type\":\"BreadcrumbList\",\"@id\":\"https:\\\/\\\/dualgree.com.br\\\/loja\\\/produto\\\/placa-display-visor-ar-condicionado-samsung-db41-01017a-com-cabo\\\/#breadcrumb\",\"itemListElement\":[{\"@type\":\"ListItem\",\"position\":1,\"name\":\"In\u00edcio\",\"item\":\"https:\\\/\\\/dualgree.com.br\\\/loja\\\/\"},{\"@type\":\"ListItem\",\"position\":2,\"name\":\"Loja &#8211; Cat\u00e1logo de Pe\u00e7as\",\"item\":\"https:\\\/\\\/dualgree.com.br\\\/loja\\\/\"},{\"@type\":\"ListItem\",\"position\":3,\"name\":\"Placa Display Visor Ar Condicionado Samsung inverter Db41-01...\"}]},{\"@type\":\"WebSite\",\"@id\":\"https:\\\/\\\/dualgree.com.br\\\/loja\\\/#website\",\"url\":\"https:\\\/\\\/dualgree.com.br\\\/loja\\\/\",\"name\":\"Loja - Dual Gree Servi\u00e7os | Partes e Pe\u00e7as\",\"description\":\"Catalogo de Pe\u00e7as para ar condicionado\",\"publisher\":{\"@id\":\"https:\\\/\\\/dualgree.com.br\\\/loja\\\/#organization\"},\"potentialAction\":[{\"@type\":\"SearchAction\",\"target\":{\"@type\":\"EntryPoint\",\"urlTemplate\":\"https:\\\/\\\/dualgree.com.br\\\/loja\\\/?s={search_term_string}\"},\"query-input\":{\"@type\":\"PropertyValueSpecification\",\"valueRequired\":true,\"valueName\":\"search_term_string\"}}],\"inLanguage\":\"pt-BR\"},{\"@type\":\"Organization\",\"@id\":\"https:\\\/\\\/dualgree.com.br\\\/loja\\\/#organization\",\"name\":\"Loja Dual Gree Servi\u00e7o\",\"url\":\"https:\\\/\\\/dualgree.com.br\\\/loja\\\/\",\"logo\":{\"@type\":\"ImageObject\",\"inLanguage\":\"pt-BR\",\"@id\":\"https:\\\/\\\/dualgree.com.br\\\/loja\\\/#\\\/schema\\\/logo\\\/image\\\/\",\"url\":\"https:\\\/\\\/dualgree.com.br\\\/loja\\\/wp-content\\\/uploads\\\/2024\\\/09\\\/teste-logo-ecommerce-dual-1-e1725909304971.png\",\"contentUrl\":\"https:\\\/\\\/dualgree.com.br\\\/loja\\\/wp-content\\\/uploads\\\/2024\\\/09\\\/teste-logo-ecommerce-dual-1-e1725909304971.png\",\"width\":470,\"height\":157,\"caption\":\"Loja Dual Gree Servi\u00e7o\"},\"image\":{\"@id\":\"https:\\\/\\\/dualgree.com.br\\\/loja\\\/#\\\/schema\\\/logo\\\/image\\\/\"}}]}<\/script>\n<!-- \/ Yoast SEO plugin. -->","yoast_head_json":{"title":"Placa Display Visor Ar Condicionado Samsung inverter Db41-01017a - Loja - Dual Gree Servi\u00e7os | Pe\u00e7as","robots":{"index":"index","follow":"follow","max-snippet":"max-snippet:-1","max-image-preview":"max-image-preview:large","max-video-preview":"max-video-preview:-1"},"canonical":"https:\/\/dualgree.com.br\/loja\/produto\/placa-display-visor-ar-condicionado-samsung-db41-01017a-com-cabo\/","og_locale":"pt_BR","og_type":"article","og_title":"Placa Display Visor Ar Condicionado Samsung inverter Db41-01017a - Loja - Dual Gree Servi\u00e7os | Pe\u00e7as","og_description":"Ic1004-Placa display do ar condicionado split Samsung \u00a0 Display da Evaporadora Samsung Smart Inverter 7.000 a 24.000 Btus DB93-10861A \u00a0 \u00a0 COMPAT\u00cdVEL COM OS MODELOS DE\u00a0AR CONDICIONADO SAMSUNG:  AJ007NBRDCH\/AZ AJ009JBRDCH\/AZ AJ009NBRDCH\/AZ AJ012JBRDCH\/AZ AJ012NBRDCH\/AZ AJ018JBRDCH\/AZ AJ018NBRDCH\/AZ AJ024JBRDCH\/AZ AJ024NBRDCH\/AZ AQV09PSBTXAZ AQV12PSBTXAZ AQV18PSBTXAZ AQV24PSBTXAZ AR09HSSPASN\/AZ AR09HSSPBSN\/AZ AR09HVSPASN\/AZ AR09HVSPBSN\/AZ AR09KSSPASNNAZ AR09KSSPBGMNAZ AR09KVSPBSNNAZ AR09MSSPBGMNAZ AR09MVSPBGMNAZ AR12HSSPASN\/AZ AR12HVSPASN\/AZ AR12HVSPBSN\/AZ AR12KSSPBGMNAZ AR12KVSPBGMNAZ AR12MSSPBGMNAZ AR12MVSPBGMNAZ AR12NVFPCWKNAZ AR18JSSPSGM\/AZ AR18JVSPSGM\/AZ AR18KSSPSGMNAZ AR18KVSPSGMNAZ AR18MSSPBGMNAZ AR18MVSPBGMNAZ AR18NVFPCWKNAZ AR24HSSPASN\/AZ AR24HVSPASN\/AZ AR24KSSPASNNAZ AR24KVSPASNNAZ AR24MVSPBGMNAZ AR24NVFPCWKNAZ ASV09PSBTXAZ ASV09PSBUXAZ ASV12PSBTXAZ ASV18PSBTXAZ ASV24PSBTXAZ  \u00a0 C\u00d3DIGOS COMPAT\u00cdVEIS:  DB41-01017A DB93-10861A DB93-10861D  \u00a0 PLACA SAMSUNG DISPLAY DB-9310861a e DB41-01017a","og_url":"https:\/\/dualgree.com.br\/loja\/produto\/placa-display-visor-ar-condicionado-samsung-db41-01017a-com-cabo\/","og_site_name":"Loja - Dual Gree Servi\u00e7os | Pe\u00e7as","article_modified_time":"2025-07-08T20:06:58+00:00","og_image":[{"width":1280,"height":1280,"url":"https:\/\/dualgree.com.br\/loja\/wp-content\/uploads\/2024\/09\/15301720241-1004-placa-display-visor-ar-condicionado-samsung-db41-01017a-2.jpeg","type":"image\/jpeg"}],"twitter_card":"summary_large_image","schema":{"@context":"https:\/\/schema.org","@graph":[{"@type":"WebPage","@id":"https:\/\/dualgree.com.br\/loja\/produto\/placa-display-visor-ar-condicionado-samsung-db41-01017a-com-cabo\/","url":"https:\/\/dualgree.com.br\/loja\/produto\/placa-display-visor-ar-condicionado-samsung-db41-01017a-com-cabo\/","name":"Placa Display Visor Ar Condicionado Samsung inverter Db41-01017a - Loja - Dual Gree Servi\u00e7os | Pe\u00e7as","isPartOf":{"@id":"https:\/\/dualgree.com.br\/loja\/#website"},"primaryImageOfPage":{"@id":"https:\/\/dualgree.com.br\/loja\/produto\/placa-display-visor-ar-condicionado-samsung-db41-01017a-com-cabo\/#primaryimage"},"image":{"@id":"https:\/\/dualgree.com.br\/loja\/produto\/placa-display-visor-ar-condicionado-samsung-db41-01017a-com-cabo\/#primaryimage"},"thumbnailUrl":"https:\/\/dualgree.com.br\/loja\/wp-content\/uploads\/2024\/09\/15295489545-1004-placa-display-visor-ar-condicionado-samsung-db41-01017a-com-cabo.jpeg","datePublished":"2024-08-14T20:43:42+00:00","dateModified":"2025-07-08T20:06:58+00:00","breadcrumb":{"@id":"https:\/\/dualgree.com.br\/loja\/produto\/placa-display-visor-ar-condicionado-samsung-db41-01017a-com-cabo\/#breadcrumb"},"inLanguage":"pt-BR","potentialAction":[{"@type":"ReadAction","target":["https:\/\/dualgree.com.br\/loja\/produto\/placa-display-visor-ar-condicionado-samsung-db41-01017a-com-cabo\/"]}]},{"@type":"ImageObject","inLanguage":"pt-BR","@id":"https:\/\/dualgree.com.br\/loja\/produto\/placa-display-visor-ar-condicionado-samsung-db41-01017a-com-cabo\/#primaryimage","url":"https:\/\/dualgree.com.br\/loja\/wp-content\/uploads\/2024\/09\/15295489545-1004-placa-display-visor-ar-condicionado-samsung-db41-01017a-com-cabo.jpeg","contentUrl":"https:\/\/dualgree.com.br\/loja\/wp-content\/uploads\/2024\/09\/15295489545-1004-placa-display-visor-ar-condicionado-samsung-db41-01017a-com-cabo.jpeg","width":1280,"height":1280},{"@type":"BreadcrumbList","@id":"https:\/\/dualgree.com.br\/loja\/produto\/placa-display-visor-ar-condicionado-samsung-db41-01017a-com-cabo\/#breadcrumb","itemListElement":[{"@type":"ListItem","position":1,"name":"In\u00edcio","item":"https:\/\/dualgree.com.br\/loja\/"},{"@type":"ListItem","position":2,"name":"Loja &#8211; Cat\u00e1logo de Pe\u00e7as","item":"https:\/\/dualgree.com.br\/loja\/"},{"@type":"ListItem","position":3,"name":"Placa Display Visor Ar Condicionado Samsung inverter Db41-01..."}]},{"@type":"WebSite","@id":"https:\/\/dualgree.com.br\/loja\/#website","url":"https:\/\/dualgree.com.br\/loja\/","name":"Loja - Dual Gree Servi\u00e7os | Partes e Pe\u00e7as","description":"Catalogo de Pe\u00e7as para ar condicionado","publisher":{"@id":"https:\/\/dualgree.com.br\/loja\/#organization"},"potentialAction":[{"@type":"SearchAction","target":{"@type":"EntryPoint","urlTemplate":"https:\/\/dualgree.com.br\/loja\/?s={search_term_string}"},"query-input":{"@type":"PropertyValueSpecification","valueRequired":true,"valueName":"search_term_string"}}],"inLanguage":"pt-BR"},{"@type":"Organization","@id":"https:\/\/dualgree.com.br\/loja\/#organization","name":"Loja Dual Gree Servi\u00e7o","url":"https:\/\/dualgree.com.br\/loja\/","logo":{"@type":"ImageObject","inLanguage":"pt-BR","@id":"https:\/\/dualgree.com.br\/loja\/#\/schema\/logo\/image\/","url":"https:\/\/dualgree.com.br\/loja\/wp-content\/uploads\/2024\/09\/teste-logo-ecommerce-dual-1-e1725909304971.png","contentUrl":"https:\/\/dualgree.com.br\/loja\/wp-content\/uploads\/2024\/09\/teste-logo-ecommerce-dual-1-e1725909304971.png","width":470,"height":157,"caption":"Loja Dual Gree Servi\u00e7o"},"image":{"@id":"https:\/\/dualgree.com.br\/loja\/#\/schema\/logo\/image\/"}}]}},"jetpack_publicize_connections":[],"jetpack_sharing_enabled":true,"jetpack_likes_enabled":true,"_links":{"self":[{"href":"https:\/\/dualgree.com.br\/loja\/wp-json\/wp\/v2\/product\/5857","targetHints":{"allow":["GET"]}}],"collection":[{"href":"https:\/\/dualgree.com.br\/loja\/wp-json\/wp\/v2\/product"}],"about":[{"href":"https:\/\/dualgree.com.br\/loja\/wp-json\/wp\/v2\/types\/product"}],"replies":[{"embeddable":true,"href":"https:\/\/dualgree.com.br\/loja\/wp-json\/wp\/v2\/comments?post=5857"}],"wp:featuredmedia":[{"embeddable":true,"href":"https:\/\/dualgree.com.br\/loja\/wp-json\/wp\/v2\/media\/6786"}],"wp:attachment":[{"href":"https:\/\/dualgree.com.br\/loja\/wp-json\/wp\/v2\/media?parent=5857"}],"wp:term":[{"taxonomy":"product_brand","embeddable":true,"href":"https:\/\/dualgree.com.br\/loja\/wp-json\/wp\/v2\/product_brand?post=5857"},{"taxonomy":"product_cat","embeddable":true,"href":"https:\/\/dualgree.com.br\/loja\/wp-json\/wp\/v2\/product_cat?post=5857"},{"taxonomy":"product_tag","embeddable":true,"href":"https:\/\/dualgree.com.br\/loja\/wp-json\/wp\/v2\/product_tag?post=5857"}],"curies":[{"name":"wp","href":"https:\/\/api.w.org\/{rel}","templated":true}]}}