{"id":6963,"date":"2024-09-25T20:46:02","date_gmt":"2024-09-25T20:46:02","guid":{"rendered":"https:\/\/dualgree.com.br\/loja\/produto\/borracha-mancal-da-turbina-evaporadora-ar-condicionado-compativel-com-samsung\/"},"modified":"2024-12-10T13:25:35","modified_gmt":"2024-12-10T13:25:35","slug":"borracha-mancal-da-turbina-evaporadora-ar-condicionado-compativel-com-samsung","status":"publish","type":"product","link":"https:\/\/dualgree.com.br\/loja\/produto\/borracha-mancal-da-turbina-evaporadora-ar-condicionado-compativel-com-samsung\/","title":{"rendered":"Borracha Mancal Da Turbina Evaporadora Ar Condicionado Compa..."},"content":{"rendered":"<p>IC1036-Bucha Borracha Mancal Da Turbina Ar Condicionado Samsung<\/p>\n<p>Produto recondicinado testado e funcionando perfeitamente<\/p>\n<p>\u00a0<\/p>\n<p>Modelos Compat\u00edvel:<\/p>\n<p>AJ009JBRDCH\/AZ<\/p>\n<p>AJ012JBRDCH\/AZ<\/p>\n<p>AJ018JBRDCH\/AZ<\/p>\n<p>AQV09PSBTXAZ<\/p>\n<p>AQV12PSBTXAZ<\/p>\n<p>AQV12NSBNXAZ<\/p>\n<p>AQV18PSBTXAZ<\/p>\n<p>AQV24PSBTXAZ<\/p>\n<p>AR09HSSPASN\/AZ<\/p>\n<p>AR09HSSPBSN\/AZ<\/p>\n<p>AR09HVSPASN\/AZ<\/p>\n<p>AR09HVSPBSN\/AZ<\/p>\n<p>AR09KSSPBGMNAZ<\/p>\n<p>AR09KVSPBSNNAZ<\/p>\n<p>AR12HSSPASN\/AZ<\/p>\n<p>AR12HVSPASN\/AZ<\/p>\n<p>AR12HVSPBSN\/AZ<\/p>\n<p>AR12KSSPBGMNAZ<\/p>\n<p>AR12KVSPBGMNAZ<\/p>\n<p>AR18JSSPSGM\/AZ<\/p>\n<p>AR18JVSPSGM\/AZ<\/p>\n<p>AR18KSSPSGMNAZ<\/p>\n<p>AR18KVSPSGMNAZ<\/p>\n<p>AR18MSSPBGMX\/AZ<\/p>\n<p>AR24HSSPASN\/AZ<\/p>\n<p>AR24HVSPASN\/AZ<\/p>\n<p>AR24KVSPASNNAZ<\/p>\n<p>ASV09PSBTXAZ<\/p>\n<p>ASV09PSBUXAZ<\/p>\n<p>ASV12PSBTXAZ<\/p>\n<p>ASV18PSBTXAZ<\/p>\n<p>ASV24PSBTXAZ<\/p>\n<p>\u00a0<\/p>\n<p>Lnha convencional:<\/p>\n<p>AS09UWBUXAZ<\/p>\n<p>AS09UWBVXAZ<\/p>\n<p>AS12UWBUXAZ<\/p>\n<p>AS12ESBTNXAZ<\/p>\n<p>AS12ESBTXXAZ<\/p>\n<p>AS18UWBUXAZ<\/p>\n<p>AS24UWBUXAZ<\/p>\n<p>AQ09UWBUXAZ<\/p>\n<p>AQ12UWBUNXAZ<\/p>\n<p>AQ12UWBUXAZ<\/p>\n<p>AQ12UWBVXAZ<\/p>\n<p>AQ18UWBUXAZ<\/p>\n<p>AQ24UWBUXAZ<\/p>\n<p>AR09HCSUAWQ\/AZ<\/p>\n<p>AR09HCSUBWQ\/AZ<\/p>\n<p>AR09HPSUAWQ\/AZ<\/p>\n<p>AR09KCFUBWQNAZ<\/p>\n<p>AR09KCSUBWQNAZ<\/p>\n<p>AR09KPFUAWQNAZ<\/p>\n<p>AR09KPSUAWQNAZ<\/p>\n<p>AR12HCSUAWQ\/AZ<\/p>\n<p>AR12HPSUAWQ\/AZ<\/p>\n<p>AR12JPSUAWQ\/AZ<\/p>\n<p>AR12KCFUAWQNAZ<\/p>\n<p>AR12KCSUAWQNAZ<\/p>\n<p>AR12KPFUAWQNAZ<\/p>\n<p>AR12KPSUAWQNAZ<\/p>\n<p>AR18HCSUAWQ\/AZ<\/p>\n<p>AR18HPSUAWQ\/AZ<\/p>\n<p>AR18JCSUAWQ\/AZ<\/p>\n<p>AR18KCFUAWQNAZ<\/p>\n<p>AR18KPFUAWQNAZ<\/p>\n<p>AR24HPSUAWQ\/AZ<\/p>\n<p>AR24JCSUAWQ\/AZ<\/p>\n<p>AR24KCFUAWQNAZ<\/p>\n<p>AR24KPFUAWQNAZ<\/p>\n","protected":false},"excerpt":{"rendered":"<p>Ic1036-Bucha Borracha Mancal Da Turbina Ar Condicionado Samsung<\/p>\n<p>Produto recondicinado testado e funcionando perfeitamente<\/p>\n<p>\u00a0<\/p>\n<p>Modelos Compat\u00edvel:<\/p>\n<p>AJ009JBRDCH\/AZ<\/p>\n<p>\u00a0<\/p>\n<p>AJ012JBRDCH\/AZ<\/p>\n<p>\u00a0<\/p>\n<p>AJ018JBRDCH\/AZ<\/p>\n<p>\u00a0<\/p>\n<p>AQV09PSBTXAZ<\/p>\n<p>\u00a0<\/p>\n<p>AQV12PSBTXAZ<\/p>\n<p>\u00a0<\/p>\n<p>AQV12NSBNXAZ<\/p>\n<p>\u00a0<\/p>\n<p>AQV18PSBTXAZ<\/p>\n<p>\u00a0<\/p>\n<p>AQV24PSBTXAZ<\/p>\n<p>\u00a0<\/p>\n<p>AR09HSSPASN\/AZ<\/p>\n<p>\u00a0<\/p>\n<p>AR09HSSPBSN\/AZ<\/p>\n<p>\u00a0<\/p>\n<p>AR09HVSPASN\/AZ<\/p>\n<p>\u00a0<\/p>\n<p>AR09HVSPBSN\/AZ<\/p>\n<p>\u00a0<\/p>\n<p>AR09KSSPBGMNAZ<\/p>\n<p>\u00a0<\/p>\n<p>AR09KVSPBSNNAZ<\/p>\n<p>\u00a0<\/p>\n<p>AR12HSSPASN\/AZ<\/p>\n<p>\u00a0<\/p>\n<p>AR12HVSPASN\/AZ<\/p>\n<p>\u00a0<\/p>\n<p>AR12HVSPBSN\/AZ<\/p>\n<p>\u00a0<\/p>\n<p>AR12KSSPBGMNAZ<\/p>\n<p>\u00a0<\/p>\n<p>AR12KVSPBGMNAZ<\/p>\n<p>\u00a0<\/p>\n<p>AR18JSSPSGM\/AZ<\/p>\n<p>\u00a0<\/p>\n<p>AR18JVSPSGM\/AZ<\/p>\n<p>\u00a0<\/p>\n<p>AR18KSSPSGMNAZ<\/p>\n<p>\u00a0<\/p>\n<p>AR18KVSPSGMNAZ<\/p>\n<p>\u00a0<\/p>\n<p>AR18MSSPBGMX\/AZ<\/p>\n<p>\u00a0<\/p>\n<p>AR24HSSPASN\/AZ<\/p>\n<p>\u00a0<\/p>\n<p>AR24HVSPASN\/AZ<\/p>\n<p>\u00a0<\/p>\n<p>AR24KVSPASNNAZ<\/p>\n<p>\u00a0<\/p>\n<p>ASV09PSBTXAZ<\/p>\n<p>\u00a0<\/p>\n<p>ASV09PSBUXAZ<\/p>\n<p>\u00a0<\/p>\n<p>ASV12PSBTXAZ<\/p>\n<p>\u00a0<\/p>\n<p>ASV18PSBTXAZ<\/p>\n<p>\u00a0<\/p>\n<p>ASV24PSBTXAZ<\/p>\n<p>\u00a0<\/p>\n<p>\u00a0<\/p>\n<p>Linha convencional:<\/p>\n<p>AS09UWBUXAZ<\/p>\n<p>\u00a0<\/p>\n<p>AS09UWBVXAZ<\/p>\n<p>\u00a0<\/p>\n<p>AS12UWBUXAZ<\/p>\n<p>\u00a0<\/p>\n<p>AS18UWBUXAZ<\/p>\n<p>\u00a0<\/p>\n<p>AS24UWBUXAZ<\/p>\n<p>\u00a0<\/p>\n<p>AQ09UWBUXAZ<\/p>\n<p>\u00a0<\/p>\n<p>AQ12UWBUNXAZ<\/p>\n<p>\u00a0<\/p>\n<p>AQ12UWBUXAZ<\/p>\n<p>\u00a0<\/p>\n<p>AQ12UWBVXAZ<\/p>\n<p>\u00a0<\/p>\n<p>AQ18UWBUXAZ<\/p>\n<p>\u00a0<\/p>\n<p>AQ24UWBUXAZ<\/p>\n<p>\u00a0<\/p>\n<p>AR09HCSUAWQ\/AZ<\/p>\n<p>\u00a0<\/p>\n<p>AR09HCSUBWQ\/AZ<\/p>\n<p>\u00a0<\/p>\n<p>AR09HPSUAWQ\/AZ<\/p>\n<p>\u00a0<\/p>\n<p>AR09KCFUBWQNAZ<\/p>\n<p>\u00a0<\/p>\n<p>AR09KCSUBWQNAZ<\/p>\n<p>\u00a0<\/p>\n<p>AR09KPFUAWQNAZ<\/p>\n<p>\u00a0<\/p>\n<p>AR09KPSUAWQNAZ<\/p>\n<p>\u00a0<\/p>\n<p>AR12HCSUAWQ\/AZ<\/p>\n<p>\u00a0<\/p>\n<p>AR12HPSUAWQ\/AZ<\/p>\n<p>\u00a0<\/p>\n<p>AR12JPSUAWQ\/AZ<\/p>\n<p>\u00a0<\/p>\n<p>AR12KCFUAWQNAZ<\/p>\n<p>\u00a0<\/p>\n<p>AR12KCSUAWQNAZ<\/p>\n<p>\u00a0<\/p>\n<p>AR12KPFUAWQNAZ<\/p>\n<p>\u00a0<\/p>\n<p>AR12KPSUAWQNAZ<\/p>\n<p>\u00a0<\/p>\n<p>AR18HCSUAWQ\/AZ<\/p>\n<p>\u00a0<\/p>\n<p>AR18HPSUAWQ\/AZ<\/p>\n<p>\u00a0<\/p>\n<p>AR18JCSUAWQ\/AZ<\/p>\n<p>\u00a0<\/p>\n<p>AR18KCFUAWQNAZ<\/p>\n<p>\u00a0<\/p>\n<p>AR18KPFUAWQNAZ<\/p>\n<p>\u00a0<\/p>\n<p>AR24HPSUAWQ\/AZ<\/p>\n<p>\u00a0<\/p>\n<p>AR24JCSUAWQ\/AZ<\/p>\n<p>\u00a0<\/p>\n<p>AR24KCFUAWQNAZ<\/p>\n<p>\u00a0<\/p>\n<p>AR24KPFUAWQNAZ<\/p>\n","protected":false},"featured_media":6960,"comment_status":"open","ping_status":"closed","template":"","meta":{"_kadence_starter_templates_imported_post":false,"_kad_post_transparent":"","_kad_post_title":"","_kad_post_layout":"","_kad_post_sidebar_id":"","_kad_post_content_style":"","_kad_post_vertical_padding":"","_kad_post_feature":"","_kad_post_feature_position":"","_kad_post_header":false,"_kad_post_footer":false,"jetpack_publicize_message":"","jetpack_publicize_feature_enabled":true,"jetpack_social_post_already_shared":false,"jetpack_social_options":{"image_generator_settings":{"template":"highway","default_image_id":0,"font":"","enabled":false},"version":2}},"product_brand":[],"product_cat":[221,186],"product_tag":[],"class_list":{"0":"post-6963","1":"product","2":"type-product","3":"status-publish","4":"has-post-thumbnail","6":"product_cat-borracha-mancal-turbina","7":"product_cat-samsung","9":"first","10":"instock","11":"shipping-taxable","12":"purchasable","13":"product-type-simple","14":"entry","15":"content-bg","16":"loop-entry"},"yoast_head":"<!-- This site is optimized with the Yoast SEO plugin v27.5 - https:\/\/yoast.com\/product\/yoast-seo-wordpress\/ -->\n<title>Borracha Mancal Da Turbina Evaporadora Ar Condicionado Compativel Com Samsung - Loja - Dual Gree Servi\u00e7os | Pe\u00e7as<\/title>\n<meta name=\"robots\" content=\"index, follow, max-snippet:-1, max-image-preview:large, max-video-preview:-1\" \/>\n<link rel=\"canonical\" href=\"https:\/\/dualgree.com.br\/loja\/produto\/borracha-mancal-da-turbina-evaporadora-ar-condicionado-compativel-com-samsung\/\" \/>\n<meta property=\"og:locale\" content=\"pt_BR\" \/>\n<meta property=\"og:type\" content=\"article\" \/>\n<meta property=\"og:title\" content=\"Borracha Mancal Da Turbina Evaporadora Ar Condicionado Compativel Com Samsung - Loja - Dual Gree Servi\u00e7os | Pe\u00e7as\" \/>\n<meta property=\"og:description\" content=\"Ic1036-Bucha Borracha Mancal Da Turbina Ar Condicionado Samsung Produto recondicinado testado e funcionando perfeitamente \u00a0 Modelos Compat\u00edvel: AJ009JBRDCH\/AZ \u00a0 AJ012JBRDCH\/AZ \u00a0 AJ018JBRDCH\/AZ \u00a0 AQV09PSBTXAZ \u00a0 AQV12PSBTXAZ \u00a0 AQV12NSBNXAZ \u00a0 AQV18PSBTXAZ \u00a0 AQV24PSBTXAZ \u00a0 AR09HSSPASN\/AZ \u00a0 AR09HSSPBSN\/AZ \u00a0 AR09HVSPASN\/AZ \u00a0 AR09HVSPBSN\/AZ \u00a0 AR09KSSPBGMNAZ \u00a0 AR09KVSPBSNNAZ \u00a0 AR12HSSPASN\/AZ \u00a0 AR12HVSPASN\/AZ \u00a0 AR12HVSPBSN\/AZ \u00a0 AR12KSSPBGMNAZ \u00a0 AR12KVSPBGMNAZ \u00a0 AR18JSSPSGM\/AZ \u00a0 AR18JVSPSGM\/AZ \u00a0 AR18KSSPSGMNAZ \u00a0 AR18KVSPSGMNAZ \u00a0 AR18MSSPBGMX\/AZ \u00a0 AR24HSSPASN\/AZ \u00a0 AR24HVSPASN\/AZ \u00a0 AR24KVSPASNNAZ \u00a0 ASV09PSBTXAZ \u00a0 ASV09PSBUXAZ \u00a0 ASV12PSBTXAZ \u00a0 ASV18PSBTXAZ \u00a0 ASV24PSBTXAZ \u00a0 \u00a0 Linha convencional: AS09UWBUXAZ \u00a0 AS09UWBVXAZ \u00a0 AS12UWBUXAZ \u00a0 AS18UWBUXAZ \u00a0 AS24UWBUXAZ \u00a0 AQ09UWBUXAZ \u00a0 AQ12UWBUNXAZ \u00a0 AQ12UWBUXAZ \u00a0 AQ12UWBVXAZ \u00a0 AQ18UWBUXAZ \u00a0 AQ24UWBUXAZ \u00a0 AR09HCSUAWQ\/AZ \u00a0 AR09HCSUBWQ\/AZ \u00a0 AR09HPSUAWQ\/AZ \u00a0 AR09KCFUBWQNAZ \u00a0 AR09KCSUBWQNAZ \u00a0 AR09KPFUAWQNAZ \u00a0 AR09KPSUAWQNAZ \u00a0 AR12HCSUAWQ\/AZ \u00a0 AR12HPSUAWQ\/AZ \u00a0 AR12JPSUAWQ\/AZ \u00a0 AR12KCFUAWQNAZ \u00a0 AR12KCSUAWQNAZ \u00a0 AR12KPFUAWQNAZ \u00a0 AR12KPSUAWQNAZ \u00a0 AR18HCSUAWQ\/AZ \u00a0 AR18HPSUAWQ\/AZ \u00a0 AR18JCSUAWQ\/AZ \u00a0 AR18KCFUAWQNAZ \u00a0 AR18KPFUAWQNAZ \u00a0 AR24HPSUAWQ\/AZ \u00a0 AR24JCSUAWQ\/AZ \u00a0 AR24KCFUAWQNAZ \u00a0 AR24KPFUAWQNAZ\" \/>\n<meta property=\"og:url\" content=\"https:\/\/dualgree.com.br\/loja\/produto\/borracha-mancal-da-turbina-evaporadora-ar-condicionado-compativel-com-samsung\/\" \/>\n<meta property=\"og:site_name\" content=\"Loja - Dual Gree Servi\u00e7os | Pe\u00e7as\" \/>\n<meta property=\"article:modified_time\" content=\"2024-12-10T13:25:35+00:00\" \/>\n<meta property=\"og:image\" content=\"https:\/\/dualgree.com.br\/loja\/wp-content\/uploads\/2024\/09\/15300135949-1036-3-borracha-mancal-da-turbina-ar-condicionado-samsung.jpeg\" \/>\n\t<meta property=\"og:image:width\" content=\"1280\" \/>\n\t<meta property=\"og:image:height\" content=\"1280\" \/>\n\t<meta property=\"og:image:type\" content=\"image\/jpeg\" \/>\n<meta name=\"twitter:card\" content=\"summary_large_image\" \/>\n<meta name=\"twitter:label1\" content=\"Est. tempo de leitura\" \/>\n\t<meta name=\"twitter:data1\" content=\"1 minuto\" \/>\n<script type=\"application\/ld+json\" class=\"yoast-schema-graph\">{\"@context\":\"https:\\\/\\\/schema.org\",\"@graph\":[{\"@type\":\"WebPage\",\"@id\":\"https:\\\/\\\/dualgree.com.br\\\/loja\\\/produto\\\/borracha-mancal-da-turbina-evaporadora-ar-condicionado-compativel-com-samsung\\\/\",\"url\":\"https:\\\/\\\/dualgree.com.br\\\/loja\\\/produto\\\/borracha-mancal-da-turbina-evaporadora-ar-condicionado-compativel-com-samsung\\\/\",\"name\":\"Borracha Mancal Da Turbina Evaporadora Ar Condicionado Compativel Com Samsung - Loja - Dual Gree Servi\u00e7os | Pe\u00e7as\",\"isPartOf\":{\"@id\":\"https:\\\/\\\/dualgree.com.br\\\/loja\\\/#website\"},\"primaryImageOfPage\":{\"@id\":\"https:\\\/\\\/dualgree.com.br\\\/loja\\\/produto\\\/borracha-mancal-da-turbina-evaporadora-ar-condicionado-compativel-com-samsung\\\/#primaryimage\"},\"image\":{\"@id\":\"https:\\\/\\\/dualgree.com.br\\\/loja\\\/produto\\\/borracha-mancal-da-turbina-evaporadora-ar-condicionado-compativel-com-samsung\\\/#primaryimage\"},\"thumbnailUrl\":\"https:\\\/\\\/dualgree.com.br\\\/loja\\\/wp-content\\\/uploads\\\/2024\\\/09\\\/15300135949-1036-3-borracha-mancal-da-turbina-ar-condicionado-samsung.jpeg\",\"datePublished\":\"2024-09-25T20:46:02+00:00\",\"dateModified\":\"2024-12-10T13:25:35+00:00\",\"breadcrumb\":{\"@id\":\"https:\\\/\\\/dualgree.com.br\\\/loja\\\/produto\\\/borracha-mancal-da-turbina-evaporadora-ar-condicionado-compativel-com-samsung\\\/#breadcrumb\"},\"inLanguage\":\"pt-BR\",\"potentialAction\":[{\"@type\":\"ReadAction\",\"target\":[\"https:\\\/\\\/dualgree.com.br\\\/loja\\\/produto\\\/borracha-mancal-da-turbina-evaporadora-ar-condicionado-compativel-com-samsung\\\/\"]}]},{\"@type\":\"ImageObject\",\"inLanguage\":\"pt-BR\",\"@id\":\"https:\\\/\\\/dualgree.com.br\\\/loja\\\/produto\\\/borracha-mancal-da-turbina-evaporadora-ar-condicionado-compativel-com-samsung\\\/#primaryimage\",\"url\":\"https:\\\/\\\/dualgree.com.br\\\/loja\\\/wp-content\\\/uploads\\\/2024\\\/09\\\/15300135949-1036-3-borracha-mancal-da-turbina-ar-condicionado-samsung.jpeg\",\"contentUrl\":\"https:\\\/\\\/dualgree.com.br\\\/loja\\\/wp-content\\\/uploads\\\/2024\\\/09\\\/15300135949-1036-3-borracha-mancal-da-turbina-ar-condicionado-samsung.jpeg\",\"width\":1280,\"height\":1280},{\"@type\":\"BreadcrumbList\",\"@id\":\"https:\\\/\\\/dualgree.com.br\\\/loja\\\/produto\\\/borracha-mancal-da-turbina-evaporadora-ar-condicionado-compativel-com-samsung\\\/#breadcrumb\",\"itemListElement\":[{\"@type\":\"ListItem\",\"position\":1,\"name\":\"In\u00edcio\",\"item\":\"https:\\\/\\\/dualgree.com.br\\\/loja\\\/\"},{\"@type\":\"ListItem\",\"position\":2,\"name\":\"Loja &#8211; Cat\u00e1logo de Pe\u00e7as\",\"item\":\"https:\\\/\\\/dualgree.com.br\\\/loja\\\/\"},{\"@type\":\"ListItem\",\"position\":3,\"name\":\"Borracha Mancal Da Turbina Evaporadora Ar Condicionado Compa...\"}]},{\"@type\":\"WebSite\",\"@id\":\"https:\\\/\\\/dualgree.com.br\\\/loja\\\/#website\",\"url\":\"https:\\\/\\\/dualgree.com.br\\\/loja\\\/\",\"name\":\"Loja - Dual Gree Servi\u00e7os | Partes e Pe\u00e7as\",\"description\":\"Catalogo de Pe\u00e7as para ar condicionado\",\"publisher\":{\"@id\":\"https:\\\/\\\/dualgree.com.br\\\/loja\\\/#organization\"},\"potentialAction\":[{\"@type\":\"SearchAction\",\"target\":{\"@type\":\"EntryPoint\",\"urlTemplate\":\"https:\\\/\\\/dualgree.com.br\\\/loja\\\/?s={search_term_string}\"},\"query-input\":{\"@type\":\"PropertyValueSpecification\",\"valueRequired\":true,\"valueName\":\"search_term_string\"}}],\"inLanguage\":\"pt-BR\"},{\"@type\":\"Organization\",\"@id\":\"https:\\\/\\\/dualgree.com.br\\\/loja\\\/#organization\",\"name\":\"Loja Dual Gree Servi\u00e7o\",\"url\":\"https:\\\/\\\/dualgree.com.br\\\/loja\\\/\",\"logo\":{\"@type\":\"ImageObject\",\"inLanguage\":\"pt-BR\",\"@id\":\"https:\\\/\\\/dualgree.com.br\\\/loja\\\/#\\\/schema\\\/logo\\\/image\\\/\",\"url\":\"https:\\\/\\\/dualgree.com.br\\\/loja\\\/wp-content\\\/uploads\\\/2024\\\/09\\\/teste-logo-ecommerce-dual-1-e1725909304971.png\",\"contentUrl\":\"https:\\\/\\\/dualgree.com.br\\\/loja\\\/wp-content\\\/uploads\\\/2024\\\/09\\\/teste-logo-ecommerce-dual-1-e1725909304971.png\",\"width\":470,\"height\":157,\"caption\":\"Loja Dual Gree Servi\u00e7o\"},\"image\":{\"@id\":\"https:\\\/\\\/dualgree.com.br\\\/loja\\\/#\\\/schema\\\/logo\\\/image\\\/\"}}]}<\/script>\n<!-- \/ Yoast SEO plugin. -->","yoast_head_json":{"title":"Borracha Mancal Da Turbina Evaporadora Ar Condicionado Compativel Com Samsung - Loja - Dual Gree Servi\u00e7os | Pe\u00e7as","robots":{"index":"index","follow":"follow","max-snippet":"max-snippet:-1","max-image-preview":"max-image-preview:large","max-video-preview":"max-video-preview:-1"},"canonical":"https:\/\/dualgree.com.br\/loja\/produto\/borracha-mancal-da-turbina-evaporadora-ar-condicionado-compativel-com-samsung\/","og_locale":"pt_BR","og_type":"article","og_title":"Borracha Mancal Da Turbina Evaporadora Ar Condicionado Compativel Com Samsung - Loja - Dual Gree Servi\u00e7os | Pe\u00e7as","og_description":"Ic1036-Bucha Borracha Mancal Da Turbina Ar Condicionado Samsung Produto recondicinado testado e funcionando perfeitamente \u00a0 Modelos Compat\u00edvel: AJ009JBRDCH\/AZ \u00a0 AJ012JBRDCH\/AZ \u00a0 AJ018JBRDCH\/AZ \u00a0 AQV09PSBTXAZ \u00a0 AQV12PSBTXAZ \u00a0 AQV12NSBNXAZ \u00a0 AQV18PSBTXAZ \u00a0 AQV24PSBTXAZ \u00a0 AR09HSSPASN\/AZ \u00a0 AR09HSSPBSN\/AZ \u00a0 AR09HVSPASN\/AZ \u00a0 AR09HVSPBSN\/AZ \u00a0 AR09KSSPBGMNAZ \u00a0 AR09KVSPBSNNAZ \u00a0 AR12HSSPASN\/AZ \u00a0 AR12HVSPASN\/AZ \u00a0 AR12HVSPBSN\/AZ \u00a0 AR12KSSPBGMNAZ \u00a0 AR12KVSPBGMNAZ \u00a0 AR18JSSPSGM\/AZ \u00a0 AR18JVSPSGM\/AZ \u00a0 AR18KSSPSGMNAZ \u00a0 AR18KVSPSGMNAZ \u00a0 AR18MSSPBGMX\/AZ \u00a0 AR24HSSPASN\/AZ \u00a0 AR24HVSPASN\/AZ \u00a0 AR24KVSPASNNAZ \u00a0 ASV09PSBTXAZ \u00a0 ASV09PSBUXAZ \u00a0 ASV12PSBTXAZ \u00a0 ASV18PSBTXAZ \u00a0 ASV24PSBTXAZ \u00a0 \u00a0 Linha convencional: AS09UWBUXAZ \u00a0 AS09UWBVXAZ \u00a0 AS12UWBUXAZ \u00a0 AS18UWBUXAZ \u00a0 AS24UWBUXAZ \u00a0 AQ09UWBUXAZ \u00a0 AQ12UWBUNXAZ \u00a0 AQ12UWBUXAZ \u00a0 AQ12UWBVXAZ \u00a0 AQ18UWBUXAZ \u00a0 AQ24UWBUXAZ \u00a0 AR09HCSUAWQ\/AZ \u00a0 AR09HCSUBWQ\/AZ \u00a0 AR09HPSUAWQ\/AZ \u00a0 AR09KCFUBWQNAZ \u00a0 AR09KCSUBWQNAZ \u00a0 AR09KPFUAWQNAZ \u00a0 AR09KPSUAWQNAZ \u00a0 AR12HCSUAWQ\/AZ \u00a0 AR12HPSUAWQ\/AZ \u00a0 AR12JPSUAWQ\/AZ \u00a0 AR12KCFUAWQNAZ \u00a0 AR12KCSUAWQNAZ \u00a0 AR12KPFUAWQNAZ \u00a0 AR12KPSUAWQNAZ \u00a0 AR18HCSUAWQ\/AZ \u00a0 AR18HPSUAWQ\/AZ \u00a0 AR18JCSUAWQ\/AZ \u00a0 AR18KCFUAWQNAZ \u00a0 AR18KPFUAWQNAZ \u00a0 AR24HPSUAWQ\/AZ \u00a0 AR24JCSUAWQ\/AZ \u00a0 AR24KCFUAWQNAZ \u00a0 AR24KPFUAWQNAZ","og_url":"https:\/\/dualgree.com.br\/loja\/produto\/borracha-mancal-da-turbina-evaporadora-ar-condicionado-compativel-com-samsung\/","og_site_name":"Loja - Dual Gree Servi\u00e7os | Pe\u00e7as","article_modified_time":"2024-12-10T13:25:35+00:00","og_image":[{"width":1280,"height":1280,"url":"https:\/\/dualgree.com.br\/loja\/wp-content\/uploads\/2024\/09\/15300135949-1036-3-borracha-mancal-da-turbina-ar-condicionado-samsung.jpeg","type":"image\/jpeg"}],"twitter_card":"summary_large_image","twitter_misc":{"Est. tempo de leitura":"1 minuto"},"schema":{"@context":"https:\/\/schema.org","@graph":[{"@type":"WebPage","@id":"https:\/\/dualgree.com.br\/loja\/produto\/borracha-mancal-da-turbina-evaporadora-ar-condicionado-compativel-com-samsung\/","url":"https:\/\/dualgree.com.br\/loja\/produto\/borracha-mancal-da-turbina-evaporadora-ar-condicionado-compativel-com-samsung\/","name":"Borracha Mancal Da Turbina Evaporadora Ar Condicionado Compativel Com Samsung - Loja - Dual Gree Servi\u00e7os | Pe\u00e7as","isPartOf":{"@id":"https:\/\/dualgree.com.br\/loja\/#website"},"primaryImageOfPage":{"@id":"https:\/\/dualgree.com.br\/loja\/produto\/borracha-mancal-da-turbina-evaporadora-ar-condicionado-compativel-com-samsung\/#primaryimage"},"image":{"@id":"https:\/\/dualgree.com.br\/loja\/produto\/borracha-mancal-da-turbina-evaporadora-ar-condicionado-compativel-com-samsung\/#primaryimage"},"thumbnailUrl":"https:\/\/dualgree.com.br\/loja\/wp-content\/uploads\/2024\/09\/15300135949-1036-3-borracha-mancal-da-turbina-ar-condicionado-samsung.jpeg","datePublished":"2024-09-25T20:46:02+00:00","dateModified":"2024-12-10T13:25:35+00:00","breadcrumb":{"@id":"https:\/\/dualgree.com.br\/loja\/produto\/borracha-mancal-da-turbina-evaporadora-ar-condicionado-compativel-com-samsung\/#breadcrumb"},"inLanguage":"pt-BR","potentialAction":[{"@type":"ReadAction","target":["https:\/\/dualgree.com.br\/loja\/produto\/borracha-mancal-da-turbina-evaporadora-ar-condicionado-compativel-com-samsung\/"]}]},{"@type":"ImageObject","inLanguage":"pt-BR","@id":"https:\/\/dualgree.com.br\/loja\/produto\/borracha-mancal-da-turbina-evaporadora-ar-condicionado-compativel-com-samsung\/#primaryimage","url":"https:\/\/dualgree.com.br\/loja\/wp-content\/uploads\/2024\/09\/15300135949-1036-3-borracha-mancal-da-turbina-ar-condicionado-samsung.jpeg","contentUrl":"https:\/\/dualgree.com.br\/loja\/wp-content\/uploads\/2024\/09\/15300135949-1036-3-borracha-mancal-da-turbina-ar-condicionado-samsung.jpeg","width":1280,"height":1280},{"@type":"BreadcrumbList","@id":"https:\/\/dualgree.com.br\/loja\/produto\/borracha-mancal-da-turbina-evaporadora-ar-condicionado-compativel-com-samsung\/#breadcrumb","itemListElement":[{"@type":"ListItem","position":1,"name":"In\u00edcio","item":"https:\/\/dualgree.com.br\/loja\/"},{"@type":"ListItem","position":2,"name":"Loja &#8211; Cat\u00e1logo de Pe\u00e7as","item":"https:\/\/dualgree.com.br\/loja\/"},{"@type":"ListItem","position":3,"name":"Borracha Mancal Da Turbina Evaporadora Ar Condicionado Compa..."}]},{"@type":"WebSite","@id":"https:\/\/dualgree.com.br\/loja\/#website","url":"https:\/\/dualgree.com.br\/loja\/","name":"Loja - Dual Gree Servi\u00e7os | Partes e Pe\u00e7as","description":"Catalogo de Pe\u00e7as para ar condicionado","publisher":{"@id":"https:\/\/dualgree.com.br\/loja\/#organization"},"potentialAction":[{"@type":"SearchAction","target":{"@type":"EntryPoint","urlTemplate":"https:\/\/dualgree.com.br\/loja\/?s={search_term_string}"},"query-input":{"@type":"PropertyValueSpecification","valueRequired":true,"valueName":"search_term_string"}}],"inLanguage":"pt-BR"},{"@type":"Organization","@id":"https:\/\/dualgree.com.br\/loja\/#organization","name":"Loja Dual Gree Servi\u00e7o","url":"https:\/\/dualgree.com.br\/loja\/","logo":{"@type":"ImageObject","inLanguage":"pt-BR","@id":"https:\/\/dualgree.com.br\/loja\/#\/schema\/logo\/image\/","url":"https:\/\/dualgree.com.br\/loja\/wp-content\/uploads\/2024\/09\/teste-logo-ecommerce-dual-1-e1725909304971.png","contentUrl":"https:\/\/dualgree.com.br\/loja\/wp-content\/uploads\/2024\/09\/teste-logo-ecommerce-dual-1-e1725909304971.png","width":470,"height":157,"caption":"Loja Dual Gree Servi\u00e7o"},"image":{"@id":"https:\/\/dualgree.com.br\/loja\/#\/schema\/logo\/image\/"}}]}},"jetpack_publicize_connections":[],"jetpack_sharing_enabled":true,"jetpack_likes_enabled":true,"_links":{"self":[{"href":"https:\/\/dualgree.com.br\/loja\/wp-json\/wp\/v2\/product\/6963","targetHints":{"allow":["GET"]}}],"collection":[{"href":"https:\/\/dualgree.com.br\/loja\/wp-json\/wp\/v2\/product"}],"about":[{"href":"https:\/\/dualgree.com.br\/loja\/wp-json\/wp\/v2\/types\/product"}],"replies":[{"embeddable":true,"href":"https:\/\/dualgree.com.br\/loja\/wp-json\/wp\/v2\/comments?post=6963"}],"wp:featuredmedia":[{"embeddable":true,"href":"https:\/\/dualgree.com.br\/loja\/wp-json\/wp\/v2\/media\/6960"}],"wp:attachment":[{"href":"https:\/\/dualgree.com.br\/loja\/wp-json\/wp\/v2\/media?parent=6963"}],"wp:term":[{"taxonomy":"product_brand","embeddable":true,"href":"https:\/\/dualgree.com.br\/loja\/wp-json\/wp\/v2\/product_brand?post=6963"},{"taxonomy":"product_cat","embeddable":true,"href":"https:\/\/dualgree.com.br\/loja\/wp-json\/wp\/v2\/product_cat?post=6963"},{"taxonomy":"product_tag","embeddable":true,"href":"https:\/\/dualgree.com.br\/loja\/wp-json\/wp\/v2\/product_tag?post=6963"}],"curies":[{"name":"wp","href":"https:\/\/api.w.org\/{rel}","templated":true}]}}