{"id":7732,"date":"2024-10-15T12:08:09","date_gmt":"2024-10-15T12:08:09","guid":{"rendered":"https:\/\/dualgree.com.br\/loja\/produto\/valvula-bobina-de-expansao-eletronica-samsung-18000btus-6via\/"},"modified":"2025-10-13T20:34:51","modified_gmt":"2025-10-13T20:34:51","slug":"valvula-bobina-de-expansao-eletronica-samsung-18000btus-6via","status":"publish","type":"product","link":"https:\/\/dualgree.com.br\/loja\/produto\/valvula-bobina-de-expansao-eletronica-samsung-18000btus-6via\/","title":{"rendered":"Valvula Bobina De Expans\u00e3o Eletr\u00f4nica Samsung 18000btus 5 ..."},"content":{"rendered":"<p><span>IC1745-bobina da valvula de expans\u00e3o eletronica<\/span><\/p>\n<p>\u00a0<\/p>\n<p>Produto recondicinado testado e funcionando perfeitamente<\/p>\n<p>\u00a0<\/p>\n<p>esta bobina possui 5 fios\u00a0<\/p>\n<p>\u00a0<\/p>\n<p>modelos:<\/p>\n<p>\u00a0<\/p>\n<p>AQV18NSBNXAZ<\/p>\n<p>\u00a0<\/p>\n<p>AQV18NSBXAZ<\/p>\n<p>\u00a0<\/p>\n<p>AQV18NSBXXAZ<\/p>\n<p>\u00a0<\/p>\n<p>AQV18PSBTNXAZ<\/p>\n<p>\u00a0<\/p>\n<p>AQV18PSBTXAZ<\/p>\n<p>\u00a0<\/p>\n<p>AQV18PSBTXXAZ<\/p>\n<p>\u00a0<\/p>\n<p>AQV18VBENXAZ<\/p>\n<p>\u00a0<\/p>\n<p>AQV18VBEXAZ<\/p>\n<p>\u00a0<\/p>\n<p>AQV18VBEXXAZ<\/p>\n<p>\u00a0<\/p>\n<p>AQV24NSBNXAZ<\/p>\n<p>\u00a0<\/p>\n<p>AQV24NSBXAZ<\/p>\n<p>\u00a0<\/p>\n<p>AQV24NSBXXAZ<\/p>\n<p>\u00a0<\/p>\n<p>AQV24VBENXAZ<\/p>\n<p>\u00a0<\/p>\n<p>AQV24VBEXAZ<\/p>\n<p>\u00a0<\/p>\n<p>AQV24VBEXXAZ<\/p>\n<p>\u00a0<\/p>\n<p>ASV18PSBTNXAZ<\/p>\n<p>\u00a0<\/p>\n<p>ASV18PSBTXAZ<\/p>\n<p>\u00a0<\/p>\n<p>ASV18PSBTXXAZ<\/p>\n<p>\u00a0<\/p>\n","protected":false},"excerpt":{"rendered":"<p><span>IC1745-bobina da valvula de expans\u00e3o eletronica<\/span><\/p>\n<p>\u00a0<\/p>\n<p>Produto recondicinado testado e funcionando perfeitamente<\/p>\n<p>\u00a0<\/p>\n<p>modelos:<\/p>\n<p>\u00a0<\/p>\n<p>AQV18NSBNXAZ<\/p>\n<p>\u00a0<\/p>\n<p>AQV18NSBXAZ<\/p>\n<p>\u00a0<\/p>\n<p>AQV18NSBXXAZ<\/p>\n<p>\u00a0<\/p>\n<p>AQV18PSBTNXAZ<\/p>\n<p>\u00a0<\/p>\n<p>AQV18PSBTXAZ<\/p>\n<p>\u00a0<\/p>\n<p>AQV18PSBTXXAZ<\/p>\n<p>\u00a0<\/p>\n<p>AQV18VBENXAZ<\/p>\n<p>\u00a0<\/p>\n<p>AQV18VBEXAZ<\/p>\n<p>\u00a0<\/p>\n<p>AQV18VBEXXAZ<\/p>\n<p>\u00a0<\/p>\n<p>AQV24NSBNXAZ<\/p>\n<p>\u00a0<\/p>\n<p>AQV24NSBXAZ<\/p>\n<p>\u00a0<\/p>\n<p>AQV24NSBXXAZ<\/p>\n<p>\u00a0<\/p>\n<p>AQV24VBENXAZ<\/p>\n<p>\u00a0<\/p>\n<p>AQV24VBEXAZ<\/p>\n<p>\u00a0<\/p>\n<p>AQV24VBEXXAZ<\/p>\n<p>\u00a0<\/p>\n<p>ASV18PSBTNXAZ<\/p>\n<p>\u00a0<\/p>\n<p>ASV18PSBTXAZ<\/p>\n<p>\u00a0<\/p>\n<p>ASV18PSBTXXAZ<\/p>\n<p>\u00a0<\/p>\n","protected":false},"featured_media":11927,"comment_status":"open","ping_status":"closed","template":"","meta":{"_kadence_starter_templates_imported_post":false,"_kad_post_transparent":"","_kad_post_title":"","_kad_post_layout":"","_kad_post_sidebar_id":"","_kad_post_content_style":"","_kad_post_vertical_padding":"","_kad_post_feature":"","_kad_post_feature_position":"","_kad_post_header":false,"_kad_post_footer":false,"jetpack_publicize_message":"","jetpack_publicize_feature_enabled":true,"jetpack_social_post_already_shared":false,"jetpack_social_options":{"image_generator_settings":{"template":"highway","default_image_id":0,"font":"","enabled":false},"version":2}},"product_brand":[],"product_cat":[186,15],"product_tag":[],"class_list":{"0":"post-7732","1":"product","2":"type-product","3":"status-publish","4":"has-post-thumbnail","6":"product_cat-samsung","7":"product_cat-sem-categoria","9":"first","10":"instock","11":"shipping-taxable","12":"purchasable","13":"product-type-simple","14":"entry","15":"content-bg","16":"loop-entry"},"yoast_head":"<!-- This site is optimized with the Yoast SEO plugin v27.5 - https:\/\/yoast.com\/product\/yoast-seo-wordpress\/ -->\n<title>Valvula Bobina De Expans\u00e3o Eletr\u00f4nica Samsung 18000btus 5 fios - Loja - Dual Gree Servi\u00e7os | Pe\u00e7as<\/title>\n<meta name=\"robots\" content=\"index, follow, max-snippet:-1, max-image-preview:large, max-video-preview:-1\" \/>\n<link rel=\"canonical\" href=\"https:\/\/dualgree.com.br\/loja\/produto\/valvula-bobina-de-expansao-eletronica-samsung-18000btus-6via\/\" \/>\n<meta property=\"og:locale\" content=\"pt_BR\" \/>\n<meta property=\"og:type\" content=\"article\" \/>\n<meta property=\"og:title\" content=\"Valvula Bobina De Expans\u00e3o Eletr\u00f4nica Samsung 18000btus 5 fios - Loja - Dual Gree Servi\u00e7os | Pe\u00e7as\" \/>\n<meta property=\"og:description\" content=\"IC1745-bobina da valvula de expans\u00e3o eletronica \u00a0 Produto recondicinado testado e funcionando perfeitamente \u00a0 modelos: \u00a0 AQV18NSBNXAZ \u00a0 AQV18NSBXAZ \u00a0 AQV18NSBXXAZ \u00a0 AQV18PSBTNXAZ \u00a0 AQV18PSBTXAZ \u00a0 AQV18PSBTXXAZ \u00a0 AQV18VBENXAZ \u00a0 AQV18VBEXAZ \u00a0 AQV18VBEXXAZ \u00a0 AQV24NSBNXAZ \u00a0 AQV24NSBXAZ \u00a0 AQV24NSBXXAZ \u00a0 AQV24VBENXAZ \u00a0 AQV24VBEXAZ \u00a0 AQV24VBEXXAZ \u00a0 ASV18PSBTNXAZ \u00a0 ASV18PSBTXAZ \u00a0 ASV18PSBTXXAZ \u00a0\" \/>\n<meta property=\"og:url\" content=\"https:\/\/dualgree.com.br\/loja\/produto\/valvula-bobina-de-expansao-eletronica-samsung-18000btus-6via\/\" \/>\n<meta property=\"og:site_name\" content=\"Loja - Dual Gree Servi\u00e7os | Pe\u00e7as\" \/>\n<meta property=\"article:modified_time\" content=\"2025-10-13T20:34:51+00:00\" \/>\n<meta property=\"og:image\" content=\"https:\/\/dualgree.com.br\/loja\/wp-content\/uploads\/2024\/10\/15300125311-1745-bobina-de-valvula-de-expansao-eletronica.jpeg\" \/>\n\t<meta property=\"og:image:width\" content=\"1280\" \/>\n\t<meta property=\"og:image:height\" content=\"1280\" \/>\n\t<meta property=\"og:image:type\" content=\"image\/jpeg\" \/>\n<meta name=\"twitter:card\" content=\"summary_large_image\" \/>\n<script type=\"application\/ld+json\" class=\"yoast-schema-graph\">{\"@context\":\"https:\\\/\\\/schema.org\",\"@graph\":[{\"@type\":\"WebPage\",\"@id\":\"https:\\\/\\\/dualgree.com.br\\\/loja\\\/produto\\\/valvula-bobina-de-expansao-eletronica-samsung-18000btus-6via\\\/\",\"url\":\"https:\\\/\\\/dualgree.com.br\\\/loja\\\/produto\\\/valvula-bobina-de-expansao-eletronica-samsung-18000btus-6via\\\/\",\"name\":\"Valvula Bobina De Expans\u00e3o Eletr\u00f4nica Samsung 18000btus 5 fios - Loja - Dual Gree Servi\u00e7os | Pe\u00e7as\",\"isPartOf\":{\"@id\":\"https:\\\/\\\/dualgree.com.br\\\/loja\\\/#website\"},\"primaryImageOfPage\":{\"@id\":\"https:\\\/\\\/dualgree.com.br\\\/loja\\\/produto\\\/valvula-bobina-de-expansao-eletronica-samsung-18000btus-6via\\\/#primaryimage\"},\"image\":{\"@id\":\"https:\\\/\\\/dualgree.com.br\\\/loja\\\/produto\\\/valvula-bobina-de-expansao-eletronica-samsung-18000btus-6via\\\/#primaryimage\"},\"thumbnailUrl\":\"https:\\\/\\\/dualgree.com.br\\\/loja\\\/wp-content\\\/uploads\\\/2025\\\/10\\\/15383958560-ic1745-valvula-bobina-de-expansao-eletronica-samsung-18000btus-5-fios.webp\",\"datePublished\":\"2024-10-15T12:08:09+00:00\",\"dateModified\":\"2025-10-13T20:34:51+00:00\",\"breadcrumb\":{\"@id\":\"https:\\\/\\\/dualgree.com.br\\\/loja\\\/produto\\\/valvula-bobina-de-expansao-eletronica-samsung-18000btus-6via\\\/#breadcrumb\"},\"inLanguage\":\"pt-BR\",\"potentialAction\":[{\"@type\":\"ReadAction\",\"target\":[\"https:\\\/\\\/dualgree.com.br\\\/loja\\\/produto\\\/valvula-bobina-de-expansao-eletronica-samsung-18000btus-6via\\\/\"]}]},{\"@type\":\"ImageObject\",\"inLanguage\":\"pt-BR\",\"@id\":\"https:\\\/\\\/dualgree.com.br\\\/loja\\\/produto\\\/valvula-bobina-de-expansao-eletronica-samsung-18000btus-6via\\\/#primaryimage\",\"url\":\"https:\\\/\\\/dualgree.com.br\\\/loja\\\/wp-content\\\/uploads\\\/2025\\\/10\\\/15383958560-ic1745-valvula-bobina-de-expansao-eletronica-samsung-18000btus-5-fios.webp\",\"contentUrl\":\"https:\\\/\\\/dualgree.com.br\\\/loja\\\/wp-content\\\/uploads\\\/2025\\\/10\\\/15383958560-ic1745-valvula-bobina-de-expansao-eletronica-samsung-18000btus-5-fios.webp\",\"width\":1280,\"height\":1280},{\"@type\":\"BreadcrumbList\",\"@id\":\"https:\\\/\\\/dualgree.com.br\\\/loja\\\/produto\\\/valvula-bobina-de-expansao-eletronica-samsung-18000btus-6via\\\/#breadcrumb\",\"itemListElement\":[{\"@type\":\"ListItem\",\"position\":1,\"name\":\"In\u00edcio\",\"item\":\"https:\\\/\\\/dualgree.com.br\\\/loja\\\/\"},{\"@type\":\"ListItem\",\"position\":2,\"name\":\"Loja &#8211; Cat\u00e1logo de Pe\u00e7as\",\"item\":\"https:\\\/\\\/dualgree.com.br\\\/loja\\\/\"},{\"@type\":\"ListItem\",\"position\":3,\"name\":\"Valvula Bobina De Expans\u00e3o Eletr\u00f4nica Samsung 18000btus 5 ...\"}]},{\"@type\":\"WebSite\",\"@id\":\"https:\\\/\\\/dualgree.com.br\\\/loja\\\/#website\",\"url\":\"https:\\\/\\\/dualgree.com.br\\\/loja\\\/\",\"name\":\"Loja - Dual Gree Servi\u00e7os | Partes e Pe\u00e7as\",\"description\":\"Catalogo de Pe\u00e7as para ar condicionado\",\"publisher\":{\"@id\":\"https:\\\/\\\/dualgree.com.br\\\/loja\\\/#organization\"},\"potentialAction\":[{\"@type\":\"SearchAction\",\"target\":{\"@type\":\"EntryPoint\",\"urlTemplate\":\"https:\\\/\\\/dualgree.com.br\\\/loja\\\/?s={search_term_string}\"},\"query-input\":{\"@type\":\"PropertyValueSpecification\",\"valueRequired\":true,\"valueName\":\"search_term_string\"}}],\"inLanguage\":\"pt-BR\"},{\"@type\":\"Organization\",\"@id\":\"https:\\\/\\\/dualgree.com.br\\\/loja\\\/#organization\",\"name\":\"Loja Dual Gree Servi\u00e7o\",\"url\":\"https:\\\/\\\/dualgree.com.br\\\/loja\\\/\",\"logo\":{\"@type\":\"ImageObject\",\"inLanguage\":\"pt-BR\",\"@id\":\"https:\\\/\\\/dualgree.com.br\\\/loja\\\/#\\\/schema\\\/logo\\\/image\\\/\",\"url\":\"https:\\\/\\\/dualgree.com.br\\\/loja\\\/wp-content\\\/uploads\\\/2024\\\/09\\\/teste-logo-ecommerce-dual-1-e1725909304971.png\",\"contentUrl\":\"https:\\\/\\\/dualgree.com.br\\\/loja\\\/wp-content\\\/uploads\\\/2024\\\/09\\\/teste-logo-ecommerce-dual-1-e1725909304971.png\",\"width\":470,\"height\":157,\"caption\":\"Loja Dual Gree Servi\u00e7o\"},\"image\":{\"@id\":\"https:\\\/\\\/dualgree.com.br\\\/loja\\\/#\\\/schema\\\/logo\\\/image\\\/\"}}]}<\/script>\n<!-- \/ Yoast SEO plugin. -->","yoast_head_json":{"title":"Valvula Bobina De Expans\u00e3o Eletr\u00f4nica Samsung 18000btus 5 fios - Loja - Dual Gree Servi\u00e7os | Pe\u00e7as","robots":{"index":"index","follow":"follow","max-snippet":"max-snippet:-1","max-image-preview":"max-image-preview:large","max-video-preview":"max-video-preview:-1"},"canonical":"https:\/\/dualgree.com.br\/loja\/produto\/valvula-bobina-de-expansao-eletronica-samsung-18000btus-6via\/","og_locale":"pt_BR","og_type":"article","og_title":"Valvula Bobina De Expans\u00e3o Eletr\u00f4nica Samsung 18000btus 5 fios - Loja - Dual Gree Servi\u00e7os | Pe\u00e7as","og_description":"IC1745-bobina da valvula de expans\u00e3o eletronica \u00a0 Produto recondicinado testado e funcionando perfeitamente \u00a0 modelos: \u00a0 AQV18NSBNXAZ \u00a0 AQV18NSBXAZ \u00a0 AQV18NSBXXAZ \u00a0 AQV18PSBTNXAZ \u00a0 AQV18PSBTXAZ \u00a0 AQV18PSBTXXAZ \u00a0 AQV18VBENXAZ \u00a0 AQV18VBEXAZ \u00a0 AQV18VBEXXAZ \u00a0 AQV24NSBNXAZ \u00a0 AQV24NSBXAZ \u00a0 AQV24NSBXXAZ \u00a0 AQV24VBENXAZ \u00a0 AQV24VBEXAZ \u00a0 AQV24VBEXXAZ \u00a0 ASV18PSBTNXAZ \u00a0 ASV18PSBTXAZ \u00a0 ASV18PSBTXXAZ \u00a0","og_url":"https:\/\/dualgree.com.br\/loja\/produto\/valvula-bobina-de-expansao-eletronica-samsung-18000btus-6via\/","og_site_name":"Loja - Dual Gree Servi\u00e7os | Pe\u00e7as","article_modified_time":"2025-10-13T20:34:51+00:00","og_image":[{"width":1280,"height":1280,"url":"https:\/\/dualgree.com.br\/loja\/wp-content\/uploads\/2024\/10\/15300125311-1745-bobina-de-valvula-de-expansao-eletronica.jpeg","type":"image\/jpeg"}],"twitter_card":"summary_large_image","schema":{"@context":"https:\/\/schema.org","@graph":[{"@type":"WebPage","@id":"https:\/\/dualgree.com.br\/loja\/produto\/valvula-bobina-de-expansao-eletronica-samsung-18000btus-6via\/","url":"https:\/\/dualgree.com.br\/loja\/produto\/valvula-bobina-de-expansao-eletronica-samsung-18000btus-6via\/","name":"Valvula Bobina De Expans\u00e3o Eletr\u00f4nica Samsung 18000btus 5 fios - Loja - Dual Gree Servi\u00e7os | Pe\u00e7as","isPartOf":{"@id":"https:\/\/dualgree.com.br\/loja\/#website"},"primaryImageOfPage":{"@id":"https:\/\/dualgree.com.br\/loja\/produto\/valvula-bobina-de-expansao-eletronica-samsung-18000btus-6via\/#primaryimage"},"image":{"@id":"https:\/\/dualgree.com.br\/loja\/produto\/valvula-bobina-de-expansao-eletronica-samsung-18000btus-6via\/#primaryimage"},"thumbnailUrl":"https:\/\/dualgree.com.br\/loja\/wp-content\/uploads\/2025\/10\/15383958560-ic1745-valvula-bobina-de-expansao-eletronica-samsung-18000btus-5-fios.webp","datePublished":"2024-10-15T12:08:09+00:00","dateModified":"2025-10-13T20:34:51+00:00","breadcrumb":{"@id":"https:\/\/dualgree.com.br\/loja\/produto\/valvula-bobina-de-expansao-eletronica-samsung-18000btus-6via\/#breadcrumb"},"inLanguage":"pt-BR","potentialAction":[{"@type":"ReadAction","target":["https:\/\/dualgree.com.br\/loja\/produto\/valvula-bobina-de-expansao-eletronica-samsung-18000btus-6via\/"]}]},{"@type":"ImageObject","inLanguage":"pt-BR","@id":"https:\/\/dualgree.com.br\/loja\/produto\/valvula-bobina-de-expansao-eletronica-samsung-18000btus-6via\/#primaryimage","url":"https:\/\/dualgree.com.br\/loja\/wp-content\/uploads\/2025\/10\/15383958560-ic1745-valvula-bobina-de-expansao-eletronica-samsung-18000btus-5-fios.webp","contentUrl":"https:\/\/dualgree.com.br\/loja\/wp-content\/uploads\/2025\/10\/15383958560-ic1745-valvula-bobina-de-expansao-eletronica-samsung-18000btus-5-fios.webp","width":1280,"height":1280},{"@type":"BreadcrumbList","@id":"https:\/\/dualgree.com.br\/loja\/produto\/valvula-bobina-de-expansao-eletronica-samsung-18000btus-6via\/#breadcrumb","itemListElement":[{"@type":"ListItem","position":1,"name":"In\u00edcio","item":"https:\/\/dualgree.com.br\/loja\/"},{"@type":"ListItem","position":2,"name":"Loja &#8211; Cat\u00e1logo de Pe\u00e7as","item":"https:\/\/dualgree.com.br\/loja\/"},{"@type":"ListItem","position":3,"name":"Valvula Bobina De Expans\u00e3o Eletr\u00f4nica Samsung 18000btus 5 ..."}]},{"@type":"WebSite","@id":"https:\/\/dualgree.com.br\/loja\/#website","url":"https:\/\/dualgree.com.br\/loja\/","name":"Loja - Dual Gree Servi\u00e7os | Partes e Pe\u00e7as","description":"Catalogo de Pe\u00e7as para ar condicionado","publisher":{"@id":"https:\/\/dualgree.com.br\/loja\/#organization"},"potentialAction":[{"@type":"SearchAction","target":{"@type":"EntryPoint","urlTemplate":"https:\/\/dualgree.com.br\/loja\/?s={search_term_string}"},"query-input":{"@type":"PropertyValueSpecification","valueRequired":true,"valueName":"search_term_string"}}],"inLanguage":"pt-BR"},{"@type":"Organization","@id":"https:\/\/dualgree.com.br\/loja\/#organization","name":"Loja Dual Gree Servi\u00e7o","url":"https:\/\/dualgree.com.br\/loja\/","logo":{"@type":"ImageObject","inLanguage":"pt-BR","@id":"https:\/\/dualgree.com.br\/loja\/#\/schema\/logo\/image\/","url":"https:\/\/dualgree.com.br\/loja\/wp-content\/uploads\/2024\/09\/teste-logo-ecommerce-dual-1-e1725909304971.png","contentUrl":"https:\/\/dualgree.com.br\/loja\/wp-content\/uploads\/2024\/09\/teste-logo-ecommerce-dual-1-e1725909304971.png","width":470,"height":157,"caption":"Loja Dual Gree Servi\u00e7o"},"image":{"@id":"https:\/\/dualgree.com.br\/loja\/#\/schema\/logo\/image\/"}}]}},"jetpack_publicize_connections":[],"jetpack_sharing_enabled":true,"jetpack_likes_enabled":true,"_links":{"self":[{"href":"https:\/\/dualgree.com.br\/loja\/wp-json\/wp\/v2\/product\/7732","targetHints":{"allow":["GET"]}}],"collection":[{"href":"https:\/\/dualgree.com.br\/loja\/wp-json\/wp\/v2\/product"}],"about":[{"href":"https:\/\/dualgree.com.br\/loja\/wp-json\/wp\/v2\/types\/product"}],"replies":[{"embeddable":true,"href":"https:\/\/dualgree.com.br\/loja\/wp-json\/wp\/v2\/comments?post=7732"}],"wp:featuredmedia":[{"embeddable":true,"href":"https:\/\/dualgree.com.br\/loja\/wp-json\/wp\/v2\/media\/11927"}],"wp:attachment":[{"href":"https:\/\/dualgree.com.br\/loja\/wp-json\/wp\/v2\/media?parent=7732"}],"wp:term":[{"taxonomy":"product_brand","embeddable":true,"href":"https:\/\/dualgree.com.br\/loja\/wp-json\/wp\/v2\/product_brand?post=7732"},{"taxonomy":"product_cat","embeddable":true,"href":"https:\/\/dualgree.com.br\/loja\/wp-json\/wp\/v2\/product_cat?post=7732"},{"taxonomy":"product_tag","embeddable":true,"href":"https:\/\/dualgree.com.br\/loja\/wp-json\/wp\/v2\/product_tag?post=7732"}],"curies":[{"name":"wp","href":"https:\/\/api.w.org\/{rel}","templated":true}]}}