{"id":7970,"date":"2024-10-21T19:59:47","date_gmt":"2024-10-21T19:59:47","guid":{"rendered":"https:\/\/dualgree.com.br\/loja\/produto\/placa-display-ar-condicionado-lg-dual-inverter-ebr859721-s4nw12ja3wc\/"},"modified":"2025-02-03T10:40:15","modified_gmt":"2025-02-03T10:40:15","slug":"placa-display-ar-condicionado-lg-dual-inverter-ebr859721-s4nw12ja3wc","status":"publish","type":"product","link":"https:\/\/dualgree.com.br\/loja\/produto\/placa-display-ar-condicionado-lg-dual-inverter-ebr859721-s4nw12ja3wc\/","title":{"rendered":"Placa Display Ar Condicionado LG Dual Inverter EBR859721 S4N..."},"content":{"rendered":"<p>ic624 &#8211; PLACA LG DISPLAY\u00a0 DUAL INVERTER EBR859721 S4NW12JA3WC<\/p>\n<p>\u00a0<\/p>\n<p>Placa display para ar condicionado dual inverter modelo correspondente, veja os simbolos s\u00f3 serve para os modelos abaixo<\/p>\n<p>\u00a0<\/p>\n<p>testada e funcionando perfeitamente.\u00a0<\/p>\n<p>\u00a0<\/p>\n<p>veja que \u00e9sta \u00e9 para modelo voice, n\u00e3o funciona da WIFI<\/p>\n<p>\u00a0<\/p>\n<p>S4NQ18KL3WB<\/p>\n<p>S4NQ24KL3WB<\/p>\n<p>S4NQ12JA3WC<\/p>\n<p><span style=\"font-family: LGEI Text, Segoe UI, Microsoft Sans Serif, sans-serif\"><span style=\"font-size: 16px\">S4NQ12JA31G., <\/span><\/span><\/p>\n<p><span style=\"font-family: LGEI Text, Segoe UI, Microsoft Sans Serif, sans-serif\"><span style=\"font-size: 16px\">S4NQ12JA3A5., <\/span><\/span><\/p>\n<p><span style=\"font-family: LGEI Text, Segoe UI, Microsoft Sans Serif, sans-serif\"><span style=\"font-size: 16px\">S4NQ12JA3A6., <\/span><\/span><\/p>\n<p><span style=\"font-family: LGEI Text, Segoe UI, Microsoft Sans Serif, sans-serif\"><span style=\"font-size: 16px\">S4NQ12JA3AD., <\/span><\/span><\/p>\n<p><span style=\"font-family: LGEI Text, Segoe UI, Microsoft Sans Serif, sans-serif\"><span style=\"font-size: 16px\">S4NQ12JA3WC., <\/span><\/span><\/p>\n<p><span style=\"font-family: LGEI Text, Segoe UI, Microsoft Sans Serif, sans-serif\"><span style=\"font-size: 16px\">S4NQ12JA3WF., <\/span><\/span><\/p>\n<p><span style=\"font-family: LGEI Text, Segoe UI, Microsoft Sans Serif, sans-serif\"><span style=\"font-size: 16px\">S4NQ18KL3AA., <\/span><\/span><\/p>\n<p><span style=\"font-family: LGEI Text, Segoe UI, Microsoft Sans Serif, sans-serif\"><span style=\"font-size: 16px\">S4NQ18KL3AC., <\/span><\/span><\/p>\n<p><span style=\"font-family: LGEI Text, Segoe UI, Microsoft Sans Serif, sans-serif\"><span style=\"font-size: 16px\">S4NQ18KL3WB., <\/span><\/span><\/p>\n<p><span style=\"font-family: LGEI Text, Segoe UI, Microsoft Sans Serif, sans-serif\"><span style=\"font-size: 16px\">S4NQ24K23WD., <\/span><\/span><\/p>\n<p><span style=\"font-family: LGEI Text, Segoe UI, Microsoft Sans Serif, sans-serif\"><span style=\"font-size: 16px\">S4NW12JA3WA., <\/span><\/span><\/p>\n<p><span style=\"font-family: LGEI Text, Segoe UI, Microsoft Sans Serif, sans-serif\"><span style=\"font-size: 16px\">S4NW18KL3WA., <\/span><\/span><\/p>\n<p><span style=\"font-family: LGEI Text, Segoe UI, Microsoft Sans Serif, sans-serif\"><span style=\"font-size: 16px\">S4NW24KE3W1.<\/span><\/span><\/p>\n<p>\u00a0<\/p>\n<p>\u00a0<\/p>\n","protected":false},"excerpt":{"rendered":"<p>ic624 &#8211; PLACA LG DISPLAY\u00a0 DUAL INVERTER EBR859721 S4NW12JA3WC \u00a0 Placa display para ar condicionado dual inverter modelo correspondente, veja os simbolos s\u00f3 serve para os modelos abaixo \u00a0 testada e funcionando perfeitamente.\u00a0 \u00a0 veja que \u00e9sta \u00e9 para modelo voice, n\u00e3o funciona da WIFI \u00a0 S4NQ18KL3WB S4NQ24KL3WB S4NQ12JA3WC S4NQ12JA31G., S4NQ12JA3A5., S4NQ12JA3A6., S4NQ12JA3AD., S4NQ12JA3WC., S4NQ12JA3WF.,&#8230;<\/p>\n","protected":false},"featured_media":7978,"comment_status":"open","ping_status":"closed","template":"","meta":{"_kadence_starter_templates_imported_post":false,"_kad_post_transparent":"","_kad_post_title":"","_kad_post_layout":"","_kad_post_sidebar_id":"","_kad_post_content_style":"","_kad_post_vertical_padding":"","_kad_post_feature":"","_kad_post_feature_position":"","_kad_post_header":false,"_kad_post_footer":false,"jetpack_publicize_message":"","jetpack_publicize_feature_enabled":true,"jetpack_social_post_already_shared":false,"jetpack_social_options":{"image_generator_settings":{"template":"highway","default_image_id":0,"font":"","enabled":false},"version":2}},"product_brand":[],"product_cat":[182,192],"product_tag":[],"class_list":{"0":"post-7970","1":"product","2":"type-product","3":"status-publish","4":"has-post-thumbnail","6":"product_cat-lg","7":"product_cat-placa-display-split","9":"first","10":"outofstock","11":"shipping-taxable","12":"purchasable","13":"product-type-simple","14":"entry","15":"content-bg","16":"loop-entry"},"yoast_head":"<!-- This site is optimized with the Yoast SEO plugin v27.5 - https:\/\/yoast.com\/product\/yoast-seo-wordpress\/ -->\n<title>Placa Display Ar Condicionado LG Dual Inverter EBR859721 S4NW12JA3WC - Loja - Dual Gree Servi\u00e7os | Pe\u00e7as<\/title>\n<meta name=\"robots\" content=\"index, follow, max-snippet:-1, max-image-preview:large, max-video-preview:-1\" \/>\n<link rel=\"canonical\" href=\"https:\/\/dualgree.com.br\/loja\/produto\/placa-display-ar-condicionado-lg-dual-inverter-ebr859721-s4nw12ja3wc\/\" \/>\n<meta property=\"og:locale\" content=\"pt_BR\" \/>\n<meta property=\"og:type\" content=\"article\" \/>\n<meta property=\"og:title\" content=\"Placa Display Ar Condicionado LG Dual Inverter EBR859721 S4NW12JA3WC - Loja - Dual Gree Servi\u00e7os | Pe\u00e7as\" \/>\n<meta property=\"og:description\" content=\"ic624 &#8211; PLACA LG DISPLAY\u00a0 DUAL INVERTER EBR859721 S4NW12JA3WC \u00a0 Placa display para ar condicionado dual inverter modelo correspondente, veja os simbolos s\u00f3 serve para os modelos abaixo \u00a0 testada e funcionando perfeitamente.\u00a0 \u00a0 veja que \u00e9sta \u00e9 para modelo voice, n\u00e3o funciona da WIFI \u00a0 S4NQ18KL3WB S4NQ24KL3WB S4NQ12JA3WC S4NQ12JA31G., S4NQ12JA3A5., S4NQ12JA3A6., S4NQ12JA3AD., S4NQ12JA3WC., S4NQ12JA3WF.,...\" \/>\n<meta property=\"og:url\" content=\"https:\/\/dualgree.com.br\/loja\/produto\/placa-display-ar-condicionado-lg-dual-inverter-ebr859721-s4nw12ja3wc\/\" \/>\n<meta property=\"og:site_name\" content=\"Loja - Dual Gree Servi\u00e7os | Pe\u00e7as\" \/>\n<meta property=\"article:modified_time\" content=\"2025-02-03T10:40:15+00:00\" \/>\n<meta property=\"og:image\" content=\"https:\/\/dualgree.com.br\/loja\/wp-content\/uploads\/2024\/10\/15306690766-624-d-nq-np-693840-mlb44786468433-022021-o-photoroom.jpg\" \/>\n\t<meta property=\"og:image:width\" content=\"1280\" \/>\n\t<meta property=\"og:image:height\" content=\"1280\" \/>\n\t<meta property=\"og:image:type\" content=\"image\/jpeg\" \/>\n<meta name=\"twitter:card\" content=\"summary_large_image\" \/>\n<meta name=\"twitter:label1\" content=\"Est. tempo de leitura\" \/>\n\t<meta name=\"twitter:data1\" content=\"1 minuto\" \/>\n<script type=\"application\/ld+json\" class=\"yoast-schema-graph\">{\"@context\":\"https:\\\/\\\/schema.org\",\"@graph\":[{\"@type\":\"WebPage\",\"@id\":\"https:\\\/\\\/dualgree.com.br\\\/loja\\\/produto\\\/placa-display-ar-condicionado-lg-dual-inverter-ebr859721-s4nw12ja3wc\\\/\",\"url\":\"https:\\\/\\\/dualgree.com.br\\\/loja\\\/produto\\\/placa-display-ar-condicionado-lg-dual-inverter-ebr859721-s4nw12ja3wc\\\/\",\"name\":\"Placa Display Ar Condicionado LG Dual Inverter EBR859721 S4NW12JA3WC - Loja - Dual Gree Servi\u00e7os | Pe\u00e7as\",\"isPartOf\":{\"@id\":\"https:\\\/\\\/dualgree.com.br\\\/loja\\\/#website\"},\"primaryImageOfPage\":{\"@id\":\"https:\\\/\\\/dualgree.com.br\\\/loja\\\/produto\\\/placa-display-ar-condicionado-lg-dual-inverter-ebr859721-s4nw12ja3wc\\\/#primaryimage\"},\"image\":{\"@id\":\"https:\\\/\\\/dualgree.com.br\\\/loja\\\/produto\\\/placa-display-ar-condicionado-lg-dual-inverter-ebr859721-s4nw12ja3wc\\\/#primaryimage\"},\"thumbnailUrl\":\"https:\\\/\\\/dualgree.com.br\\\/loja\\\/wp-content\\\/uploads\\\/2024\\\/10\\\/15306690766-624-d-nq-np-693840-mlb44786468433-022021-o-photoroom-1.jpg\",\"datePublished\":\"2024-10-21T19:59:47+00:00\",\"dateModified\":\"2025-02-03T10:40:15+00:00\",\"breadcrumb\":{\"@id\":\"https:\\\/\\\/dualgree.com.br\\\/loja\\\/produto\\\/placa-display-ar-condicionado-lg-dual-inverter-ebr859721-s4nw12ja3wc\\\/#breadcrumb\"},\"inLanguage\":\"pt-BR\",\"potentialAction\":[{\"@type\":\"ReadAction\",\"target\":[\"https:\\\/\\\/dualgree.com.br\\\/loja\\\/produto\\\/placa-display-ar-condicionado-lg-dual-inverter-ebr859721-s4nw12ja3wc\\\/\"]}]},{\"@type\":\"ImageObject\",\"inLanguage\":\"pt-BR\",\"@id\":\"https:\\\/\\\/dualgree.com.br\\\/loja\\\/produto\\\/placa-display-ar-condicionado-lg-dual-inverter-ebr859721-s4nw12ja3wc\\\/#primaryimage\",\"url\":\"https:\\\/\\\/dualgree.com.br\\\/loja\\\/wp-content\\\/uploads\\\/2024\\\/10\\\/15306690766-624-d-nq-np-693840-mlb44786468433-022021-o-photoroom-1.jpg\",\"contentUrl\":\"https:\\\/\\\/dualgree.com.br\\\/loja\\\/wp-content\\\/uploads\\\/2024\\\/10\\\/15306690766-624-d-nq-np-693840-mlb44786468433-022021-o-photoroom-1.jpg\",\"width\":1280,\"height\":1280},{\"@type\":\"BreadcrumbList\",\"@id\":\"https:\\\/\\\/dualgree.com.br\\\/loja\\\/produto\\\/placa-display-ar-condicionado-lg-dual-inverter-ebr859721-s4nw12ja3wc\\\/#breadcrumb\",\"itemListElement\":[{\"@type\":\"ListItem\",\"position\":1,\"name\":\"In\u00edcio\",\"item\":\"https:\\\/\\\/dualgree.com.br\\\/loja\\\/\"},{\"@type\":\"ListItem\",\"position\":2,\"name\":\"Loja &#8211; Cat\u00e1logo de Pe\u00e7as\",\"item\":\"https:\\\/\\\/dualgree.com.br\\\/loja\\\/\"},{\"@type\":\"ListItem\",\"position\":3,\"name\":\"Placa Display Ar Condicionado LG Dual Inverter EBR859721 S4N...\"}]},{\"@type\":\"WebSite\",\"@id\":\"https:\\\/\\\/dualgree.com.br\\\/loja\\\/#website\",\"url\":\"https:\\\/\\\/dualgree.com.br\\\/loja\\\/\",\"name\":\"Loja - Dual Gree Servi\u00e7os | Partes e Pe\u00e7as\",\"description\":\"Catalogo de Pe\u00e7as para ar condicionado\",\"publisher\":{\"@id\":\"https:\\\/\\\/dualgree.com.br\\\/loja\\\/#organization\"},\"potentialAction\":[{\"@type\":\"SearchAction\",\"target\":{\"@type\":\"EntryPoint\",\"urlTemplate\":\"https:\\\/\\\/dualgree.com.br\\\/loja\\\/?s={search_term_string}\"},\"query-input\":{\"@type\":\"PropertyValueSpecification\",\"valueRequired\":true,\"valueName\":\"search_term_string\"}}],\"inLanguage\":\"pt-BR\"},{\"@type\":\"Organization\",\"@id\":\"https:\\\/\\\/dualgree.com.br\\\/loja\\\/#organization\",\"name\":\"Loja Dual Gree Servi\u00e7o\",\"url\":\"https:\\\/\\\/dualgree.com.br\\\/loja\\\/\",\"logo\":{\"@type\":\"ImageObject\",\"inLanguage\":\"pt-BR\",\"@id\":\"https:\\\/\\\/dualgree.com.br\\\/loja\\\/#\\\/schema\\\/logo\\\/image\\\/\",\"url\":\"https:\\\/\\\/dualgree.com.br\\\/loja\\\/wp-content\\\/uploads\\\/2024\\\/09\\\/teste-logo-ecommerce-dual-1-e1725909304971.png\",\"contentUrl\":\"https:\\\/\\\/dualgree.com.br\\\/loja\\\/wp-content\\\/uploads\\\/2024\\\/09\\\/teste-logo-ecommerce-dual-1-e1725909304971.png\",\"width\":470,\"height\":157,\"caption\":\"Loja Dual Gree Servi\u00e7o\"},\"image\":{\"@id\":\"https:\\\/\\\/dualgree.com.br\\\/loja\\\/#\\\/schema\\\/logo\\\/image\\\/\"}}]}<\/script>\n<!-- \/ Yoast SEO plugin. -->","yoast_head_json":{"title":"Placa Display Ar Condicionado LG Dual Inverter EBR859721 S4NW12JA3WC - Loja - Dual Gree Servi\u00e7os | Pe\u00e7as","robots":{"index":"index","follow":"follow","max-snippet":"max-snippet:-1","max-image-preview":"max-image-preview:large","max-video-preview":"max-video-preview:-1"},"canonical":"https:\/\/dualgree.com.br\/loja\/produto\/placa-display-ar-condicionado-lg-dual-inverter-ebr859721-s4nw12ja3wc\/","og_locale":"pt_BR","og_type":"article","og_title":"Placa Display Ar Condicionado LG Dual Inverter EBR859721 S4NW12JA3WC - Loja - Dual Gree Servi\u00e7os | Pe\u00e7as","og_description":"ic624 &#8211; PLACA LG DISPLAY\u00a0 DUAL INVERTER EBR859721 S4NW12JA3WC \u00a0 Placa display para ar condicionado dual inverter modelo correspondente, veja os simbolos s\u00f3 serve para os modelos abaixo \u00a0 testada e funcionando perfeitamente.\u00a0 \u00a0 veja que \u00e9sta \u00e9 para modelo voice, n\u00e3o funciona da WIFI \u00a0 S4NQ18KL3WB S4NQ24KL3WB S4NQ12JA3WC S4NQ12JA31G., S4NQ12JA3A5., S4NQ12JA3A6., S4NQ12JA3AD., S4NQ12JA3WC., S4NQ12JA3WF.,...","og_url":"https:\/\/dualgree.com.br\/loja\/produto\/placa-display-ar-condicionado-lg-dual-inverter-ebr859721-s4nw12ja3wc\/","og_site_name":"Loja - Dual Gree Servi\u00e7os | Pe\u00e7as","article_modified_time":"2025-02-03T10:40:15+00:00","og_image":[{"width":1280,"height":1280,"url":"https:\/\/dualgree.com.br\/loja\/wp-content\/uploads\/2024\/10\/15306690766-624-d-nq-np-693840-mlb44786468433-022021-o-photoroom.jpg","type":"image\/jpeg"}],"twitter_card":"summary_large_image","twitter_misc":{"Est. tempo de leitura":"1 minuto"},"schema":{"@context":"https:\/\/schema.org","@graph":[{"@type":"WebPage","@id":"https:\/\/dualgree.com.br\/loja\/produto\/placa-display-ar-condicionado-lg-dual-inverter-ebr859721-s4nw12ja3wc\/","url":"https:\/\/dualgree.com.br\/loja\/produto\/placa-display-ar-condicionado-lg-dual-inverter-ebr859721-s4nw12ja3wc\/","name":"Placa Display Ar Condicionado LG Dual Inverter EBR859721 S4NW12JA3WC - Loja - Dual Gree Servi\u00e7os | Pe\u00e7as","isPartOf":{"@id":"https:\/\/dualgree.com.br\/loja\/#website"},"primaryImageOfPage":{"@id":"https:\/\/dualgree.com.br\/loja\/produto\/placa-display-ar-condicionado-lg-dual-inverter-ebr859721-s4nw12ja3wc\/#primaryimage"},"image":{"@id":"https:\/\/dualgree.com.br\/loja\/produto\/placa-display-ar-condicionado-lg-dual-inverter-ebr859721-s4nw12ja3wc\/#primaryimage"},"thumbnailUrl":"https:\/\/dualgree.com.br\/loja\/wp-content\/uploads\/2024\/10\/15306690766-624-d-nq-np-693840-mlb44786468433-022021-o-photoroom-1.jpg","datePublished":"2024-10-21T19:59:47+00:00","dateModified":"2025-02-03T10:40:15+00:00","breadcrumb":{"@id":"https:\/\/dualgree.com.br\/loja\/produto\/placa-display-ar-condicionado-lg-dual-inverter-ebr859721-s4nw12ja3wc\/#breadcrumb"},"inLanguage":"pt-BR","potentialAction":[{"@type":"ReadAction","target":["https:\/\/dualgree.com.br\/loja\/produto\/placa-display-ar-condicionado-lg-dual-inverter-ebr859721-s4nw12ja3wc\/"]}]},{"@type":"ImageObject","inLanguage":"pt-BR","@id":"https:\/\/dualgree.com.br\/loja\/produto\/placa-display-ar-condicionado-lg-dual-inverter-ebr859721-s4nw12ja3wc\/#primaryimage","url":"https:\/\/dualgree.com.br\/loja\/wp-content\/uploads\/2024\/10\/15306690766-624-d-nq-np-693840-mlb44786468433-022021-o-photoroom-1.jpg","contentUrl":"https:\/\/dualgree.com.br\/loja\/wp-content\/uploads\/2024\/10\/15306690766-624-d-nq-np-693840-mlb44786468433-022021-o-photoroom-1.jpg","width":1280,"height":1280},{"@type":"BreadcrumbList","@id":"https:\/\/dualgree.com.br\/loja\/produto\/placa-display-ar-condicionado-lg-dual-inverter-ebr859721-s4nw12ja3wc\/#breadcrumb","itemListElement":[{"@type":"ListItem","position":1,"name":"In\u00edcio","item":"https:\/\/dualgree.com.br\/loja\/"},{"@type":"ListItem","position":2,"name":"Loja &#8211; Cat\u00e1logo de Pe\u00e7as","item":"https:\/\/dualgree.com.br\/loja\/"},{"@type":"ListItem","position":3,"name":"Placa Display Ar Condicionado LG Dual Inverter EBR859721 S4N..."}]},{"@type":"WebSite","@id":"https:\/\/dualgree.com.br\/loja\/#website","url":"https:\/\/dualgree.com.br\/loja\/","name":"Loja - Dual Gree Servi\u00e7os | Partes e Pe\u00e7as","description":"Catalogo de Pe\u00e7as para ar condicionado","publisher":{"@id":"https:\/\/dualgree.com.br\/loja\/#organization"},"potentialAction":[{"@type":"SearchAction","target":{"@type":"EntryPoint","urlTemplate":"https:\/\/dualgree.com.br\/loja\/?s={search_term_string}"},"query-input":{"@type":"PropertyValueSpecification","valueRequired":true,"valueName":"search_term_string"}}],"inLanguage":"pt-BR"},{"@type":"Organization","@id":"https:\/\/dualgree.com.br\/loja\/#organization","name":"Loja Dual Gree Servi\u00e7o","url":"https:\/\/dualgree.com.br\/loja\/","logo":{"@type":"ImageObject","inLanguage":"pt-BR","@id":"https:\/\/dualgree.com.br\/loja\/#\/schema\/logo\/image\/","url":"https:\/\/dualgree.com.br\/loja\/wp-content\/uploads\/2024\/09\/teste-logo-ecommerce-dual-1-e1725909304971.png","contentUrl":"https:\/\/dualgree.com.br\/loja\/wp-content\/uploads\/2024\/09\/teste-logo-ecommerce-dual-1-e1725909304971.png","width":470,"height":157,"caption":"Loja Dual Gree Servi\u00e7o"},"image":{"@id":"https:\/\/dualgree.com.br\/loja\/#\/schema\/logo\/image\/"}}]}},"jetpack_publicize_connections":[],"jetpack_sharing_enabled":true,"jetpack_likes_enabled":true,"_links":{"self":[{"href":"https:\/\/dualgree.com.br\/loja\/wp-json\/wp\/v2\/product\/7970","targetHints":{"allow":["GET"]}}],"collection":[{"href":"https:\/\/dualgree.com.br\/loja\/wp-json\/wp\/v2\/product"}],"about":[{"href":"https:\/\/dualgree.com.br\/loja\/wp-json\/wp\/v2\/types\/product"}],"replies":[{"embeddable":true,"href":"https:\/\/dualgree.com.br\/loja\/wp-json\/wp\/v2\/comments?post=7970"}],"wp:featuredmedia":[{"embeddable":true,"href":"https:\/\/dualgree.com.br\/loja\/wp-json\/wp\/v2\/media\/7978"}],"wp:attachment":[{"href":"https:\/\/dualgree.com.br\/loja\/wp-json\/wp\/v2\/media?parent=7970"}],"wp:term":[{"taxonomy":"product_brand","embeddable":true,"href":"https:\/\/dualgree.com.br\/loja\/wp-json\/wp\/v2\/product_brand?post=7970"},{"taxonomy":"product_cat","embeddable":true,"href":"https:\/\/dualgree.com.br\/loja\/wp-json\/wp\/v2\/product_cat?post=7970"},{"taxonomy":"product_tag","embeddable":true,"href":"https:\/\/dualgree.com.br\/loja\/wp-json\/wp\/v2\/product_tag?post=7970"}],"curies":[{"name":"wp","href":"https:\/\/api.w.org\/{rel}","templated":true}]}}