{"id":8278,"date":"2024-11-06T20:35:34","date_gmt":"2024-11-06T20:35:34","guid":{"rendered":"https:\/\/dualgree.com.br\/loja\/produto\/kit-regua-porta-balcao-para-ar-condiconado-portatil-electrolux-po10f-po12f\/"},"modified":"2026-04-28T18:19:58","modified_gmt":"2026-04-28T18:19:58","slug":"kit-regua-porta-balcao-para-ar-condiconado-portatil-electrolux-po10f-po12f","status":"publish","type":"product","link":"https:\/\/dualgree.com.br\/loja\/produto\/kit-regua-porta-balcao-para-ar-condiconado-portatil-electrolux-po10f-po12f\/","title":{"rendered":"Kit Regua porta balcao para ar condiconado portatil Electrol..."},"content":{"rendered":"<p>DG4164 &#8211; Kit Regua porta balcao com duto branco left 13cm compativel com ar condiconado portatil\u00a0<\/p>\n<p>\u00a0<\/p>\n<p>Neste kit n\u00e3o acompanha o conector do aparelho<\/p>\n<p>\u00a0<\/p>\n<p>itens do kit<\/p>\n<p>\u00a0<\/p>\n<p>1x dg4082 &#8211; Conjunto de reguas ajustavel at\u00e9 2 metros e 30<\/p>\n<p>1x DG4081- conector da regua<\/p>\n<p>1x DG413 &#8211; Duto 2 metros branco rosca left 13cm<\/p>\n<p>\u00a0<\/p>\n<p>Observa\u00e7\u00e3o para usar este kit o Cliente precisa de apenas um conector que possui para utilizar.<\/p>\n<p>\u00a0<\/p>\n<p>Compativel com<\/p>\n<p>\u00a0<\/p>\n<p>Piu 12<\/p>\n<p>Piu 12HP<\/p>\n<p>Piu 13<\/p>\n<p>Issimo 13<\/p>\n<p>New Issimo<\/p>\n<p>Silent Nano<\/p>\n<p>\u00a0<\/p>\n<p>TEChome TEC10f<\/p>\n<p>\u00a0<\/p>\n<p>Phaser PH10<\/p>\n<p>\u00a0<\/p>\n<p>Philco<\/p>\n<p>ph10000f<\/p>\n<p>ph10000qf<\/p>\n<p>ph13000f<\/p>\n<p>ph13000qf<\/p>\n<p>\u00a0<\/p>\n<p>DElonghi<\/p>\n<p>\u00a0<\/p>\n<p>Pac C100<\/p>\n<p>Pac C105<\/p>\n<p>Pac We125<\/p>\n<p>\u00a0<\/p>\n<p>Electrolux\u00a0<\/p>\n<p><span style=\"font-weight: bold;color: #5f6368;font-family: Arial, sans-serif\">PO10F<\/span><span style=\"color: #4d5156;font-family: Arial, sans-serif\">\u00a0<\/span><\/p>\n<p><span style=\"color: #4d5156;font-family: Arial, sans-serif\">PO12F<\/span><\/p>\n<p>\u00a0<\/p>\n<p>TCL\u00a0<\/p>\n<p>\u00a0<\/p>\n","protected":false},"excerpt":{"rendered":"<p>DG4164 &#8211; Kit Regua porta balcao com duto branco left 13cm compativel com ar condiconado portatil\u00a0 \u00a0 Neste kit n\u00e3o acompanha o conector do aparelho \u00a0 itens do kit \u00a0 1x dg4082 &#8211; Conjunto de reguas ajustavel at\u00e9 2 metros e 30 1x DG4081- conector da regua 1x DG413 &#8211; Duto 2 metros branco rosca&#8230;<\/p>\n","protected":false},"featured_media":8277,"comment_status":"open","ping_status":"closed","template":"","meta":{"_kadence_starter_templates_imported_post":false,"_kad_post_transparent":"","_kad_post_title":"","_kad_post_layout":"","_kad_post_sidebar_id":"","_kad_post_content_style":"","_kad_post_vertical_padding":"","_kad_post_feature":"","_kad_post_feature_position":"","_kad_post_header":false,"_kad_post_footer":false,"jetpack_publicize_message":"","jetpack_publicize_feature_enabled":true,"jetpack_social_post_already_shared":false,"jetpack_social_options":{"image_generator_settings":{"template":"highway","default_image_id":0,"font":"","enabled":false},"version":2}},"product_brand":[],"product_cat":[270,225,244,181,275,180,245,202,243,297,183,246,258],"product_tag":[],"class_list":{"0":"post-8278","1":"product","2":"type-product","3":"status-publish","4":"has-post-thumbnail","6":"product_cat-conector-da-ragua-ar-portatil","7":"product_cat-delonghi","8":"product_cat-duto-para-ar-portatil","9":"product_cat-electrolux","10":"product_cat-extensao-de-regua-ar-portatil","11":"product_cat-gree","12":"product_cat-kit-duto-ar-portatil","13":"product_cat-komeco","14":"product_cat-olimpia-splendid","15":"product_cat-phaser","16":"product_cat-philco","17":"product_cat-tcl","18":"product_cat-techome","20":"first","21":"instock","22":"shipping-taxable","23":"purchasable","24":"product-type-simple","25":"entry","26":"content-bg","27":"loop-entry"},"yoast_head":"<!-- This site is optimized with the Yoast SEO plugin v27.5 - https:\/\/yoast.com\/product\/yoast-seo-wordpress\/ -->\n<title>Kit Regua porta balcao para ar condiconado portatil Electrolux PO10F PO12F - Loja - Dual Gree Servi\u00e7os | Pe\u00e7as<\/title>\n<meta name=\"robots\" content=\"index, follow, max-snippet:-1, max-image-preview:large, max-video-preview:-1\" \/>\n<link rel=\"canonical\" href=\"https:\/\/dualgree.com.br\/loja\/produto\/kit-regua-porta-balcao-para-ar-condiconado-portatil-electrolux-po10f-po12f\/\" \/>\n<meta property=\"og:locale\" content=\"pt_BR\" \/>\n<meta property=\"og:type\" content=\"article\" \/>\n<meta property=\"og:title\" content=\"Kit Regua porta balcao para ar condiconado portatil Electrolux PO10F PO12F - Loja - Dual Gree Servi\u00e7os | Pe\u00e7as\" \/>\n<meta property=\"og:description\" content=\"DG4164 &#8211; Kit Regua porta balcao com duto branco left 13cm compativel com ar condiconado portatil\u00a0 \u00a0 Neste kit n\u00e3o acompanha o conector do aparelho \u00a0 itens do kit \u00a0 1x dg4082 &#8211; Conjunto de reguas ajustavel at\u00e9 2 metros e 30 1x DG4081- conector da regua 1x DG413 &#8211; Duto 2 metros branco rosca...\" \/>\n<meta property=\"og:url\" content=\"https:\/\/dualgree.com.br\/loja\/produto\/kit-regua-porta-balcao-para-ar-condiconado-portatil-electrolux-po10f-po12f\/\" \/>\n<meta property=\"og:site_name\" content=\"Loja - Dual Gree Servi\u00e7os | Pe\u00e7as\" \/>\n<meta property=\"article:modified_time\" content=\"2026-04-28T18:19:58+00:00\" \/>\n<meta name=\"twitter:card\" content=\"summary_large_image\" \/>\n<meta name=\"twitter:label1\" content=\"Est. tempo de leitura\" \/>\n\t<meta name=\"twitter:data1\" content=\"1 minuto\" \/>\n<script type=\"application\/ld+json\" class=\"yoast-schema-graph\">{\"@context\":\"https:\\\/\\\/schema.org\",\"@graph\":[{\"@type\":\"WebPage\",\"@id\":\"https:\\\/\\\/dualgree.com.br\\\/loja\\\/produto\\\/kit-regua-porta-balcao-para-ar-condiconado-portatil-electrolux-po10f-po12f\\\/\",\"url\":\"https:\\\/\\\/dualgree.com.br\\\/loja\\\/produto\\\/kit-regua-porta-balcao-para-ar-condiconado-portatil-electrolux-po10f-po12f\\\/\",\"name\":\"Kit Regua porta balcao para ar condiconado portatil Electrolux PO10F PO12F - Loja - Dual Gree Servi\u00e7os | Pe\u00e7as\",\"isPartOf\":{\"@id\":\"https:\\\/\\\/dualgree.com.br\\\/loja\\\/#website\"},\"primaryImageOfPage\":{\"@id\":\"https:\\\/\\\/dualgree.com.br\\\/loja\\\/produto\\\/kit-regua-porta-balcao-para-ar-condiconado-portatil-electrolux-po10f-po12f\\\/#primaryimage\"},\"image\":{\"@id\":\"https:\\\/\\\/dualgree.com.br\\\/loja\\\/produto\\\/kit-regua-porta-balcao-para-ar-condiconado-portatil-electrolux-po10f-po12f\\\/#primaryimage\"},\"thumbnailUrl\":\"https:\\\/\\\/dualgree.com.br\\\/loja\\\/wp-content\\\/uploads\\\/2024\\\/11\\\/15299058291-4164-kit-regua-porta-balcao-com-duto-branco-left.jpg\",\"datePublished\":\"2024-11-06T20:35:34+00:00\",\"dateModified\":\"2026-04-28T18:19:58+00:00\",\"breadcrumb\":{\"@id\":\"https:\\\/\\\/dualgree.com.br\\\/loja\\\/produto\\\/kit-regua-porta-balcao-para-ar-condiconado-portatil-electrolux-po10f-po12f\\\/#breadcrumb\"},\"inLanguage\":\"pt-BR\",\"potentialAction\":[{\"@type\":\"ReadAction\",\"target\":[\"https:\\\/\\\/dualgree.com.br\\\/loja\\\/produto\\\/kit-regua-porta-balcao-para-ar-condiconado-portatil-electrolux-po10f-po12f\\\/\"]}]},{\"@type\":\"ImageObject\",\"inLanguage\":\"pt-BR\",\"@id\":\"https:\\\/\\\/dualgree.com.br\\\/loja\\\/produto\\\/kit-regua-porta-balcao-para-ar-condiconado-portatil-electrolux-po10f-po12f\\\/#primaryimage\",\"url\":\"https:\\\/\\\/dualgree.com.br\\\/loja\\\/wp-content\\\/uploads\\\/2024\\\/11\\\/15299058291-4164-kit-regua-porta-balcao-com-duto-branco-left.jpg\",\"contentUrl\":\"https:\\\/\\\/dualgree.com.br\\\/loja\\\/wp-content\\\/uploads\\\/2024\\\/11\\\/15299058291-4164-kit-regua-porta-balcao-com-duto-branco-left.jpg\",\"width\":1280,\"height\":1280},{\"@type\":\"BreadcrumbList\",\"@id\":\"https:\\\/\\\/dualgree.com.br\\\/loja\\\/produto\\\/kit-regua-porta-balcao-para-ar-condiconado-portatil-electrolux-po10f-po12f\\\/#breadcrumb\",\"itemListElement\":[{\"@type\":\"ListItem\",\"position\":1,\"name\":\"In\u00edcio\",\"item\":\"https:\\\/\\\/dualgree.com.br\\\/loja\\\/\"},{\"@type\":\"ListItem\",\"position\":2,\"name\":\"Loja &#8211; Cat\u00e1logo de Pe\u00e7as\",\"item\":\"https:\\\/\\\/dualgree.com.br\\\/loja\\\/\"},{\"@type\":\"ListItem\",\"position\":3,\"name\":\"Kit Regua porta balcao para ar condiconado portatil Electrol...\"}]},{\"@type\":\"WebSite\",\"@id\":\"https:\\\/\\\/dualgree.com.br\\\/loja\\\/#website\",\"url\":\"https:\\\/\\\/dualgree.com.br\\\/loja\\\/\",\"name\":\"Loja - Dual Gree Servi\u00e7os | Partes e Pe\u00e7as\",\"description\":\"Catalogo de Pe\u00e7as para ar condicionado\",\"publisher\":{\"@id\":\"https:\\\/\\\/dualgree.com.br\\\/loja\\\/#organization\"},\"potentialAction\":[{\"@type\":\"SearchAction\",\"target\":{\"@type\":\"EntryPoint\",\"urlTemplate\":\"https:\\\/\\\/dualgree.com.br\\\/loja\\\/?s={search_term_string}\"},\"query-input\":{\"@type\":\"PropertyValueSpecification\",\"valueRequired\":true,\"valueName\":\"search_term_string\"}}],\"inLanguage\":\"pt-BR\"},{\"@type\":\"Organization\",\"@id\":\"https:\\\/\\\/dualgree.com.br\\\/loja\\\/#organization\",\"name\":\"Loja Dual Gree Servi\u00e7o\",\"url\":\"https:\\\/\\\/dualgree.com.br\\\/loja\\\/\",\"logo\":{\"@type\":\"ImageObject\",\"inLanguage\":\"pt-BR\",\"@id\":\"https:\\\/\\\/dualgree.com.br\\\/loja\\\/#\\\/schema\\\/logo\\\/image\\\/\",\"url\":\"https:\\\/\\\/dualgree.com.br\\\/loja\\\/wp-content\\\/uploads\\\/2024\\\/09\\\/teste-logo-ecommerce-dual-1-e1725909304971.png\",\"contentUrl\":\"https:\\\/\\\/dualgree.com.br\\\/loja\\\/wp-content\\\/uploads\\\/2024\\\/09\\\/teste-logo-ecommerce-dual-1-e1725909304971.png\",\"width\":470,\"height\":157,\"caption\":\"Loja Dual Gree Servi\u00e7o\"},\"image\":{\"@id\":\"https:\\\/\\\/dualgree.com.br\\\/loja\\\/#\\\/schema\\\/logo\\\/image\\\/\"}}]}<\/script>\n<!-- \/ Yoast SEO plugin. -->","yoast_head_json":{"title":"Kit Regua porta balcao para ar condiconado portatil Electrolux PO10F PO12F - Loja - Dual Gree Servi\u00e7os | Pe\u00e7as","robots":{"index":"index","follow":"follow","max-snippet":"max-snippet:-1","max-image-preview":"max-image-preview:large","max-video-preview":"max-video-preview:-1"},"canonical":"https:\/\/dualgree.com.br\/loja\/produto\/kit-regua-porta-balcao-para-ar-condiconado-portatil-electrolux-po10f-po12f\/","og_locale":"pt_BR","og_type":"article","og_title":"Kit Regua porta balcao para ar condiconado portatil Electrolux PO10F PO12F - Loja - Dual Gree Servi\u00e7os | Pe\u00e7as","og_description":"DG4164 &#8211; Kit Regua porta balcao com duto branco left 13cm compativel com ar condiconado portatil\u00a0 \u00a0 Neste kit n\u00e3o acompanha o conector do aparelho \u00a0 itens do kit \u00a0 1x dg4082 &#8211; Conjunto de reguas ajustavel at\u00e9 2 metros e 30 1x DG4081- conector da regua 1x DG413 &#8211; Duto 2 metros branco rosca...","og_url":"https:\/\/dualgree.com.br\/loja\/produto\/kit-regua-porta-balcao-para-ar-condiconado-portatil-electrolux-po10f-po12f\/","og_site_name":"Loja - Dual Gree Servi\u00e7os | Pe\u00e7as","article_modified_time":"2026-04-28T18:19:58+00:00","twitter_card":"summary_large_image","twitter_misc":{"Est. tempo de leitura":"1 minuto"},"schema":{"@context":"https:\/\/schema.org","@graph":[{"@type":"WebPage","@id":"https:\/\/dualgree.com.br\/loja\/produto\/kit-regua-porta-balcao-para-ar-condiconado-portatil-electrolux-po10f-po12f\/","url":"https:\/\/dualgree.com.br\/loja\/produto\/kit-regua-porta-balcao-para-ar-condiconado-portatil-electrolux-po10f-po12f\/","name":"Kit Regua porta balcao para ar condiconado portatil Electrolux PO10F PO12F - Loja - Dual Gree Servi\u00e7os | Pe\u00e7as","isPartOf":{"@id":"https:\/\/dualgree.com.br\/loja\/#website"},"primaryImageOfPage":{"@id":"https:\/\/dualgree.com.br\/loja\/produto\/kit-regua-porta-balcao-para-ar-condiconado-portatil-electrolux-po10f-po12f\/#primaryimage"},"image":{"@id":"https:\/\/dualgree.com.br\/loja\/produto\/kit-regua-porta-balcao-para-ar-condiconado-portatil-electrolux-po10f-po12f\/#primaryimage"},"thumbnailUrl":"https:\/\/dualgree.com.br\/loja\/wp-content\/uploads\/2024\/11\/15299058291-4164-kit-regua-porta-balcao-com-duto-branco-left.jpg","datePublished":"2024-11-06T20:35:34+00:00","dateModified":"2026-04-28T18:19:58+00:00","breadcrumb":{"@id":"https:\/\/dualgree.com.br\/loja\/produto\/kit-regua-porta-balcao-para-ar-condiconado-portatil-electrolux-po10f-po12f\/#breadcrumb"},"inLanguage":"pt-BR","potentialAction":[{"@type":"ReadAction","target":["https:\/\/dualgree.com.br\/loja\/produto\/kit-regua-porta-balcao-para-ar-condiconado-portatil-electrolux-po10f-po12f\/"]}]},{"@type":"ImageObject","inLanguage":"pt-BR","@id":"https:\/\/dualgree.com.br\/loja\/produto\/kit-regua-porta-balcao-para-ar-condiconado-portatil-electrolux-po10f-po12f\/#primaryimage","url":"https:\/\/dualgree.com.br\/loja\/wp-content\/uploads\/2024\/11\/15299058291-4164-kit-regua-porta-balcao-com-duto-branco-left.jpg","contentUrl":"https:\/\/dualgree.com.br\/loja\/wp-content\/uploads\/2024\/11\/15299058291-4164-kit-regua-porta-balcao-com-duto-branco-left.jpg","width":1280,"height":1280},{"@type":"BreadcrumbList","@id":"https:\/\/dualgree.com.br\/loja\/produto\/kit-regua-porta-balcao-para-ar-condiconado-portatil-electrolux-po10f-po12f\/#breadcrumb","itemListElement":[{"@type":"ListItem","position":1,"name":"In\u00edcio","item":"https:\/\/dualgree.com.br\/loja\/"},{"@type":"ListItem","position":2,"name":"Loja &#8211; Cat\u00e1logo de Pe\u00e7as","item":"https:\/\/dualgree.com.br\/loja\/"},{"@type":"ListItem","position":3,"name":"Kit Regua porta balcao para ar condiconado portatil Electrol..."}]},{"@type":"WebSite","@id":"https:\/\/dualgree.com.br\/loja\/#website","url":"https:\/\/dualgree.com.br\/loja\/","name":"Loja - Dual Gree Servi\u00e7os | Partes e Pe\u00e7as","description":"Catalogo de Pe\u00e7as para ar condicionado","publisher":{"@id":"https:\/\/dualgree.com.br\/loja\/#organization"},"potentialAction":[{"@type":"SearchAction","target":{"@type":"EntryPoint","urlTemplate":"https:\/\/dualgree.com.br\/loja\/?s={search_term_string}"},"query-input":{"@type":"PropertyValueSpecification","valueRequired":true,"valueName":"search_term_string"}}],"inLanguage":"pt-BR"},{"@type":"Organization","@id":"https:\/\/dualgree.com.br\/loja\/#organization","name":"Loja Dual Gree Servi\u00e7o","url":"https:\/\/dualgree.com.br\/loja\/","logo":{"@type":"ImageObject","inLanguage":"pt-BR","@id":"https:\/\/dualgree.com.br\/loja\/#\/schema\/logo\/image\/","url":"https:\/\/dualgree.com.br\/loja\/wp-content\/uploads\/2024\/09\/teste-logo-ecommerce-dual-1-e1725909304971.png","contentUrl":"https:\/\/dualgree.com.br\/loja\/wp-content\/uploads\/2024\/09\/teste-logo-ecommerce-dual-1-e1725909304971.png","width":470,"height":157,"caption":"Loja Dual Gree Servi\u00e7o"},"image":{"@id":"https:\/\/dualgree.com.br\/loja\/#\/schema\/logo\/image\/"}}]}},"jetpack_publicize_connections":[],"jetpack_sharing_enabled":true,"jetpack_likes_enabled":true,"_links":{"self":[{"href":"https:\/\/dualgree.com.br\/loja\/wp-json\/wp\/v2\/product\/8278","targetHints":{"allow":["GET"]}}],"collection":[{"href":"https:\/\/dualgree.com.br\/loja\/wp-json\/wp\/v2\/product"}],"about":[{"href":"https:\/\/dualgree.com.br\/loja\/wp-json\/wp\/v2\/types\/product"}],"replies":[{"embeddable":true,"href":"https:\/\/dualgree.com.br\/loja\/wp-json\/wp\/v2\/comments?post=8278"}],"wp:featuredmedia":[{"embeddable":true,"href":"https:\/\/dualgree.com.br\/loja\/wp-json\/wp\/v2\/media\/8277"}],"wp:attachment":[{"href":"https:\/\/dualgree.com.br\/loja\/wp-json\/wp\/v2\/media?parent=8278"}],"wp:term":[{"taxonomy":"product_brand","embeddable":true,"href":"https:\/\/dualgree.com.br\/loja\/wp-json\/wp\/v2\/product_brand?post=8278"},{"taxonomy":"product_cat","embeddable":true,"href":"https:\/\/dualgree.com.br\/loja\/wp-json\/wp\/v2\/product_cat?post=8278"},{"taxonomy":"product_tag","embeddable":true,"href":"https:\/\/dualgree.com.br\/loja\/wp-json\/wp\/v2\/product_tag?post=8278"}],"curies":[{"name":"wp","href":"https:\/\/api.w.org\/{rel}","templated":true}]}}