{"id":9000,"date":"2025-02-28T13:48:27","date_gmt":"2025-02-28T13:48:27","guid":{"rendered":"https:\/\/dualgree.com.br\/loja\/produto\/regua-com-conector-adaptacao-ar-condicionado-portatil\/"},"modified":"2026-04-28T18:19:58","modified_gmt":"2026-04-28T18:19:58","slug":"regua-com-conector-adaptacao-ar-condicionado-portatil","status":"publish","type":"product","link":"https:\/\/dualgree.com.br\/loja\/produto\/regua-com-conector-adaptacao-ar-condicionado-portatil\/","title":{"rendered":"Regua Com Conector Adapta\u00e7\u00e3o Ar Condicionado Portatil"},"content":{"rendered":"<h1 id=\"titulo_novo_produto\" data-i18n=\"Produto:productStepByStep.form.titleNewProduct\" style=\"font-size: var(--font-size-big);margin: 0px;font-family: var(--font-family-primary);color: #495769;padding: 0px;letter-spacing: var(--letter-spacing)\">Regua Com Conector Adapta\u00e7\u00e3o Ar Condicionado Portatil<\/h1>\n<p>\u00a0<\/p>\n<p>Esta r\u00e9gua \u00e9 compativel com tubos de 130mm varias marcas.<\/p>\n<p>\u00a0<\/p>\n<p>Est\u00e1 Regua s\u00f3 serve para tubos 150mm de giro para esquerda.<\/p>\n<p>\u00a0<\/p>\n<p>DG4082- Conjuto de reguas ajsutavel at\u00e9 1,20m<\/p>\n<p>DG4081- Conector 130mm-150mm<\/p>\n<p>\u00a0<\/p>\n<p>N\u00e3o compre para modelo diferentes do anunciado, Fale com vendedor.<\/p>\n<p>\u00a0<\/p>\n<p>Compativel com\u00a0<\/p>\n<p>\u00a0<\/p>\n<p>ar condicionado portatil piu 12,<\/p>\n<p>ar condicionado portatil issimo 13.<\/p>\n<p>ar condicionado portatil new issimo,<\/p>\n<p>ar condicionado portatil piu 12 hp,<\/p>\n<p>ar condicionado portatil silentia nano,<\/p>\n<p>\u00a0<\/p>\n<p>ar condicionado portatil gree GP12-12L<\/p>\n<p>ar condicionado portatil gree GP8-12L<\/p>\n<p>\u00a0<\/p>\n<p>ar condicionado portatil Phaser ph10r<\/p>\n<p>\u00a0<\/p>\n<p>ar condicionado portatil Philco PH13000f<\/p>\n<p>ar condicionado portatil Philco ph10000f &#8211; Sem numero no final\u00a0<\/p>\n<p>\u00a0<\/p>\n<p>ar condicionado portatil Electrolux po10r<\/p>\n<p>ar condicionado portatil Electrolux po10f<\/p>\n<p>\u00a0<\/p>\n<p>ar condicionado portatil Techome TEc10R<\/p>\n<p>ar condicionado portatil Techome Tec10f<\/p>\n<p>\u00a0<\/p>\n<p>ar condicionado portatil Delonghi An120<\/p>\n<p>ar condicionado portatil Delonghi An145RF<\/p>\n<p>ar condicionado portatil Delonghi AN130RF<\/p>\n<p>ar condicionado portatil Delonghi N120BR<\/p>\n<p>ar condicionado portatil Delonghi N130BR<\/p>\n<p>ar condicionado portatil Delonghi PAc c100<\/p>\n<p>ar condicionado portatil Delonghi pac C105<\/p>\n<p>ar condicionado portatil Delonghi Pac We125<\/p>\n<p>ar condicionado portatil Delonghi CF220<\/p>\n<p>\u00a0<\/p>\n<p>ar condicionado portatil TCL tubos 130mm<\/p>\n<p>\u00a0<\/p>\n<p>ar condicionado portatil Britania tubos 130mm<\/p>\n<p>\u00a0<\/p>\n<p>\u00a0<\/p>\n<p>\u00a0<\/p>\n<p>\u00a0<\/p>\n","protected":false},"excerpt":{"rendered":"<p>Regua Com Conector Adapta\u00e7\u00e3o Ar Condicionado Portatil \u00a0 Esta r\u00e9gua \u00e9 compativel com tubos de 130mm varias marcas. \u00a0 Est\u00e1 Regua s\u00f3 serve para tubos 150mm de giro para esquerda. \u00a0 DG4082- Conjuto de reguas ajsutavel at\u00e9 1,20m DG4081- Conector 130mm-150mm \u00a0 N\u00e3o compre para modelo diferentes do anunciado, Fale com vendedor. \u00a0 Compativel com\u00a0&#8230;<\/p>\n","protected":false},"featured_media":8996,"comment_status":"open","ping_status":"closed","template":"","meta":{"_kadence_starter_templates_imported_post":false,"_kad_post_transparent":"","_kad_post_title":"","_kad_post_layout":"","_kad_post_sidebar_id":"","_kad_post_content_style":"","_kad_post_vertical_padding":"","_kad_post_feature":"","_kad_post_feature_position":"","_kad_post_header":false,"_kad_post_footer":false,"jetpack_publicize_message":"","jetpack_publicize_feature_enabled":true,"jetpack_social_post_already_shared":false,"jetpack_social_options":{"image_generator_settings":{"template":"highway","default_image_id":0,"font":"","enabled":false},"version":2}},"product_brand":[],"product_cat":[225,181,180,202,243,297,183,274,246,258],"product_tag":[],"class_list":{"0":"post-9000","1":"product","2":"type-product","3":"status-publish","4":"has-post-thumbnail","6":"product_cat-delonghi","7":"product_cat-electrolux","8":"product_cat-gree","9":"product_cat-komeco","10":"product_cat-olimpia-splendid","11":"product_cat-phaser","12":"product_cat-philco","13":"product_cat-regua-janela-ar-portatil","14":"product_cat-tcl","15":"product_cat-techome","17":"first","18":"instock","19":"shipping-taxable","20":"purchasable","21":"product-type-simple","22":"entry","23":"content-bg","24":"loop-entry"},"yoast_head":"<!-- This site is optimized with the Yoast SEO plugin v27.5 - https:\/\/yoast.com\/product\/yoast-seo-wordpress\/ -->\n<title>Regua Com Conector Adapta\u00e7\u00e3o Ar Condicionado Portatil - Loja - Dual Gree Servi\u00e7os | Pe\u00e7as<\/title>\n<meta name=\"robots\" content=\"index, follow, max-snippet:-1, max-image-preview:large, max-video-preview:-1\" \/>\n<link rel=\"canonical\" href=\"https:\/\/dualgree.com.br\/loja\/produto\/regua-com-conector-adaptacao-ar-condicionado-portatil\/\" \/>\n<meta property=\"og:locale\" content=\"pt_BR\" \/>\n<meta property=\"og:type\" content=\"article\" \/>\n<meta property=\"og:title\" content=\"Regua Com Conector Adapta\u00e7\u00e3o Ar Condicionado Portatil - Loja - Dual Gree Servi\u00e7os | Pe\u00e7as\" \/>\n<meta property=\"og:description\" content=\"Regua Com Conector Adapta\u00e7\u00e3o Ar Condicionado Portatil \u00a0 Esta r\u00e9gua \u00e9 compativel com tubos de 130mm varias marcas. \u00a0 Est\u00e1 Regua s\u00f3 serve para tubos 150mm de giro para esquerda. \u00a0 DG4082- Conjuto de reguas ajsutavel at\u00e9 1,20m DG4081- Conector 130mm-150mm \u00a0 N\u00e3o compre para modelo diferentes do anunciado, Fale com vendedor. \u00a0 Compativel com\u00a0...\" \/>\n<meta property=\"og:url\" content=\"https:\/\/dualgree.com.br\/loja\/produto\/regua-com-conector-adaptacao-ar-condicionado-portatil\/\" \/>\n<meta property=\"og:site_name\" content=\"Loja - Dual Gree Servi\u00e7os | Pe\u00e7as\" \/>\n<meta property=\"article:modified_time\" content=\"2026-04-28T18:19:58+00:00\" \/>\n<meta name=\"twitter:card\" content=\"summary_large_image\" \/>\n<meta name=\"twitter:label1\" content=\"Est. tempo de leitura\" \/>\n\t<meta name=\"twitter:data1\" content=\"1 minuto\" \/>\n<script type=\"application\/ld+json\" class=\"yoast-schema-graph\">{\"@context\":\"https:\\\/\\\/schema.org\",\"@graph\":[{\"@type\":\"WebPage\",\"@id\":\"https:\\\/\\\/dualgree.com.br\\\/loja\\\/produto\\\/regua-com-conector-adaptacao-ar-condicionado-portatil\\\/\",\"url\":\"https:\\\/\\\/dualgree.com.br\\\/loja\\\/produto\\\/regua-com-conector-adaptacao-ar-condicionado-portatil\\\/\",\"name\":\"Regua Com Conector Adapta\u00e7\u00e3o Ar Condicionado Portatil - Loja - Dual Gree Servi\u00e7os | Pe\u00e7as\",\"isPartOf\":{\"@id\":\"https:\\\/\\\/dualgree.com.br\\\/loja\\\/#website\"},\"primaryImageOfPage\":{\"@id\":\"https:\\\/\\\/dualgree.com.br\\\/loja\\\/produto\\\/regua-com-conector-adaptacao-ar-condicionado-portatil\\\/#primaryimage\"},\"image\":{\"@id\":\"https:\\\/\\\/dualgree.com.br\\\/loja\\\/produto\\\/regua-com-conector-adaptacao-ar-condicionado-portatil\\\/#primaryimage\"},\"thumbnailUrl\":\"https:\\\/\\\/dualgree.com.br\\\/loja\\\/wp-content\\\/uploads\\\/2025\\\/02\\\/15329621182-dg4541-kit-de-regua-para-janela-com-conector-universal-130mm-150mm-2.jpg\",\"datePublished\":\"2025-02-28T13:48:27+00:00\",\"dateModified\":\"2026-04-28T18:19:58+00:00\",\"breadcrumb\":{\"@id\":\"https:\\\/\\\/dualgree.com.br\\\/loja\\\/produto\\\/regua-com-conector-adaptacao-ar-condicionado-portatil\\\/#breadcrumb\"},\"inLanguage\":\"pt-BR\",\"potentialAction\":[{\"@type\":\"ReadAction\",\"target\":[\"https:\\\/\\\/dualgree.com.br\\\/loja\\\/produto\\\/regua-com-conector-adaptacao-ar-condicionado-portatil\\\/\"]}]},{\"@type\":\"ImageObject\",\"inLanguage\":\"pt-BR\",\"@id\":\"https:\\\/\\\/dualgree.com.br\\\/loja\\\/produto\\\/regua-com-conector-adaptacao-ar-condicionado-portatil\\\/#primaryimage\",\"url\":\"https:\\\/\\\/dualgree.com.br\\\/loja\\\/wp-content\\\/uploads\\\/2025\\\/02\\\/15329621182-dg4541-kit-de-regua-para-janela-com-conector-universal-130mm-150mm-2.jpg\",\"contentUrl\":\"https:\\\/\\\/dualgree.com.br\\\/loja\\\/wp-content\\\/uploads\\\/2025\\\/02\\\/15329621182-dg4541-kit-de-regua-para-janela-com-conector-universal-130mm-150mm-2.jpg\",\"width\":1280,\"height\":1280},{\"@type\":\"BreadcrumbList\",\"@id\":\"https:\\\/\\\/dualgree.com.br\\\/loja\\\/produto\\\/regua-com-conector-adaptacao-ar-condicionado-portatil\\\/#breadcrumb\",\"itemListElement\":[{\"@type\":\"ListItem\",\"position\":1,\"name\":\"In\u00edcio\",\"item\":\"https:\\\/\\\/dualgree.com.br\\\/loja\\\/\"},{\"@type\":\"ListItem\",\"position\":2,\"name\":\"Loja &#8211; Cat\u00e1logo de Pe\u00e7as\",\"item\":\"https:\\\/\\\/dualgree.com.br\\\/loja\\\/\"},{\"@type\":\"ListItem\",\"position\":3,\"name\":\"Regua Com Conector Adapta\u00e7\u00e3o Ar Condicionado Portatil\"}]},{\"@type\":\"WebSite\",\"@id\":\"https:\\\/\\\/dualgree.com.br\\\/loja\\\/#website\",\"url\":\"https:\\\/\\\/dualgree.com.br\\\/loja\\\/\",\"name\":\"Loja - Dual Gree Servi\u00e7os | Partes e Pe\u00e7as\",\"description\":\"Catalogo de Pe\u00e7as para ar condicionado\",\"publisher\":{\"@id\":\"https:\\\/\\\/dualgree.com.br\\\/loja\\\/#organization\"},\"potentialAction\":[{\"@type\":\"SearchAction\",\"target\":{\"@type\":\"EntryPoint\",\"urlTemplate\":\"https:\\\/\\\/dualgree.com.br\\\/loja\\\/?s={search_term_string}\"},\"query-input\":{\"@type\":\"PropertyValueSpecification\",\"valueRequired\":true,\"valueName\":\"search_term_string\"}}],\"inLanguage\":\"pt-BR\"},{\"@type\":\"Organization\",\"@id\":\"https:\\\/\\\/dualgree.com.br\\\/loja\\\/#organization\",\"name\":\"Loja Dual Gree Servi\u00e7o\",\"url\":\"https:\\\/\\\/dualgree.com.br\\\/loja\\\/\",\"logo\":{\"@type\":\"ImageObject\",\"inLanguage\":\"pt-BR\",\"@id\":\"https:\\\/\\\/dualgree.com.br\\\/loja\\\/#\\\/schema\\\/logo\\\/image\\\/\",\"url\":\"https:\\\/\\\/dualgree.com.br\\\/loja\\\/wp-content\\\/uploads\\\/2024\\\/09\\\/teste-logo-ecommerce-dual-1-e1725909304971.png\",\"contentUrl\":\"https:\\\/\\\/dualgree.com.br\\\/loja\\\/wp-content\\\/uploads\\\/2024\\\/09\\\/teste-logo-ecommerce-dual-1-e1725909304971.png\",\"width\":470,\"height\":157,\"caption\":\"Loja Dual Gree Servi\u00e7o\"},\"image\":{\"@id\":\"https:\\\/\\\/dualgree.com.br\\\/loja\\\/#\\\/schema\\\/logo\\\/image\\\/\"}}]}<\/script>\n<!-- \/ Yoast SEO plugin. -->","yoast_head_json":{"title":"Regua Com Conector Adapta\u00e7\u00e3o Ar Condicionado Portatil - Loja - Dual Gree Servi\u00e7os | Pe\u00e7as","robots":{"index":"index","follow":"follow","max-snippet":"max-snippet:-1","max-image-preview":"max-image-preview:large","max-video-preview":"max-video-preview:-1"},"canonical":"https:\/\/dualgree.com.br\/loja\/produto\/regua-com-conector-adaptacao-ar-condicionado-portatil\/","og_locale":"pt_BR","og_type":"article","og_title":"Regua Com Conector Adapta\u00e7\u00e3o Ar Condicionado Portatil - Loja - Dual Gree Servi\u00e7os | Pe\u00e7as","og_description":"Regua Com Conector Adapta\u00e7\u00e3o Ar Condicionado Portatil \u00a0 Esta r\u00e9gua \u00e9 compativel com tubos de 130mm varias marcas. \u00a0 Est\u00e1 Regua s\u00f3 serve para tubos 150mm de giro para esquerda. \u00a0 DG4082- Conjuto de reguas ajsutavel at\u00e9 1,20m DG4081- Conector 130mm-150mm \u00a0 N\u00e3o compre para modelo diferentes do anunciado, Fale com vendedor. \u00a0 Compativel com\u00a0...","og_url":"https:\/\/dualgree.com.br\/loja\/produto\/regua-com-conector-adaptacao-ar-condicionado-portatil\/","og_site_name":"Loja - Dual Gree Servi\u00e7os | Pe\u00e7as","article_modified_time":"2026-04-28T18:19:58+00:00","twitter_card":"summary_large_image","twitter_misc":{"Est. tempo de leitura":"1 minuto"},"schema":{"@context":"https:\/\/schema.org","@graph":[{"@type":"WebPage","@id":"https:\/\/dualgree.com.br\/loja\/produto\/regua-com-conector-adaptacao-ar-condicionado-portatil\/","url":"https:\/\/dualgree.com.br\/loja\/produto\/regua-com-conector-adaptacao-ar-condicionado-portatil\/","name":"Regua Com Conector Adapta\u00e7\u00e3o Ar Condicionado Portatil - Loja - Dual Gree Servi\u00e7os | Pe\u00e7as","isPartOf":{"@id":"https:\/\/dualgree.com.br\/loja\/#website"},"primaryImageOfPage":{"@id":"https:\/\/dualgree.com.br\/loja\/produto\/regua-com-conector-adaptacao-ar-condicionado-portatil\/#primaryimage"},"image":{"@id":"https:\/\/dualgree.com.br\/loja\/produto\/regua-com-conector-adaptacao-ar-condicionado-portatil\/#primaryimage"},"thumbnailUrl":"https:\/\/dualgree.com.br\/loja\/wp-content\/uploads\/2025\/02\/15329621182-dg4541-kit-de-regua-para-janela-com-conector-universal-130mm-150mm-2.jpg","datePublished":"2025-02-28T13:48:27+00:00","dateModified":"2026-04-28T18:19:58+00:00","breadcrumb":{"@id":"https:\/\/dualgree.com.br\/loja\/produto\/regua-com-conector-adaptacao-ar-condicionado-portatil\/#breadcrumb"},"inLanguage":"pt-BR","potentialAction":[{"@type":"ReadAction","target":["https:\/\/dualgree.com.br\/loja\/produto\/regua-com-conector-adaptacao-ar-condicionado-portatil\/"]}]},{"@type":"ImageObject","inLanguage":"pt-BR","@id":"https:\/\/dualgree.com.br\/loja\/produto\/regua-com-conector-adaptacao-ar-condicionado-portatil\/#primaryimage","url":"https:\/\/dualgree.com.br\/loja\/wp-content\/uploads\/2025\/02\/15329621182-dg4541-kit-de-regua-para-janela-com-conector-universal-130mm-150mm-2.jpg","contentUrl":"https:\/\/dualgree.com.br\/loja\/wp-content\/uploads\/2025\/02\/15329621182-dg4541-kit-de-regua-para-janela-com-conector-universal-130mm-150mm-2.jpg","width":1280,"height":1280},{"@type":"BreadcrumbList","@id":"https:\/\/dualgree.com.br\/loja\/produto\/regua-com-conector-adaptacao-ar-condicionado-portatil\/#breadcrumb","itemListElement":[{"@type":"ListItem","position":1,"name":"In\u00edcio","item":"https:\/\/dualgree.com.br\/loja\/"},{"@type":"ListItem","position":2,"name":"Loja &#8211; Cat\u00e1logo de Pe\u00e7as","item":"https:\/\/dualgree.com.br\/loja\/"},{"@type":"ListItem","position":3,"name":"Regua Com Conector Adapta\u00e7\u00e3o Ar Condicionado Portatil"}]},{"@type":"WebSite","@id":"https:\/\/dualgree.com.br\/loja\/#website","url":"https:\/\/dualgree.com.br\/loja\/","name":"Loja - Dual Gree Servi\u00e7os | Partes e Pe\u00e7as","description":"Catalogo de Pe\u00e7as para ar condicionado","publisher":{"@id":"https:\/\/dualgree.com.br\/loja\/#organization"},"potentialAction":[{"@type":"SearchAction","target":{"@type":"EntryPoint","urlTemplate":"https:\/\/dualgree.com.br\/loja\/?s={search_term_string}"},"query-input":{"@type":"PropertyValueSpecification","valueRequired":true,"valueName":"search_term_string"}}],"inLanguage":"pt-BR"},{"@type":"Organization","@id":"https:\/\/dualgree.com.br\/loja\/#organization","name":"Loja Dual Gree Servi\u00e7o","url":"https:\/\/dualgree.com.br\/loja\/","logo":{"@type":"ImageObject","inLanguage":"pt-BR","@id":"https:\/\/dualgree.com.br\/loja\/#\/schema\/logo\/image\/","url":"https:\/\/dualgree.com.br\/loja\/wp-content\/uploads\/2024\/09\/teste-logo-ecommerce-dual-1-e1725909304971.png","contentUrl":"https:\/\/dualgree.com.br\/loja\/wp-content\/uploads\/2024\/09\/teste-logo-ecommerce-dual-1-e1725909304971.png","width":470,"height":157,"caption":"Loja Dual Gree Servi\u00e7o"},"image":{"@id":"https:\/\/dualgree.com.br\/loja\/#\/schema\/logo\/image\/"}}]}},"jetpack_publicize_connections":[],"jetpack_sharing_enabled":true,"jetpack_likes_enabled":true,"_links":{"self":[{"href":"https:\/\/dualgree.com.br\/loja\/wp-json\/wp\/v2\/product\/9000","targetHints":{"allow":["GET"]}}],"collection":[{"href":"https:\/\/dualgree.com.br\/loja\/wp-json\/wp\/v2\/product"}],"about":[{"href":"https:\/\/dualgree.com.br\/loja\/wp-json\/wp\/v2\/types\/product"}],"replies":[{"embeddable":true,"href":"https:\/\/dualgree.com.br\/loja\/wp-json\/wp\/v2\/comments?post=9000"}],"wp:featuredmedia":[{"embeddable":true,"href":"https:\/\/dualgree.com.br\/loja\/wp-json\/wp\/v2\/media\/8996"}],"wp:attachment":[{"href":"https:\/\/dualgree.com.br\/loja\/wp-json\/wp\/v2\/media?parent=9000"}],"wp:term":[{"taxonomy":"product_brand","embeddable":true,"href":"https:\/\/dualgree.com.br\/loja\/wp-json\/wp\/v2\/product_brand?post=9000"},{"taxonomy":"product_cat","embeddable":true,"href":"https:\/\/dualgree.com.br\/loja\/wp-json\/wp\/v2\/product_cat?post=9000"},{"taxonomy":"product_tag","embeddable":true,"href":"https:\/\/dualgree.com.br\/loja\/wp-json\/wp\/v2\/product_tag?post=9000"}],"curies":[{"name":"wp","href":"https:\/\/api.w.org\/{rel}","templated":true}]}}