{"id":9500,"date":"2025-05-15T12:14:05","date_gmt":"2025-05-15T12:14:05","guid":{"rendered":"https:\/\/dualgree.com.br\/loja\/produto\/motor-da-aleta-evaporadora-ar-condicionado-samsung-inverter-db31-00371c\/"},"modified":"2025-10-20T12:01:36","modified_gmt":"2025-10-20T12:01:36","slug":"motor-da-aleta-evaporadora-ar-condicionado-samsung-inverter-db31-00371c","status":"publish","type":"product","link":"https:\/\/dualgree.com.br\/loja\/produto\/motor-da-aleta-evaporadora-ar-condicionado-samsung-inverter-db31-00371c\/","title":{"rendered":"Motor Da Aleta Evaporadora Ar Condicionado Samsung  inverter..."},"content":{"rendered":"<p>IC4764-Motor Da Aleta Evaporadora Ar Condicionado Compativel Com Samsung inverter.<\/p>\n<p>\u00a0<\/p>\n<p>usado, Cabo com conetor pequeno.<\/p>\n<p>\u00a0<\/p>\n<p>Etiqueta:.<\/p>\n<p>24BYJ48-1422.<\/p>\n<p>DB31-00371C.<\/p>\n<p>12V DC 100PPS.<\/p>\n<p>1. 47rpm(1-2phase).<\/p>\n<p>LEILI.<\/p>\n<p>CHANGZHOU.<\/p>\n<p>CHINA.<\/p>\n<p>\u00a0<\/p>\n<p>Cabos:.<\/p>\n<p>Rosa, amarelo, vermelho, azul, laranja.<\/p>\n<p>\u00a0<\/p>\n<p>Modelos compativel:.<\/p>\n<p>AR09HVSPBSNNAZ.<\/p>\n<p>AR09HVSPBSN\/AZ.<\/p>\n<p>AR12JPSUAWQNAZ.<\/p>\n<p><span style=\"font-family: arial, tahoma, verdana, helvetica;font-size: 14.72px\">AM007KNQDCH\/AZ.<\/span><br style=\"font-family: arial, tahoma, verdana, helvetica;font-size: 14.72px\" \/><span style=\"font-family: arial, tahoma, verdana, helvetica;font-size: 14.72px\">AM009KNQDCH\/AZ.<\/span><br style=\"font-family: arial, tahoma, verdana, helvetica;font-size: 14.72px\" \/><span style=\"font-family: arial, tahoma, verdana, helvetica;font-size: 14.72px\">AM012KNQDCH\/AZ.<\/span><br style=\"font-family: arial, tahoma, verdana, helvetica;font-size: 14.72px\" \/><span style=\"font-family: arial, tahoma, verdana, helvetica;font-size: 14.72px\">AM018KNQDCH\/AZ.<\/span><br style=\"font-family: arial, tahoma, verdana, helvetica;font-size: 14.72px\" \/><span style=\"font-family: arial, tahoma, verdana, helvetica;font-size: 14.72px\">AM020KNQDCH\/AZ.<\/span><br style=\"font-family: arial, tahoma, verdana, helvetica;font-size: 14.72px\" \/><span style=\"font-family: arial, tahoma, verdana, helvetica;font-size: 14.72px\">AM020KNTDCH\/AZ.<\/span><br style=\"font-family: arial, tahoma, verdana, helvetica;font-size: 14.72px\" \/><span style=\"font-family: arial, tahoma, verdana, helvetica;font-size: 14.72px\">AM024KNQDCH\/AZ.<\/span><\/p>\n","protected":false},"excerpt":{"rendered":"<p>IC4764-Motor Da Aleta Evaporadora Ar Condicionado Compativel Com Samsung inverter. \u00a0 usado, Cabo com conetor pequeno. \u00a0 Etiqueta:. 24BYJ48-1422. DB31-00371C. 12V DC 100PPS. 1. 47rpm(1-2phase). LEILI. CHANGZHOU. CHINA. \u00a0 Cabos:. Rosa, amarelo, vermelho, azul, laranja. \u00a0 Modelos compativel:. AR09HVSPBSNNAZ. AR09HVSPBSN\/AZ. AR12JPSUAWQNAZ. AM007KNQDCH\/AZ.AM009KNQDCH\/AZ.AM012KNQDCH\/AZ.AM018KNQDCH\/AZ.AM020KNQDCH\/AZ.AM020KNTDCH\/AZ.AM024KNQDCH\/AZ.<\/p>\n","protected":false},"featured_media":9501,"comment_status":"open","ping_status":"closed","template":"","meta":{"_kadence_starter_templates_imported_post":false,"_kad_post_transparent":"","_kad_post_title":"","_kad_post_layout":"","_kad_post_sidebar_id":"","_kad_post_content_style":"","_kad_post_vertical_padding":"","_kad_post_feature":"","_kad_post_feature_position":"","_kad_post_header":false,"_kad_post_footer":false,"jetpack_publicize_message":"","jetpack_publicize_feature_enabled":true,"jetpack_social_post_already_shared":false,"jetpack_social_options":{"image_generator_settings":{"template":"highway","default_image_id":0,"font":"","enabled":false},"version":2}},"product_brand":[],"product_cat":[173,186],"product_tag":[],"class_list":{"0":"post-9500","1":"product","2":"type-product","3":"status-publish","4":"has-post-thumbnail","6":"product_cat-motor-da-aleta-split","7":"product_cat-samsung","9":"first","10":"outofstock","11":"shipping-taxable","12":"purchasable","13":"product-type-simple","14":"entry","15":"content-bg","16":"loop-entry"},"yoast_head":"<!-- This site is optimized with the Yoast SEO plugin v27.5 - https:\/\/yoast.com\/product\/yoast-seo-wordpress\/ -->\n<title>Motor Da Aleta Evaporadora Ar Condicionado Samsung inverter db31-00371c - Loja - Dual Gree Servi\u00e7os | Pe\u00e7as<\/title>\n<meta name=\"robots\" content=\"index, follow, max-snippet:-1, max-image-preview:large, max-video-preview:-1\" \/>\n<link rel=\"canonical\" href=\"https:\/\/dualgree.com.br\/loja\/produto\/motor-da-aleta-evaporadora-ar-condicionado-samsung-inverter-db31-00371c\/\" \/>\n<meta property=\"og:locale\" content=\"pt_BR\" \/>\n<meta property=\"og:type\" content=\"article\" \/>\n<meta property=\"og:title\" content=\"Motor Da Aleta Evaporadora Ar Condicionado Samsung inverter db31-00371c - Loja - Dual Gree Servi\u00e7os | Pe\u00e7as\" \/>\n<meta property=\"og:description\" content=\"IC4764-Motor Da Aleta Evaporadora Ar Condicionado Compativel Com Samsung inverter. \u00a0 usado, Cabo com conetor pequeno. \u00a0 Etiqueta:. 24BYJ48-1422. DB31-00371C. 12V DC 100PPS. 1. 47rpm(1-2phase). LEILI. CHANGZHOU. CHINA. \u00a0 Cabos:. Rosa, amarelo, vermelho, azul, laranja. \u00a0 Modelos compativel:. AR09HVSPBSNNAZ. AR09HVSPBSN\/AZ. AR12JPSUAWQNAZ. AM007KNQDCH\/AZ.AM009KNQDCH\/AZ.AM012KNQDCH\/AZ.AM018KNQDCH\/AZ.AM020KNQDCH\/AZ.AM020KNTDCH\/AZ.AM024KNQDCH\/AZ.\" \/>\n<meta property=\"og:url\" content=\"https:\/\/dualgree.com.br\/loja\/produto\/motor-da-aleta-evaporadora-ar-condicionado-samsung-inverter-db31-00371c\/\" \/>\n<meta property=\"og:site_name\" content=\"Loja - Dual Gree Servi\u00e7os | Pe\u00e7as\" \/>\n<meta property=\"article:modified_time\" content=\"2025-10-20T12:01:36+00:00\" \/>\n<meta property=\"og:image\" content=\"https:\/\/dualgree.com.br\/loja\/wp-content\/uploads\/2025\/05\/15313282753-1059-motor-samsung-da-aleta-evaporadora.webp\" \/>\n\t<meta property=\"og:image:width\" content=\"1280\" \/>\n\t<meta property=\"og:image:height\" content=\"1280\" \/>\n\t<meta property=\"og:image:type\" content=\"image\/jpeg\" \/>\n<meta name=\"twitter:card\" content=\"summary_large_image\" \/>\n<script type=\"application\/ld+json\" class=\"yoast-schema-graph\">{\"@context\":\"https:\\\/\\\/schema.org\",\"@graph\":[{\"@type\":\"WebPage\",\"@id\":\"https:\\\/\\\/dualgree.com.br\\\/loja\\\/produto\\\/motor-da-aleta-evaporadora-ar-condicionado-samsung-inverter-db31-00371c\\\/\",\"url\":\"https:\\\/\\\/dualgree.com.br\\\/loja\\\/produto\\\/motor-da-aleta-evaporadora-ar-condicionado-samsung-inverter-db31-00371c\\\/\",\"name\":\"Motor Da Aleta Evaporadora Ar Condicionado Samsung inverter db31-00371c - Loja - Dual Gree Servi\u00e7os | Pe\u00e7as\",\"isPartOf\":{\"@id\":\"https:\\\/\\\/dualgree.com.br\\\/loja\\\/#website\"},\"primaryImageOfPage\":{\"@id\":\"https:\\\/\\\/dualgree.com.br\\\/loja\\\/produto\\\/motor-da-aleta-evaporadora-ar-condicionado-samsung-inverter-db31-00371c\\\/#primaryimage\"},\"image\":{\"@id\":\"https:\\\/\\\/dualgree.com.br\\\/loja\\\/produto\\\/motor-da-aleta-evaporadora-ar-condicionado-samsung-inverter-db31-00371c\\\/#primaryimage\"},\"thumbnailUrl\":\"https:\\\/\\\/dualgree.com.br\\\/loja\\\/wp-content\\\/uploads\\\/2025\\\/05\\\/15313282753-1059-motor-samsung-da-aleta-evaporadora-1.webp\",\"datePublished\":\"2025-05-15T12:14:05+00:00\",\"dateModified\":\"2025-10-20T12:01:36+00:00\",\"breadcrumb\":{\"@id\":\"https:\\\/\\\/dualgree.com.br\\\/loja\\\/produto\\\/motor-da-aleta-evaporadora-ar-condicionado-samsung-inverter-db31-00371c\\\/#breadcrumb\"},\"inLanguage\":\"pt-BR\",\"potentialAction\":[{\"@type\":\"ReadAction\",\"target\":[\"https:\\\/\\\/dualgree.com.br\\\/loja\\\/produto\\\/motor-da-aleta-evaporadora-ar-condicionado-samsung-inverter-db31-00371c\\\/\"]}]},{\"@type\":\"ImageObject\",\"inLanguage\":\"pt-BR\",\"@id\":\"https:\\\/\\\/dualgree.com.br\\\/loja\\\/produto\\\/motor-da-aleta-evaporadora-ar-condicionado-samsung-inverter-db31-00371c\\\/#primaryimage\",\"url\":\"https:\\\/\\\/dualgree.com.br\\\/loja\\\/wp-content\\\/uploads\\\/2025\\\/05\\\/15313282753-1059-motor-samsung-da-aleta-evaporadora-1.webp\",\"contentUrl\":\"https:\\\/\\\/dualgree.com.br\\\/loja\\\/wp-content\\\/uploads\\\/2025\\\/05\\\/15313282753-1059-motor-samsung-da-aleta-evaporadora-1.webp\",\"width\":1280,\"height\":1280},{\"@type\":\"BreadcrumbList\",\"@id\":\"https:\\\/\\\/dualgree.com.br\\\/loja\\\/produto\\\/motor-da-aleta-evaporadora-ar-condicionado-samsung-inverter-db31-00371c\\\/#breadcrumb\",\"itemListElement\":[{\"@type\":\"ListItem\",\"position\":1,\"name\":\"In\u00edcio\",\"item\":\"https:\\\/\\\/dualgree.com.br\\\/loja\\\/\"},{\"@type\":\"ListItem\",\"position\":2,\"name\":\"Loja &#8211; Cat\u00e1logo de Pe\u00e7as\",\"item\":\"https:\\\/\\\/dualgree.com.br\\\/loja\\\/\"},{\"@type\":\"ListItem\",\"position\":3,\"name\":\"Motor Da Aleta Evaporadora Ar Condicionado Samsung inverter...\"}]},{\"@type\":\"WebSite\",\"@id\":\"https:\\\/\\\/dualgree.com.br\\\/loja\\\/#website\",\"url\":\"https:\\\/\\\/dualgree.com.br\\\/loja\\\/\",\"name\":\"Loja - Dual Gree Servi\u00e7os | Partes e Pe\u00e7as\",\"description\":\"Catalogo de Pe\u00e7as para ar condicionado\",\"publisher\":{\"@id\":\"https:\\\/\\\/dualgree.com.br\\\/loja\\\/#organization\"},\"potentialAction\":[{\"@type\":\"SearchAction\",\"target\":{\"@type\":\"EntryPoint\",\"urlTemplate\":\"https:\\\/\\\/dualgree.com.br\\\/loja\\\/?s={search_term_string}\"},\"query-input\":{\"@type\":\"PropertyValueSpecification\",\"valueRequired\":true,\"valueName\":\"search_term_string\"}}],\"inLanguage\":\"pt-BR\"},{\"@type\":\"Organization\",\"@id\":\"https:\\\/\\\/dualgree.com.br\\\/loja\\\/#organization\",\"name\":\"Loja Dual Gree Servi\u00e7o\",\"url\":\"https:\\\/\\\/dualgree.com.br\\\/loja\\\/\",\"logo\":{\"@type\":\"ImageObject\",\"inLanguage\":\"pt-BR\",\"@id\":\"https:\\\/\\\/dualgree.com.br\\\/loja\\\/#\\\/schema\\\/logo\\\/image\\\/\",\"url\":\"https:\\\/\\\/dualgree.com.br\\\/loja\\\/wp-content\\\/uploads\\\/2024\\\/09\\\/teste-logo-ecommerce-dual-1-e1725909304971.png\",\"contentUrl\":\"https:\\\/\\\/dualgree.com.br\\\/loja\\\/wp-content\\\/uploads\\\/2024\\\/09\\\/teste-logo-ecommerce-dual-1-e1725909304971.png\",\"width\":470,\"height\":157,\"caption\":\"Loja Dual Gree Servi\u00e7o\"},\"image\":{\"@id\":\"https:\\\/\\\/dualgree.com.br\\\/loja\\\/#\\\/schema\\\/logo\\\/image\\\/\"}}]}<\/script>\n<!-- \/ Yoast SEO plugin. -->","yoast_head_json":{"title":"Motor Da Aleta Evaporadora Ar Condicionado Samsung inverter db31-00371c - Loja - Dual Gree Servi\u00e7os | Pe\u00e7as","robots":{"index":"index","follow":"follow","max-snippet":"max-snippet:-1","max-image-preview":"max-image-preview:large","max-video-preview":"max-video-preview:-1"},"canonical":"https:\/\/dualgree.com.br\/loja\/produto\/motor-da-aleta-evaporadora-ar-condicionado-samsung-inverter-db31-00371c\/","og_locale":"pt_BR","og_type":"article","og_title":"Motor Da Aleta Evaporadora Ar Condicionado Samsung inverter db31-00371c - Loja - Dual Gree Servi\u00e7os | Pe\u00e7as","og_description":"IC4764-Motor Da Aleta Evaporadora Ar Condicionado Compativel Com Samsung inverter. \u00a0 usado, Cabo com conetor pequeno. \u00a0 Etiqueta:. 24BYJ48-1422. DB31-00371C. 12V DC 100PPS. 1. 47rpm(1-2phase). LEILI. CHANGZHOU. CHINA. \u00a0 Cabos:. Rosa, amarelo, vermelho, azul, laranja. \u00a0 Modelos compativel:. AR09HVSPBSNNAZ. AR09HVSPBSN\/AZ. AR12JPSUAWQNAZ. AM007KNQDCH\/AZ.AM009KNQDCH\/AZ.AM012KNQDCH\/AZ.AM018KNQDCH\/AZ.AM020KNQDCH\/AZ.AM020KNTDCH\/AZ.AM024KNQDCH\/AZ.","og_url":"https:\/\/dualgree.com.br\/loja\/produto\/motor-da-aleta-evaporadora-ar-condicionado-samsung-inverter-db31-00371c\/","og_site_name":"Loja - Dual Gree Servi\u00e7os | Pe\u00e7as","article_modified_time":"2025-10-20T12:01:36+00:00","og_image":[{"width":1280,"height":1280,"url":"https:\/\/dualgree.com.br\/loja\/wp-content\/uploads\/2025\/05\/15313282753-1059-motor-samsung-da-aleta-evaporadora.webp","type":"image\/jpeg"}],"twitter_card":"summary_large_image","schema":{"@context":"https:\/\/schema.org","@graph":[{"@type":"WebPage","@id":"https:\/\/dualgree.com.br\/loja\/produto\/motor-da-aleta-evaporadora-ar-condicionado-samsung-inverter-db31-00371c\/","url":"https:\/\/dualgree.com.br\/loja\/produto\/motor-da-aleta-evaporadora-ar-condicionado-samsung-inverter-db31-00371c\/","name":"Motor Da Aleta Evaporadora Ar Condicionado Samsung inverter db31-00371c - Loja - Dual Gree Servi\u00e7os | Pe\u00e7as","isPartOf":{"@id":"https:\/\/dualgree.com.br\/loja\/#website"},"primaryImageOfPage":{"@id":"https:\/\/dualgree.com.br\/loja\/produto\/motor-da-aleta-evaporadora-ar-condicionado-samsung-inverter-db31-00371c\/#primaryimage"},"image":{"@id":"https:\/\/dualgree.com.br\/loja\/produto\/motor-da-aleta-evaporadora-ar-condicionado-samsung-inverter-db31-00371c\/#primaryimage"},"thumbnailUrl":"https:\/\/dualgree.com.br\/loja\/wp-content\/uploads\/2025\/05\/15313282753-1059-motor-samsung-da-aleta-evaporadora-1.webp","datePublished":"2025-05-15T12:14:05+00:00","dateModified":"2025-10-20T12:01:36+00:00","breadcrumb":{"@id":"https:\/\/dualgree.com.br\/loja\/produto\/motor-da-aleta-evaporadora-ar-condicionado-samsung-inverter-db31-00371c\/#breadcrumb"},"inLanguage":"pt-BR","potentialAction":[{"@type":"ReadAction","target":["https:\/\/dualgree.com.br\/loja\/produto\/motor-da-aleta-evaporadora-ar-condicionado-samsung-inverter-db31-00371c\/"]}]},{"@type":"ImageObject","inLanguage":"pt-BR","@id":"https:\/\/dualgree.com.br\/loja\/produto\/motor-da-aleta-evaporadora-ar-condicionado-samsung-inverter-db31-00371c\/#primaryimage","url":"https:\/\/dualgree.com.br\/loja\/wp-content\/uploads\/2025\/05\/15313282753-1059-motor-samsung-da-aleta-evaporadora-1.webp","contentUrl":"https:\/\/dualgree.com.br\/loja\/wp-content\/uploads\/2025\/05\/15313282753-1059-motor-samsung-da-aleta-evaporadora-1.webp","width":1280,"height":1280},{"@type":"BreadcrumbList","@id":"https:\/\/dualgree.com.br\/loja\/produto\/motor-da-aleta-evaporadora-ar-condicionado-samsung-inverter-db31-00371c\/#breadcrumb","itemListElement":[{"@type":"ListItem","position":1,"name":"In\u00edcio","item":"https:\/\/dualgree.com.br\/loja\/"},{"@type":"ListItem","position":2,"name":"Loja &#8211; Cat\u00e1logo de Pe\u00e7as","item":"https:\/\/dualgree.com.br\/loja\/"},{"@type":"ListItem","position":3,"name":"Motor Da Aleta Evaporadora Ar Condicionado Samsung inverter..."}]},{"@type":"WebSite","@id":"https:\/\/dualgree.com.br\/loja\/#website","url":"https:\/\/dualgree.com.br\/loja\/","name":"Loja - Dual Gree Servi\u00e7os | Partes e Pe\u00e7as","description":"Catalogo de Pe\u00e7as para ar condicionado","publisher":{"@id":"https:\/\/dualgree.com.br\/loja\/#organization"},"potentialAction":[{"@type":"SearchAction","target":{"@type":"EntryPoint","urlTemplate":"https:\/\/dualgree.com.br\/loja\/?s={search_term_string}"},"query-input":{"@type":"PropertyValueSpecification","valueRequired":true,"valueName":"search_term_string"}}],"inLanguage":"pt-BR"},{"@type":"Organization","@id":"https:\/\/dualgree.com.br\/loja\/#organization","name":"Loja Dual Gree Servi\u00e7o","url":"https:\/\/dualgree.com.br\/loja\/","logo":{"@type":"ImageObject","inLanguage":"pt-BR","@id":"https:\/\/dualgree.com.br\/loja\/#\/schema\/logo\/image\/","url":"https:\/\/dualgree.com.br\/loja\/wp-content\/uploads\/2024\/09\/teste-logo-ecommerce-dual-1-e1725909304971.png","contentUrl":"https:\/\/dualgree.com.br\/loja\/wp-content\/uploads\/2024\/09\/teste-logo-ecommerce-dual-1-e1725909304971.png","width":470,"height":157,"caption":"Loja Dual Gree Servi\u00e7o"},"image":{"@id":"https:\/\/dualgree.com.br\/loja\/#\/schema\/logo\/image\/"}}]}},"jetpack_publicize_connections":[],"jetpack_sharing_enabled":true,"jetpack_likes_enabled":true,"_links":{"self":[{"href":"https:\/\/dualgree.com.br\/loja\/wp-json\/wp\/v2\/product\/9500","targetHints":{"allow":["GET"]}}],"collection":[{"href":"https:\/\/dualgree.com.br\/loja\/wp-json\/wp\/v2\/product"}],"about":[{"href":"https:\/\/dualgree.com.br\/loja\/wp-json\/wp\/v2\/types\/product"}],"replies":[{"embeddable":true,"href":"https:\/\/dualgree.com.br\/loja\/wp-json\/wp\/v2\/comments?post=9500"}],"wp:featuredmedia":[{"embeddable":true,"href":"https:\/\/dualgree.com.br\/loja\/wp-json\/wp\/v2\/media\/9501"}],"wp:attachment":[{"href":"https:\/\/dualgree.com.br\/loja\/wp-json\/wp\/v2\/media?parent=9500"}],"wp:term":[{"taxonomy":"product_brand","embeddable":true,"href":"https:\/\/dualgree.com.br\/loja\/wp-json\/wp\/v2\/product_brand?post=9500"},{"taxonomy":"product_cat","embeddable":true,"href":"https:\/\/dualgree.com.br\/loja\/wp-json\/wp\/v2\/product_cat?post=9500"},{"taxonomy":"product_tag","embeddable":true,"href":"https:\/\/dualgree.com.br\/loja\/wp-json\/wp\/v2\/product_tag?post=9500"}],"curies":[{"name":"wp","href":"https:\/\/api.w.org\/{rel}","templated":true}]}}