{"id":9662,"date":"2025-05-27T12:18:00","date_gmt":"2025-05-27T12:18:00","guid":{"rendered":"https:\/\/dualgree.com.br\/loja\/produto\/motor-ventilador-do-ar-condicionado-consul-rpg12x-7-dg13g1-10\/"},"modified":"2026-02-27T16:34:36","modified_gmt":"2026-02-27T16:34:36","slug":"motor-ventilador-do-ar-condicionado-consul-rpg12x-7-dg13g1-10","status":"publish","type":"product","link":"https:\/\/dualgree.com.br\/loja\/produto\/motor-ventilador-do-ar-condicionado-consul-rpg12x-7-dg13g1-10\/","title":{"rendered":"Motor Ventilador do ar condicionado Consul &#8211; RPG12x-7 ..."},"content":{"rendered":"<p>Ic4800-Motor Ventilador do ar condicionado Consul &#8211; RPG12x-7<\/p>\n<p>\u00a0<\/p>\n<p>\u00a0<\/p>\n<p>Este possui manchas dentro da resina na fabrica\u00e7\u00e3o, somente est\u00e9tica.<\/p>\n<p>\u00a0<\/p>\n<p>CBV07BBBNA,<\/p>\n<p>CBF07OBBNA,<\/p>\n<p>CB312BBBNA,<\/p>\n<p>CB312CBBNA,<\/p>\n<p>CBC09ABBNA,<\/p>\n<p>CBC12ABBNA,<\/p>\n<p>BBF12BBBNA,<\/p>\n<p>CBV12ABBNA,<\/p>\n<p>\u00a0<\/p>\n<p>Este motor \u00e9 responsavel de rotacionar a turbina de ventila\u00e7\u00e3o<\/p>\n<p>\u00a0<\/p>\n<p>modelo deste motor DIBAY e RPG12X<\/p>\n<p>DG13G1-05<\/p>\n<p>DG13g1-10 RPG12x-7 1.2Uf 12w 0,20A<\/p>\n<p>\u00a0<\/p>\n<p>Aten\u00e7\u00e3o o fio azul \u00e9 no pino 3. confira o seu antes de comprar<\/p>\n","protected":false},"excerpt":{"rendered":"<p>Ic4800-Motor Ventilador do ar condicionado Consul &#8211; RPG12x-7 \u00a0 \u00a0 Este possui manchas dentro da resina na fabrica\u00e7\u00e3o, somente est\u00e9tica. \u00a0 CBV07BBBNA, CBF07OBBNA, CB312BBBNA, CB312CBBNA, CBC09ABBNA, CBC12ABBNA, BBF12BBBNA, CBV12ABBNA, \u00a0 Este motor \u00e9 responsavel de rotacionar a turbina de ventila\u00e7\u00e3o \u00a0 modelo deste motor DIBAY e RPG12X DG13G1-05 DG13g1-10 RPG12x-7 1.2Uf 12w 0,20A \u00a0 Aten\u00e7\u00e3o&#8230;<\/p>\n","protected":false},"featured_media":9660,"comment_status":"open","ping_status":"closed","template":"","meta":{"_kadence_starter_templates_imported_post":false,"_kad_post_transparent":"","_kad_post_title":"","_kad_post_layout":"","_kad_post_sidebar_id":"","_kad_post_content_style":"","_kad_post_vertical_padding":"","_kad_post_feature":"","_kad_post_feature_position":"","_kad_post_header":false,"_kad_post_footer":false,"jetpack_publicize_message":"","jetpack_publicize_feature_enabled":true,"jetpack_social_post_already_shared":false,"jetpack_social_options":{"image_generator_settings":{"template":"highway","default_image_id":0,"font":"","enabled":false},"version":2}},"product_brand":[],"product_cat":[171],"product_tag":[],"class_list":{"0":"post-9662","1":"product","2":"type-product","3":"status-publish","4":"has-post-thumbnail","6":"product_cat-consul","8":"first","9":"outofstock","10":"shipping-taxable","11":"purchasable","12":"product-type-simple","13":"entry","14":"content-bg","15":"loop-entry"},"yoast_head":"<!-- This site is optimized with the Yoast SEO plugin v27.3 - https:\/\/yoast.com\/product\/yoast-seo-wordpress\/ -->\n<title>Motor Ventilador do ar condicionado Consul - RPG12x-7 dg13g1-10 - Loja - Dual Gree Servi\u00e7os | Pe\u00e7as<\/title>\n<meta name=\"robots\" content=\"index, follow, max-snippet:-1, max-image-preview:large, max-video-preview:-1\" \/>\n<link rel=\"canonical\" href=\"https:\/\/dualgree.com.br\/loja\/produto\/motor-ventilador-do-ar-condicionado-consul-rpg12x-7-dg13g1-10\/\" \/>\n<meta property=\"og:locale\" content=\"pt_BR\" \/>\n<meta property=\"og:type\" content=\"article\" \/>\n<meta property=\"og:title\" content=\"Motor Ventilador do ar condicionado Consul - RPG12x-7 dg13g1-10 - Loja - Dual Gree Servi\u00e7os | Pe\u00e7as\" \/>\n<meta property=\"og:description\" content=\"Ic4800-Motor Ventilador do ar condicionado Consul &#8211; RPG12x-7 \u00a0 \u00a0 Este possui manchas dentro da resina na fabrica\u00e7\u00e3o, somente est\u00e9tica. \u00a0 CBV07BBBNA, CBF07OBBNA, CB312BBBNA, CB312CBBNA, CBC09ABBNA, CBC12ABBNA, BBF12BBBNA, CBV12ABBNA, \u00a0 Este motor \u00e9 responsavel de rotacionar a turbina de ventila\u00e7\u00e3o \u00a0 modelo deste motor DIBAY e RPG12X DG13G1-05 DG13g1-10 RPG12x-7 1.2Uf 12w 0,20A \u00a0 Aten\u00e7\u00e3o...\" \/>\n<meta property=\"og:url\" content=\"https:\/\/dualgree.com.br\/loja\/produto\/motor-ventilador-do-ar-condicionado-consul-rpg12x-7-dg13g1-10\/\" \/>\n<meta property=\"og:site_name\" content=\"Loja - Dual Gree Servi\u00e7os | Pe\u00e7as\" \/>\n<meta property=\"article:modified_time\" content=\"2026-02-27T16:34:36+00:00\" \/>\n<meta name=\"twitter:card\" content=\"summary_large_image\" \/>\n<script type=\"application\/ld+json\" class=\"yoast-schema-graph\">{\"@context\":\"https:\\\/\\\/schema.org\",\"@graph\":[{\"@type\":\"WebPage\",\"@id\":\"https:\\\/\\\/dualgree.com.br\\\/loja\\\/produto\\\/motor-ventilador-do-ar-condicionado-consul-rpg12x-7-dg13g1-10\\\/\",\"url\":\"https:\\\/\\\/dualgree.com.br\\\/loja\\\/produto\\\/motor-ventilador-do-ar-condicionado-consul-rpg12x-7-dg13g1-10\\\/\",\"name\":\"Motor Ventilador do ar condicionado Consul - RPG12x-7 dg13g1-10 - Loja - Dual Gree Servi\u00e7os | Pe\u00e7as\",\"isPartOf\":{\"@id\":\"https:\\\/\\\/dualgree.com.br\\\/loja\\\/#website\"},\"primaryImageOfPage\":{\"@id\":\"https:\\\/\\\/dualgree.com.br\\\/loja\\\/produto\\\/motor-ventilador-do-ar-condicionado-consul-rpg12x-7-dg13g1-10\\\/#primaryimage\"},\"image\":{\"@id\":\"https:\\\/\\\/dualgree.com.br\\\/loja\\\/produto\\\/motor-ventilador-do-ar-condicionado-consul-rpg12x-7-dg13g1-10\\\/#primaryimage\"},\"thumbnailUrl\":\"https:\\\/\\\/dualgree.com.br\\\/loja\\\/wp-content\\\/uploads\\\/2025\\\/05\\\/15350730060-ic4800-motor-ventilador-do-ar-condicionado-consul-rpg12x-7.webp\",\"datePublished\":\"2025-05-27T12:18:00+00:00\",\"dateModified\":\"2026-02-27T16:34:36+00:00\",\"breadcrumb\":{\"@id\":\"https:\\\/\\\/dualgree.com.br\\\/loja\\\/produto\\\/motor-ventilador-do-ar-condicionado-consul-rpg12x-7-dg13g1-10\\\/#breadcrumb\"},\"inLanguage\":\"pt-BR\",\"potentialAction\":[{\"@type\":\"ReadAction\",\"target\":[\"https:\\\/\\\/dualgree.com.br\\\/loja\\\/produto\\\/motor-ventilador-do-ar-condicionado-consul-rpg12x-7-dg13g1-10\\\/\"]}]},{\"@type\":\"ImageObject\",\"inLanguage\":\"pt-BR\",\"@id\":\"https:\\\/\\\/dualgree.com.br\\\/loja\\\/produto\\\/motor-ventilador-do-ar-condicionado-consul-rpg12x-7-dg13g1-10\\\/#primaryimage\",\"url\":\"https:\\\/\\\/dualgree.com.br\\\/loja\\\/wp-content\\\/uploads\\\/2025\\\/05\\\/15350730060-ic4800-motor-ventilador-do-ar-condicionado-consul-rpg12x-7.webp\",\"contentUrl\":\"https:\\\/\\\/dualgree.com.br\\\/loja\\\/wp-content\\\/uploads\\\/2025\\\/05\\\/15350730060-ic4800-motor-ventilador-do-ar-condicionado-consul-rpg12x-7.webp\",\"width\":1280,\"height\":1280},{\"@type\":\"BreadcrumbList\",\"@id\":\"https:\\\/\\\/dualgree.com.br\\\/loja\\\/produto\\\/motor-ventilador-do-ar-condicionado-consul-rpg12x-7-dg13g1-10\\\/#breadcrumb\",\"itemListElement\":[{\"@type\":\"ListItem\",\"position\":1,\"name\":\"In\u00edcio\",\"item\":\"https:\\\/\\\/dualgree.com.br\\\/loja\\\/\"},{\"@type\":\"ListItem\",\"position\":2,\"name\":\"Loja &#8211; Cat\u00e1logo de Pe\u00e7as\",\"item\":\"https:\\\/\\\/dualgree.com.br\\\/loja\\\/\"},{\"@type\":\"ListItem\",\"position\":3,\"name\":\"Motor Ventilador do ar condicionado Consul &#8211; RPG12x-7 ...\"}]},{\"@type\":\"WebSite\",\"@id\":\"https:\\\/\\\/dualgree.com.br\\\/loja\\\/#website\",\"url\":\"https:\\\/\\\/dualgree.com.br\\\/loja\\\/\",\"name\":\"Loja - Dual Gree Servi\u00e7os | Partes e Pe\u00e7as\",\"description\":\"Catalogo de Pe\u00e7as para ar condicionado\",\"publisher\":{\"@id\":\"https:\\\/\\\/dualgree.com.br\\\/loja\\\/#organization\"},\"potentialAction\":[{\"@type\":\"SearchAction\",\"target\":{\"@type\":\"EntryPoint\",\"urlTemplate\":\"https:\\\/\\\/dualgree.com.br\\\/loja\\\/?s={search_term_string}\"},\"query-input\":{\"@type\":\"PropertyValueSpecification\",\"valueRequired\":true,\"valueName\":\"search_term_string\"}}],\"inLanguage\":\"pt-BR\"},{\"@type\":\"Organization\",\"@id\":\"https:\\\/\\\/dualgree.com.br\\\/loja\\\/#organization\",\"name\":\"Loja Dual Gree Servi\u00e7o\",\"url\":\"https:\\\/\\\/dualgree.com.br\\\/loja\\\/\",\"logo\":{\"@type\":\"ImageObject\",\"inLanguage\":\"pt-BR\",\"@id\":\"https:\\\/\\\/dualgree.com.br\\\/loja\\\/#\\\/schema\\\/logo\\\/image\\\/\",\"url\":\"https:\\\/\\\/dualgree.com.br\\\/loja\\\/wp-content\\\/uploads\\\/2024\\\/09\\\/teste-logo-ecommerce-dual-1-e1725909304971.png\",\"contentUrl\":\"https:\\\/\\\/dualgree.com.br\\\/loja\\\/wp-content\\\/uploads\\\/2024\\\/09\\\/teste-logo-ecommerce-dual-1-e1725909304971.png\",\"width\":470,\"height\":157,\"caption\":\"Loja Dual Gree Servi\u00e7o\"},\"image\":{\"@id\":\"https:\\\/\\\/dualgree.com.br\\\/loja\\\/#\\\/schema\\\/logo\\\/image\\\/\"}}]}<\/script>\n<!-- \/ Yoast SEO plugin. -->","yoast_head_json":{"title":"Motor Ventilador do ar condicionado Consul - RPG12x-7 dg13g1-10 - Loja - Dual Gree Servi\u00e7os | Pe\u00e7as","robots":{"index":"index","follow":"follow","max-snippet":"max-snippet:-1","max-image-preview":"max-image-preview:large","max-video-preview":"max-video-preview:-1"},"canonical":"https:\/\/dualgree.com.br\/loja\/produto\/motor-ventilador-do-ar-condicionado-consul-rpg12x-7-dg13g1-10\/","og_locale":"pt_BR","og_type":"article","og_title":"Motor Ventilador do ar condicionado Consul - RPG12x-7 dg13g1-10 - Loja - Dual Gree Servi\u00e7os | Pe\u00e7as","og_description":"Ic4800-Motor Ventilador do ar condicionado Consul &#8211; RPG12x-7 \u00a0 \u00a0 Este possui manchas dentro da resina na fabrica\u00e7\u00e3o, somente est\u00e9tica. \u00a0 CBV07BBBNA, CBF07OBBNA, CB312BBBNA, CB312CBBNA, CBC09ABBNA, CBC12ABBNA, BBF12BBBNA, CBV12ABBNA, \u00a0 Este motor \u00e9 responsavel de rotacionar a turbina de ventila\u00e7\u00e3o \u00a0 modelo deste motor DIBAY e RPG12X DG13G1-05 DG13g1-10 RPG12x-7 1.2Uf 12w 0,20A \u00a0 Aten\u00e7\u00e3o...","og_url":"https:\/\/dualgree.com.br\/loja\/produto\/motor-ventilador-do-ar-condicionado-consul-rpg12x-7-dg13g1-10\/","og_site_name":"Loja - Dual Gree Servi\u00e7os | Pe\u00e7as","article_modified_time":"2026-02-27T16:34:36+00:00","twitter_card":"summary_large_image","schema":{"@context":"https:\/\/schema.org","@graph":[{"@type":"WebPage","@id":"https:\/\/dualgree.com.br\/loja\/produto\/motor-ventilador-do-ar-condicionado-consul-rpg12x-7-dg13g1-10\/","url":"https:\/\/dualgree.com.br\/loja\/produto\/motor-ventilador-do-ar-condicionado-consul-rpg12x-7-dg13g1-10\/","name":"Motor Ventilador do ar condicionado Consul - RPG12x-7 dg13g1-10 - Loja - Dual Gree Servi\u00e7os | Pe\u00e7as","isPartOf":{"@id":"https:\/\/dualgree.com.br\/loja\/#website"},"primaryImageOfPage":{"@id":"https:\/\/dualgree.com.br\/loja\/produto\/motor-ventilador-do-ar-condicionado-consul-rpg12x-7-dg13g1-10\/#primaryimage"},"image":{"@id":"https:\/\/dualgree.com.br\/loja\/produto\/motor-ventilador-do-ar-condicionado-consul-rpg12x-7-dg13g1-10\/#primaryimage"},"thumbnailUrl":"https:\/\/dualgree.com.br\/loja\/wp-content\/uploads\/2025\/05\/15350730060-ic4800-motor-ventilador-do-ar-condicionado-consul-rpg12x-7.webp","datePublished":"2025-05-27T12:18:00+00:00","dateModified":"2026-02-27T16:34:36+00:00","breadcrumb":{"@id":"https:\/\/dualgree.com.br\/loja\/produto\/motor-ventilador-do-ar-condicionado-consul-rpg12x-7-dg13g1-10\/#breadcrumb"},"inLanguage":"pt-BR","potentialAction":[{"@type":"ReadAction","target":["https:\/\/dualgree.com.br\/loja\/produto\/motor-ventilador-do-ar-condicionado-consul-rpg12x-7-dg13g1-10\/"]}]},{"@type":"ImageObject","inLanguage":"pt-BR","@id":"https:\/\/dualgree.com.br\/loja\/produto\/motor-ventilador-do-ar-condicionado-consul-rpg12x-7-dg13g1-10\/#primaryimage","url":"https:\/\/dualgree.com.br\/loja\/wp-content\/uploads\/2025\/05\/15350730060-ic4800-motor-ventilador-do-ar-condicionado-consul-rpg12x-7.webp","contentUrl":"https:\/\/dualgree.com.br\/loja\/wp-content\/uploads\/2025\/05\/15350730060-ic4800-motor-ventilador-do-ar-condicionado-consul-rpg12x-7.webp","width":1280,"height":1280},{"@type":"BreadcrumbList","@id":"https:\/\/dualgree.com.br\/loja\/produto\/motor-ventilador-do-ar-condicionado-consul-rpg12x-7-dg13g1-10\/#breadcrumb","itemListElement":[{"@type":"ListItem","position":1,"name":"In\u00edcio","item":"https:\/\/dualgree.com.br\/loja\/"},{"@type":"ListItem","position":2,"name":"Loja &#8211; Cat\u00e1logo de Pe\u00e7as","item":"https:\/\/dualgree.com.br\/loja\/"},{"@type":"ListItem","position":3,"name":"Motor Ventilador do ar condicionado Consul &#8211; RPG12x-7 ..."}]},{"@type":"WebSite","@id":"https:\/\/dualgree.com.br\/loja\/#website","url":"https:\/\/dualgree.com.br\/loja\/","name":"Loja - Dual Gree Servi\u00e7os | Partes e Pe\u00e7as","description":"Catalogo de Pe\u00e7as para ar condicionado","publisher":{"@id":"https:\/\/dualgree.com.br\/loja\/#organization"},"potentialAction":[{"@type":"SearchAction","target":{"@type":"EntryPoint","urlTemplate":"https:\/\/dualgree.com.br\/loja\/?s={search_term_string}"},"query-input":{"@type":"PropertyValueSpecification","valueRequired":true,"valueName":"search_term_string"}}],"inLanguage":"pt-BR"},{"@type":"Organization","@id":"https:\/\/dualgree.com.br\/loja\/#organization","name":"Loja Dual Gree Servi\u00e7o","url":"https:\/\/dualgree.com.br\/loja\/","logo":{"@type":"ImageObject","inLanguage":"pt-BR","@id":"https:\/\/dualgree.com.br\/loja\/#\/schema\/logo\/image\/","url":"https:\/\/dualgree.com.br\/loja\/wp-content\/uploads\/2024\/09\/teste-logo-ecommerce-dual-1-e1725909304971.png","contentUrl":"https:\/\/dualgree.com.br\/loja\/wp-content\/uploads\/2024\/09\/teste-logo-ecommerce-dual-1-e1725909304971.png","width":470,"height":157,"caption":"Loja Dual Gree Servi\u00e7o"},"image":{"@id":"https:\/\/dualgree.com.br\/loja\/#\/schema\/logo\/image\/"}}]}},"jetpack_publicize_connections":[],"jetpack_sharing_enabled":true,"jetpack_likes_enabled":true,"_links":{"self":[{"href":"https:\/\/dualgree.com.br\/loja\/wp-json\/wp\/v2\/product\/9662","targetHints":{"allow":["GET"]}}],"collection":[{"href":"https:\/\/dualgree.com.br\/loja\/wp-json\/wp\/v2\/product"}],"about":[{"href":"https:\/\/dualgree.com.br\/loja\/wp-json\/wp\/v2\/types\/product"}],"replies":[{"embeddable":true,"href":"https:\/\/dualgree.com.br\/loja\/wp-json\/wp\/v2\/comments?post=9662"}],"wp:featuredmedia":[{"embeddable":true,"href":"https:\/\/dualgree.com.br\/loja\/wp-json\/wp\/v2\/media\/9660"}],"wp:attachment":[{"href":"https:\/\/dualgree.com.br\/loja\/wp-json\/wp\/v2\/media?parent=9662"}],"wp:term":[{"taxonomy":"product_brand","embeddable":true,"href":"https:\/\/dualgree.com.br\/loja\/wp-json\/wp\/v2\/product_brand?post=9662"},{"taxonomy":"product_cat","embeddable":true,"href":"https:\/\/dualgree.com.br\/loja\/wp-json\/wp\/v2\/product_cat?post=9662"},{"taxonomy":"product_tag","embeddable":true,"href":"https:\/\/dualgree.com.br\/loja\/wp-json\/wp\/v2\/product_tag?post=9662"}],"curies":[{"name":"wp","href":"https:\/\/api.w.org\/{rel}","templated":true}]}}