{"id":9786,"date":"2025-06-03T17:45:28","date_gmt":"2025-06-03T17:45:28","guid":{"rendered":"https:\/\/dualgree.com.br\/loja\/produto\/compressor-ar-condicionado-inverter-philco-elgin-agratto-c-1rz107h1ag\/"},"modified":"2025-08-20T14:47:36","modified_gmt":"2025-08-20T14:47:36","slug":"compressor-ar-condicionado-inverter-philco-elgin-agratto-c-1rz107h1ag","status":"publish","type":"product","link":"https:\/\/dualgree.com.br\/loja\/produto\/compressor-ar-condicionado-inverter-philco-elgin-agratto-c-1rz107h1ag\/","title":{"rendered":"COMPRESSOR Ar condicionado Inverter Philco Elgin Agratto C-1..."},"content":{"rendered":"<p>IC4415 &#8211; COMPRESSOR INVERTER 12000 BTU.<\/p>\n<p>Motor retirado de maquina nova, origem condensadora barril amassada,<\/p>\n<p>\u00a0<\/p>\n<p>MODELOS COMPAT\u00cdVEIS.<\/p>\n<p>C-1RZ107H1AG-CODE 802-E6280.<\/p>\n<p>PAC9000ITFM9W.<\/p>\n<p>PAC9000ITQFM9W.<\/p>\n<p>PAC12000ITFM9W.<\/p>\n<p>PAC12000ITQFM9W.<\/p>\n<p>PAC12000IFM9.<\/p>\n<p>PAC9000IFM9.<\/p>\n<p>PAC12000IQFM9.<\/p>\n<p>PAC9000IQFM9.<\/p>\n<p>\u00a0<\/p>\n<p>MODELOS Agratto.<\/p>\n<p>ICS12QFR4-02.<\/p>\n<p>ICS12QFIR4-02.<\/p>\n<p>ICS12QFER4-02.<\/p>\n<p>\u00a0<\/p>\n<p>Modelo Elgin.<\/p>\n<p>HVFE12B2IA<\/p>\n<p>HVFE12B2IB<\/p>\n<p>HFVE09B2IA<\/p>\n<p>HFVE09B2IB<\/p>\n<p>HXFE09B2NA<\/p>\n<p>\u00a0<\/p>\n<p>\u00a0<\/p>\n<p>Modelo:<\/p>\n<p>C-1RZ089H1AL<\/p>\n<p>92-330v 15-130Hz gas R410A<\/p>\n<p>\u00a0<\/p>\n<p>\u00a0<\/p>\n","protected":false},"excerpt":{"rendered":"<p>IC4415 &#8211; COMPRESSOR INVERTER 12000 BTU. Motor retirado de maquina nova, origem condensadora barril amassada, \u00a0 MODELOS COMPAT\u00cdVEIS. C-1RZ107H1AG-CODE 802-E6280. PAC9000ITFM9W. PAC9000ITQFM9W. PAC12000ITFM9W. PAC12000ITQFM9W. PAC12000IFM9. PAC9000IFM9. PAC12000IQFM9. PAC9000IQFM9. \u00a0 MODELOS Agratto. ICS12QFR4-02. ICS12QFIR4-02. ICS12QFER4-02. \u00a0 Modelo Elgin. HVFE12B2IA HVFE12B2IB HFVE09B2IA HFVE09B2IB HXFE09B2NA \u00a0 \u00a0 Modelo: C-1RZ089H1AL 92-330v 15-130Hz gas R410A \u00a0 \u00a0<\/p>\n","protected":false},"featured_media":9789,"comment_status":"open","ping_status":"closed","template":"","meta":{"_kadence_starter_templates_imported_post":false,"_kad_post_transparent":"","_kad_post_title":"","_kad_post_layout":"","_kad_post_sidebar_id":"","_kad_post_content_style":"","_kad_post_vertical_padding":"","_kad_post_feature":"","_kad_post_feature_position":"","_kad_post_header":false,"_kad_post_footer":false,"jetpack_publicize_message":"","jetpack_publicize_feature_enabled":true,"jetpack_social_post_already_shared":false,"jetpack_social_options":{"image_generator_settings":{"template":"highway","default_image_id":0,"font":"","enabled":false},"version":2}},"product_brand":[],"product_cat":[207,394,185,183],"product_tag":[],"class_list":{"0":"post-9786","1":"product","2":"type-product","3":"status-publish","4":"has-post-thumbnail","6":"product_cat-agratto","7":"product_cat-compressor-split","8":"product_cat-elgin","9":"product_cat-philco","11":"first","12":"outofstock","13":"shipping-taxable","14":"purchasable","15":"product-type-simple","16":"entry","17":"content-bg","18":"loop-entry"},"yoast_head":"<!-- This site is optimized with the Yoast SEO plugin v27.5 - https:\/\/yoast.com\/product\/yoast-seo-wordpress\/ -->\n<title>COMPRESSOR Ar condicionado Inverter Philco Elgin Agratto C-1RZ107H1AG - Loja - Dual Gree Servi\u00e7os | Pe\u00e7as<\/title>\n<meta name=\"robots\" content=\"index, follow, max-snippet:-1, max-image-preview:large, max-video-preview:-1\" \/>\n<link rel=\"canonical\" href=\"https:\/\/dualgree.com.br\/loja\/produto\/compressor-ar-condicionado-inverter-philco-elgin-agratto-c-1rz107h1ag\/\" \/>\n<meta property=\"og:locale\" content=\"pt_BR\" \/>\n<meta property=\"og:type\" content=\"article\" \/>\n<meta property=\"og:title\" content=\"COMPRESSOR Ar condicionado Inverter Philco Elgin Agratto C-1RZ107H1AG - Loja - Dual Gree Servi\u00e7os | Pe\u00e7as\" \/>\n<meta property=\"og:description\" content=\"IC4415 &#8211; COMPRESSOR INVERTER 12000 BTU. Motor retirado de maquina nova, origem condensadora barril amassada, \u00a0 MODELOS COMPAT\u00cdVEIS. C-1RZ107H1AG-CODE 802-E6280. PAC9000ITFM9W. PAC9000ITQFM9W. PAC12000ITFM9W. PAC12000ITQFM9W. PAC12000IFM9. PAC9000IFM9. PAC12000IQFM9. PAC9000IQFM9. \u00a0 MODELOS Agratto. ICS12QFR4-02. ICS12QFIR4-02. ICS12QFER4-02. \u00a0 Modelo Elgin. HVFE12B2IA HVFE12B2IB HFVE09B2IA HFVE09B2IB HXFE09B2NA \u00a0 \u00a0 Modelo: C-1RZ089H1AL 92-330v 15-130Hz gas R410A \u00a0 \u00a0\" \/>\n<meta property=\"og:url\" content=\"https:\/\/dualgree.com.br\/loja\/produto\/compressor-ar-condicionado-inverter-philco-elgin-agratto-c-1rz107h1ag\/\" \/>\n<meta property=\"og:site_name\" content=\"Loja - Dual Gree Servi\u00e7os | Pe\u00e7as\" \/>\n<meta property=\"article:modified_time\" content=\"2025-08-20T14:47:36+00:00\" \/>\n<meta property=\"og:image\" content=\"https:\/\/dualgree.com.br\/loja\/wp-content\/uploads\/2025\/06\/15352638066-ic4415-compressor-inverter-12000-btu-c-1rz107h1ag.webp\" \/>\n\t<meta property=\"og:image:width\" content=\"1280\" \/>\n\t<meta property=\"og:image:height\" content=\"1280\" \/>\n\t<meta property=\"og:image:type\" content=\"image\/png\" \/>\n<meta name=\"twitter:card\" content=\"summary_large_image\" \/>\n<script type=\"application\/ld+json\" class=\"yoast-schema-graph\">{\"@context\":\"https:\\\/\\\/schema.org\",\"@graph\":[{\"@type\":\"WebPage\",\"@id\":\"https:\\\/\\\/dualgree.com.br\\\/loja\\\/produto\\\/compressor-ar-condicionado-inverter-philco-elgin-agratto-c-1rz107h1ag\\\/\",\"url\":\"https:\\\/\\\/dualgree.com.br\\\/loja\\\/produto\\\/compressor-ar-condicionado-inverter-philco-elgin-agratto-c-1rz107h1ag\\\/\",\"name\":\"COMPRESSOR Ar condicionado Inverter Philco Elgin Agratto C-1RZ107H1AG - Loja - Dual Gree Servi\u00e7os | Pe\u00e7as\",\"isPartOf\":{\"@id\":\"https:\\\/\\\/dualgree.com.br\\\/loja\\\/#website\"},\"primaryImageOfPage\":{\"@id\":\"https:\\\/\\\/dualgree.com.br\\\/loja\\\/produto\\\/compressor-ar-condicionado-inverter-philco-elgin-agratto-c-1rz107h1ag\\\/#primaryimage\"},\"image\":{\"@id\":\"https:\\\/\\\/dualgree.com.br\\\/loja\\\/produto\\\/compressor-ar-condicionado-inverter-philco-elgin-agratto-c-1rz107h1ag\\\/#primaryimage\"},\"thumbnailUrl\":\"https:\\\/\\\/dualgree.com.br\\\/loja\\\/wp-content\\\/uploads\\\/2025\\\/06\\\/15352638055-ic4415-compressor-inverter-12000-btu-c-1rz107h1ag-2.webp\",\"datePublished\":\"2025-06-03T17:45:28+00:00\",\"dateModified\":\"2025-08-20T14:47:36+00:00\",\"breadcrumb\":{\"@id\":\"https:\\\/\\\/dualgree.com.br\\\/loja\\\/produto\\\/compressor-ar-condicionado-inverter-philco-elgin-agratto-c-1rz107h1ag\\\/#breadcrumb\"},\"inLanguage\":\"pt-BR\",\"potentialAction\":[{\"@type\":\"ReadAction\",\"target\":[\"https:\\\/\\\/dualgree.com.br\\\/loja\\\/produto\\\/compressor-ar-condicionado-inverter-philco-elgin-agratto-c-1rz107h1ag\\\/\"]}]},{\"@type\":\"ImageObject\",\"inLanguage\":\"pt-BR\",\"@id\":\"https:\\\/\\\/dualgree.com.br\\\/loja\\\/produto\\\/compressor-ar-condicionado-inverter-philco-elgin-agratto-c-1rz107h1ag\\\/#primaryimage\",\"url\":\"https:\\\/\\\/dualgree.com.br\\\/loja\\\/wp-content\\\/uploads\\\/2025\\\/06\\\/15352638055-ic4415-compressor-inverter-12000-btu-c-1rz107h1ag-2.webp\",\"contentUrl\":\"https:\\\/\\\/dualgree.com.br\\\/loja\\\/wp-content\\\/uploads\\\/2025\\\/06\\\/15352638055-ic4415-compressor-inverter-12000-btu-c-1rz107h1ag-2.webp\",\"width\":1280,\"height\":1280},{\"@type\":\"BreadcrumbList\",\"@id\":\"https:\\\/\\\/dualgree.com.br\\\/loja\\\/produto\\\/compressor-ar-condicionado-inverter-philco-elgin-agratto-c-1rz107h1ag\\\/#breadcrumb\",\"itemListElement\":[{\"@type\":\"ListItem\",\"position\":1,\"name\":\"In\u00edcio\",\"item\":\"https:\\\/\\\/dualgree.com.br\\\/loja\\\/\"},{\"@type\":\"ListItem\",\"position\":2,\"name\":\"Loja &#8211; Cat\u00e1logo de Pe\u00e7as\",\"item\":\"https:\\\/\\\/dualgree.com.br\\\/loja\\\/\"},{\"@type\":\"ListItem\",\"position\":3,\"name\":\"COMPRESSOR Ar condicionado Inverter Philco Elgin Agratto C-1...\"}]},{\"@type\":\"WebSite\",\"@id\":\"https:\\\/\\\/dualgree.com.br\\\/loja\\\/#website\",\"url\":\"https:\\\/\\\/dualgree.com.br\\\/loja\\\/\",\"name\":\"Loja - Dual Gree Servi\u00e7os | Partes e Pe\u00e7as\",\"description\":\"Catalogo de Pe\u00e7as para ar condicionado\",\"publisher\":{\"@id\":\"https:\\\/\\\/dualgree.com.br\\\/loja\\\/#organization\"},\"potentialAction\":[{\"@type\":\"SearchAction\",\"target\":{\"@type\":\"EntryPoint\",\"urlTemplate\":\"https:\\\/\\\/dualgree.com.br\\\/loja\\\/?s={search_term_string}\"},\"query-input\":{\"@type\":\"PropertyValueSpecification\",\"valueRequired\":true,\"valueName\":\"search_term_string\"}}],\"inLanguage\":\"pt-BR\"},{\"@type\":\"Organization\",\"@id\":\"https:\\\/\\\/dualgree.com.br\\\/loja\\\/#organization\",\"name\":\"Loja Dual Gree Servi\u00e7o\",\"url\":\"https:\\\/\\\/dualgree.com.br\\\/loja\\\/\",\"logo\":{\"@type\":\"ImageObject\",\"inLanguage\":\"pt-BR\",\"@id\":\"https:\\\/\\\/dualgree.com.br\\\/loja\\\/#\\\/schema\\\/logo\\\/image\\\/\",\"url\":\"https:\\\/\\\/dualgree.com.br\\\/loja\\\/wp-content\\\/uploads\\\/2024\\\/09\\\/teste-logo-ecommerce-dual-1-e1725909304971.png\",\"contentUrl\":\"https:\\\/\\\/dualgree.com.br\\\/loja\\\/wp-content\\\/uploads\\\/2024\\\/09\\\/teste-logo-ecommerce-dual-1-e1725909304971.png\",\"width\":470,\"height\":157,\"caption\":\"Loja Dual Gree Servi\u00e7o\"},\"image\":{\"@id\":\"https:\\\/\\\/dualgree.com.br\\\/loja\\\/#\\\/schema\\\/logo\\\/image\\\/\"}}]}<\/script>\n<!-- \/ Yoast SEO plugin. -->","yoast_head_json":{"title":"COMPRESSOR Ar condicionado Inverter Philco Elgin Agratto C-1RZ107H1AG - Loja - Dual Gree Servi\u00e7os | Pe\u00e7as","robots":{"index":"index","follow":"follow","max-snippet":"max-snippet:-1","max-image-preview":"max-image-preview:large","max-video-preview":"max-video-preview:-1"},"canonical":"https:\/\/dualgree.com.br\/loja\/produto\/compressor-ar-condicionado-inverter-philco-elgin-agratto-c-1rz107h1ag\/","og_locale":"pt_BR","og_type":"article","og_title":"COMPRESSOR Ar condicionado Inverter Philco Elgin Agratto C-1RZ107H1AG - Loja - Dual Gree Servi\u00e7os | Pe\u00e7as","og_description":"IC4415 &#8211; COMPRESSOR INVERTER 12000 BTU. Motor retirado de maquina nova, origem condensadora barril amassada, \u00a0 MODELOS COMPAT\u00cdVEIS. C-1RZ107H1AG-CODE 802-E6280. PAC9000ITFM9W. PAC9000ITQFM9W. PAC12000ITFM9W. PAC12000ITQFM9W. PAC12000IFM9. PAC9000IFM9. PAC12000IQFM9. PAC9000IQFM9. \u00a0 MODELOS Agratto. ICS12QFR4-02. ICS12QFIR4-02. ICS12QFER4-02. \u00a0 Modelo Elgin. HVFE12B2IA HVFE12B2IB HFVE09B2IA HFVE09B2IB HXFE09B2NA \u00a0 \u00a0 Modelo: C-1RZ089H1AL 92-330v 15-130Hz gas R410A \u00a0 \u00a0","og_url":"https:\/\/dualgree.com.br\/loja\/produto\/compressor-ar-condicionado-inverter-philco-elgin-agratto-c-1rz107h1ag\/","og_site_name":"Loja - Dual Gree Servi\u00e7os | Pe\u00e7as","article_modified_time":"2025-08-20T14:47:36+00:00","og_image":[{"width":1280,"height":1280,"url":"https:\/\/dualgree.com.br\/loja\/wp-content\/uploads\/2025\/06\/15352638066-ic4415-compressor-inverter-12000-btu-c-1rz107h1ag.webp","type":"image\/png"}],"twitter_card":"summary_large_image","schema":{"@context":"https:\/\/schema.org","@graph":[{"@type":"WebPage","@id":"https:\/\/dualgree.com.br\/loja\/produto\/compressor-ar-condicionado-inverter-philco-elgin-agratto-c-1rz107h1ag\/","url":"https:\/\/dualgree.com.br\/loja\/produto\/compressor-ar-condicionado-inverter-philco-elgin-agratto-c-1rz107h1ag\/","name":"COMPRESSOR Ar condicionado Inverter Philco Elgin Agratto C-1RZ107H1AG - Loja - Dual Gree Servi\u00e7os | Pe\u00e7as","isPartOf":{"@id":"https:\/\/dualgree.com.br\/loja\/#website"},"primaryImageOfPage":{"@id":"https:\/\/dualgree.com.br\/loja\/produto\/compressor-ar-condicionado-inverter-philco-elgin-agratto-c-1rz107h1ag\/#primaryimage"},"image":{"@id":"https:\/\/dualgree.com.br\/loja\/produto\/compressor-ar-condicionado-inverter-philco-elgin-agratto-c-1rz107h1ag\/#primaryimage"},"thumbnailUrl":"https:\/\/dualgree.com.br\/loja\/wp-content\/uploads\/2025\/06\/15352638055-ic4415-compressor-inverter-12000-btu-c-1rz107h1ag-2.webp","datePublished":"2025-06-03T17:45:28+00:00","dateModified":"2025-08-20T14:47:36+00:00","breadcrumb":{"@id":"https:\/\/dualgree.com.br\/loja\/produto\/compressor-ar-condicionado-inverter-philco-elgin-agratto-c-1rz107h1ag\/#breadcrumb"},"inLanguage":"pt-BR","potentialAction":[{"@type":"ReadAction","target":["https:\/\/dualgree.com.br\/loja\/produto\/compressor-ar-condicionado-inverter-philco-elgin-agratto-c-1rz107h1ag\/"]}]},{"@type":"ImageObject","inLanguage":"pt-BR","@id":"https:\/\/dualgree.com.br\/loja\/produto\/compressor-ar-condicionado-inverter-philco-elgin-agratto-c-1rz107h1ag\/#primaryimage","url":"https:\/\/dualgree.com.br\/loja\/wp-content\/uploads\/2025\/06\/15352638055-ic4415-compressor-inverter-12000-btu-c-1rz107h1ag-2.webp","contentUrl":"https:\/\/dualgree.com.br\/loja\/wp-content\/uploads\/2025\/06\/15352638055-ic4415-compressor-inverter-12000-btu-c-1rz107h1ag-2.webp","width":1280,"height":1280},{"@type":"BreadcrumbList","@id":"https:\/\/dualgree.com.br\/loja\/produto\/compressor-ar-condicionado-inverter-philco-elgin-agratto-c-1rz107h1ag\/#breadcrumb","itemListElement":[{"@type":"ListItem","position":1,"name":"In\u00edcio","item":"https:\/\/dualgree.com.br\/loja\/"},{"@type":"ListItem","position":2,"name":"Loja &#8211; Cat\u00e1logo de Pe\u00e7as","item":"https:\/\/dualgree.com.br\/loja\/"},{"@type":"ListItem","position":3,"name":"COMPRESSOR Ar condicionado Inverter Philco Elgin Agratto C-1..."}]},{"@type":"WebSite","@id":"https:\/\/dualgree.com.br\/loja\/#website","url":"https:\/\/dualgree.com.br\/loja\/","name":"Loja - Dual Gree Servi\u00e7os | Partes e Pe\u00e7as","description":"Catalogo de Pe\u00e7as para ar condicionado","publisher":{"@id":"https:\/\/dualgree.com.br\/loja\/#organization"},"potentialAction":[{"@type":"SearchAction","target":{"@type":"EntryPoint","urlTemplate":"https:\/\/dualgree.com.br\/loja\/?s={search_term_string}"},"query-input":{"@type":"PropertyValueSpecification","valueRequired":true,"valueName":"search_term_string"}}],"inLanguage":"pt-BR"},{"@type":"Organization","@id":"https:\/\/dualgree.com.br\/loja\/#organization","name":"Loja Dual Gree Servi\u00e7o","url":"https:\/\/dualgree.com.br\/loja\/","logo":{"@type":"ImageObject","inLanguage":"pt-BR","@id":"https:\/\/dualgree.com.br\/loja\/#\/schema\/logo\/image\/","url":"https:\/\/dualgree.com.br\/loja\/wp-content\/uploads\/2024\/09\/teste-logo-ecommerce-dual-1-e1725909304971.png","contentUrl":"https:\/\/dualgree.com.br\/loja\/wp-content\/uploads\/2024\/09\/teste-logo-ecommerce-dual-1-e1725909304971.png","width":470,"height":157,"caption":"Loja Dual Gree Servi\u00e7o"},"image":{"@id":"https:\/\/dualgree.com.br\/loja\/#\/schema\/logo\/image\/"}}]}},"jetpack_publicize_connections":[],"jetpack_sharing_enabled":true,"jetpack_likes_enabled":true,"_links":{"self":[{"href":"https:\/\/dualgree.com.br\/loja\/wp-json\/wp\/v2\/product\/9786","targetHints":{"allow":["GET"]}}],"collection":[{"href":"https:\/\/dualgree.com.br\/loja\/wp-json\/wp\/v2\/product"}],"about":[{"href":"https:\/\/dualgree.com.br\/loja\/wp-json\/wp\/v2\/types\/product"}],"replies":[{"embeddable":true,"href":"https:\/\/dualgree.com.br\/loja\/wp-json\/wp\/v2\/comments?post=9786"}],"wp:featuredmedia":[{"embeddable":true,"href":"https:\/\/dualgree.com.br\/loja\/wp-json\/wp\/v2\/media\/9789"}],"wp:attachment":[{"href":"https:\/\/dualgree.com.br\/loja\/wp-json\/wp\/v2\/media?parent=9786"}],"wp:term":[{"taxonomy":"product_brand","embeddable":true,"href":"https:\/\/dualgree.com.br\/loja\/wp-json\/wp\/v2\/product_brand?post=9786"},{"taxonomy":"product_cat","embeddable":true,"href":"https:\/\/dualgree.com.br\/loja\/wp-json\/wp\/v2\/product_cat?post=9786"},{"taxonomy":"product_tag","embeddable":true,"href":"https:\/\/dualgree.com.br\/loja\/wp-json\/wp\/v2\/product_tag?post=9786"}],"curies":[{"name":"wp","href":"https:\/\/api.w.org\/{rel}","templated":true}]}}