{"id":9856,"date":"2025-06-04T21:01:25","date_gmt":"2025-06-04T21:01:25","guid":{"rendered":"https:\/\/dualgree.com.br\/loja\/produto\/apoio-suporte-motor-ventilador-evaporadora-ar-elgin-hwqi12b2ia\/"},"modified":"2026-03-10T13:09:05","modified_gmt":"2026-03-10T13:09:05","slug":"apoio-suporte-motor-ventilador-evaporadora-ar-elgin-hwqi12b2ia","status":"publish","type":"product","link":"https:\/\/dualgree.com.br\/loja\/produto\/apoio-suporte-motor-ventilador-evaporadora-ar-elgin-hwqi12b2ia\/","title":{"rendered":"Apoio Suporte Motor Ventilador Evaporadora Ar  Elgin Hwqi12b..."},"content":{"rendered":"<p>IC1339 &#8211; Suporte pl\u00e1stico que segura o motor ventilador da evaporadora ar condicionado Elgin 12.000 btus.<\/p>\n<p><span style=\"font-family: arial, tahoma, verdana, helvetica;font-size: 14.72px\">Hwfi12b2ia<\/span><br style=\"font-family: arial, tahoma, verdana, helvetica;font-size: 14.72px\" \/><span style=\"font-family: arial, tahoma, verdana, helvetica;font-size: 14.72px\">HSFI12C1IA<\/span><br style=\"font-family: arial, tahoma, verdana, helvetica;font-size: 14.72px\" \/><span style=\"font-family: arial, tahoma, verdana, helvetica;font-size: 14.72px\">Hwqi12b2ia<\/span><br style=\"font-family: arial, tahoma, verdana, helvetica;font-size: 14.72px\" \/><span style=\"font-family: arial, tahoma, verdana, helvetica;font-size: 14.72px\">HSqI12C1IA<\/span><\/p>\n","protected":false},"excerpt":{"rendered":"<p>IC1339 &#8211; Suporte pl\u00e1stico que segura o motor ventilador da evaporadora ar condicionado Elgin 12.000 btus. Hwfi12b2iaHSFI12C1IAHwqi12b2iaHSqI12C1IA<\/p>\n","protected":false},"featured_media":9852,"comment_status":"open","ping_status":"closed","template":"","meta":{"_kadence_starter_templates_imported_post":false,"_kad_post_transparent":"","_kad_post_title":"","_kad_post_layout":"","_kad_post_sidebar_id":"","_kad_post_content_style":"","_kad_post_vertical_padding":"","_kad_post_feature":"","_kad_post_feature_position":"","_kad_post_header":false,"_kad_post_footer":false,"jetpack_publicize_message":"","jetpack_publicize_feature_enabled":true,"jetpack_social_post_already_shared":false,"jetpack_social_options":{"image_generator_settings":{"template":"highway","default_image_id":0,"font":"","enabled":false},"version":2}},"product_brand":[],"product_cat":[185],"product_tag":[],"class_list":{"0":"post-9856","1":"product","2":"type-product","3":"status-publish","4":"has-post-thumbnail","6":"product_cat-elgin","8":"first","9":"outofstock","10":"shipping-taxable","11":"purchasable","12":"product-type-simple","13":"entry","14":"content-bg","15":"loop-entry"},"yoast_head":"<!-- This site is optimized with the Yoast SEO plugin v27.3 - https:\/\/yoast.com\/product\/yoast-seo-wordpress\/ -->\n<title>Apoio Suporte Motor Ventilador Evaporadora Ar Elgin Hwqi12b2ia - Loja - Dual Gree Servi\u00e7os | Pe\u00e7as<\/title>\n<meta name=\"robots\" content=\"index, follow, max-snippet:-1, max-image-preview:large, max-video-preview:-1\" \/>\n<link rel=\"canonical\" href=\"https:\/\/dualgree.com.br\/loja\/produto\/apoio-suporte-motor-ventilador-evaporadora-ar-elgin-hwqi12b2ia\/\" \/>\n<meta property=\"og:locale\" content=\"pt_BR\" \/>\n<meta property=\"og:type\" content=\"article\" \/>\n<meta property=\"og:title\" content=\"Apoio Suporte Motor Ventilador Evaporadora Ar Elgin Hwqi12b2ia - Loja - Dual Gree Servi\u00e7os | Pe\u00e7as\" \/>\n<meta property=\"og:description\" content=\"IC1339 &#8211; Suporte pl\u00e1stico que segura o motor ventilador da evaporadora ar condicionado Elgin 12.000 btus. Hwfi12b2iaHSFI12C1IAHwqi12b2iaHSqI12C1IA\" \/>\n<meta property=\"og:url\" content=\"https:\/\/dualgree.com.br\/loja\/produto\/apoio-suporte-motor-ventilador-evaporadora-ar-elgin-hwqi12b2ia\/\" \/>\n<meta property=\"og:site_name\" content=\"Loja - Dual Gree Servi\u00e7os | Pe\u00e7as\" \/>\n<meta property=\"article:modified_time\" content=\"2026-03-10T13:09:05+00:00\" \/>\n<meta name=\"twitter:card\" content=\"summary_large_image\" \/>\n<script type=\"application\/ld+json\" class=\"yoast-schema-graph\">{\"@context\":\"https:\\\/\\\/schema.org\",\"@graph\":[{\"@type\":\"WebPage\",\"@id\":\"https:\\\/\\\/dualgree.com.br\\\/loja\\\/produto\\\/apoio-suporte-motor-ventilador-evaporadora-ar-elgin-hwqi12b2ia\\\/\",\"url\":\"https:\\\/\\\/dualgree.com.br\\\/loja\\\/produto\\\/apoio-suporte-motor-ventilador-evaporadora-ar-elgin-hwqi12b2ia\\\/\",\"name\":\"Apoio Suporte Motor Ventilador Evaporadora Ar Elgin Hwqi12b2ia - Loja - Dual Gree Servi\u00e7os | Pe\u00e7as\",\"isPartOf\":{\"@id\":\"https:\\\/\\\/dualgree.com.br\\\/loja\\\/#website\"},\"primaryImageOfPage\":{\"@id\":\"https:\\\/\\\/dualgree.com.br\\\/loja\\\/produto\\\/apoio-suporte-motor-ventilador-evaporadora-ar-elgin-hwqi12b2ia\\\/#primaryimage\"},\"image\":{\"@id\":\"https:\\\/\\\/dualgree.com.br\\\/loja\\\/produto\\\/apoio-suporte-motor-ventilador-evaporadora-ar-elgin-hwqi12b2ia\\\/#primaryimage\"},\"thumbnailUrl\":\"https:\\\/\\\/dualgree.com.br\\\/loja\\\/wp-content\\\/uploads\\\/2025\\\/06\\\/15353077021-ic1339-suporte-plastico-que-segura-o-motor-ventilador-da-evaporadora-ar-condicionado-elgin-12.webp\",\"datePublished\":\"2025-06-04T21:01:25+00:00\",\"dateModified\":\"2026-03-10T13:09:05+00:00\",\"breadcrumb\":{\"@id\":\"https:\\\/\\\/dualgree.com.br\\\/loja\\\/produto\\\/apoio-suporte-motor-ventilador-evaporadora-ar-elgin-hwqi12b2ia\\\/#breadcrumb\"},\"inLanguage\":\"pt-BR\",\"potentialAction\":[{\"@type\":\"ReadAction\",\"target\":[\"https:\\\/\\\/dualgree.com.br\\\/loja\\\/produto\\\/apoio-suporte-motor-ventilador-evaporadora-ar-elgin-hwqi12b2ia\\\/\"]}]},{\"@type\":\"ImageObject\",\"inLanguage\":\"pt-BR\",\"@id\":\"https:\\\/\\\/dualgree.com.br\\\/loja\\\/produto\\\/apoio-suporte-motor-ventilador-evaporadora-ar-elgin-hwqi12b2ia\\\/#primaryimage\",\"url\":\"https:\\\/\\\/dualgree.com.br\\\/loja\\\/wp-content\\\/uploads\\\/2025\\\/06\\\/15353077021-ic1339-suporte-plastico-que-segura-o-motor-ventilador-da-evaporadora-ar-condicionado-elgin-12.webp\",\"contentUrl\":\"https:\\\/\\\/dualgree.com.br\\\/loja\\\/wp-content\\\/uploads\\\/2025\\\/06\\\/15353077021-ic1339-suporte-plastico-que-segura-o-motor-ventilador-da-evaporadora-ar-condicionado-elgin-12.webp\",\"width\":1280,\"height\":1280},{\"@type\":\"BreadcrumbList\",\"@id\":\"https:\\\/\\\/dualgree.com.br\\\/loja\\\/produto\\\/apoio-suporte-motor-ventilador-evaporadora-ar-elgin-hwqi12b2ia\\\/#breadcrumb\",\"itemListElement\":[{\"@type\":\"ListItem\",\"position\":1,\"name\":\"In\u00edcio\",\"item\":\"https:\\\/\\\/dualgree.com.br\\\/loja\\\/\"},{\"@type\":\"ListItem\",\"position\":2,\"name\":\"Loja &#8211; Cat\u00e1logo de Pe\u00e7as\",\"item\":\"https:\\\/\\\/dualgree.com.br\\\/loja\\\/\"},{\"@type\":\"ListItem\",\"position\":3,\"name\":\"Apoio Suporte Motor Ventilador Evaporadora Ar Elgin Hwqi12b...\"}]},{\"@type\":\"WebSite\",\"@id\":\"https:\\\/\\\/dualgree.com.br\\\/loja\\\/#website\",\"url\":\"https:\\\/\\\/dualgree.com.br\\\/loja\\\/\",\"name\":\"Loja - Dual Gree Servi\u00e7os | Partes e Pe\u00e7as\",\"description\":\"Catalogo de Pe\u00e7as para ar condicionado\",\"publisher\":{\"@id\":\"https:\\\/\\\/dualgree.com.br\\\/loja\\\/#organization\"},\"potentialAction\":[{\"@type\":\"SearchAction\",\"target\":{\"@type\":\"EntryPoint\",\"urlTemplate\":\"https:\\\/\\\/dualgree.com.br\\\/loja\\\/?s={search_term_string}\"},\"query-input\":{\"@type\":\"PropertyValueSpecification\",\"valueRequired\":true,\"valueName\":\"search_term_string\"}}],\"inLanguage\":\"pt-BR\"},{\"@type\":\"Organization\",\"@id\":\"https:\\\/\\\/dualgree.com.br\\\/loja\\\/#organization\",\"name\":\"Loja Dual Gree Servi\u00e7o\",\"url\":\"https:\\\/\\\/dualgree.com.br\\\/loja\\\/\",\"logo\":{\"@type\":\"ImageObject\",\"inLanguage\":\"pt-BR\",\"@id\":\"https:\\\/\\\/dualgree.com.br\\\/loja\\\/#\\\/schema\\\/logo\\\/image\\\/\",\"url\":\"https:\\\/\\\/dualgree.com.br\\\/loja\\\/wp-content\\\/uploads\\\/2024\\\/09\\\/teste-logo-ecommerce-dual-1-e1725909304971.png\",\"contentUrl\":\"https:\\\/\\\/dualgree.com.br\\\/loja\\\/wp-content\\\/uploads\\\/2024\\\/09\\\/teste-logo-ecommerce-dual-1-e1725909304971.png\",\"width\":470,\"height\":157,\"caption\":\"Loja Dual Gree Servi\u00e7o\"},\"image\":{\"@id\":\"https:\\\/\\\/dualgree.com.br\\\/loja\\\/#\\\/schema\\\/logo\\\/image\\\/\"}}]}<\/script>\n<!-- \/ Yoast SEO plugin. -->","yoast_head_json":{"title":"Apoio Suporte Motor Ventilador Evaporadora Ar Elgin Hwqi12b2ia - Loja - Dual Gree Servi\u00e7os | Pe\u00e7as","robots":{"index":"index","follow":"follow","max-snippet":"max-snippet:-1","max-image-preview":"max-image-preview:large","max-video-preview":"max-video-preview:-1"},"canonical":"https:\/\/dualgree.com.br\/loja\/produto\/apoio-suporte-motor-ventilador-evaporadora-ar-elgin-hwqi12b2ia\/","og_locale":"pt_BR","og_type":"article","og_title":"Apoio Suporte Motor Ventilador Evaporadora Ar Elgin Hwqi12b2ia - Loja - Dual Gree Servi\u00e7os | Pe\u00e7as","og_description":"IC1339 &#8211; Suporte pl\u00e1stico que segura o motor ventilador da evaporadora ar condicionado Elgin 12.000 btus. Hwfi12b2iaHSFI12C1IAHwqi12b2iaHSqI12C1IA","og_url":"https:\/\/dualgree.com.br\/loja\/produto\/apoio-suporte-motor-ventilador-evaporadora-ar-elgin-hwqi12b2ia\/","og_site_name":"Loja - Dual Gree Servi\u00e7os | Pe\u00e7as","article_modified_time":"2026-03-10T13:09:05+00:00","twitter_card":"summary_large_image","schema":{"@context":"https:\/\/schema.org","@graph":[{"@type":"WebPage","@id":"https:\/\/dualgree.com.br\/loja\/produto\/apoio-suporte-motor-ventilador-evaporadora-ar-elgin-hwqi12b2ia\/","url":"https:\/\/dualgree.com.br\/loja\/produto\/apoio-suporte-motor-ventilador-evaporadora-ar-elgin-hwqi12b2ia\/","name":"Apoio Suporte Motor Ventilador Evaporadora Ar Elgin Hwqi12b2ia - Loja - Dual Gree Servi\u00e7os | Pe\u00e7as","isPartOf":{"@id":"https:\/\/dualgree.com.br\/loja\/#website"},"primaryImageOfPage":{"@id":"https:\/\/dualgree.com.br\/loja\/produto\/apoio-suporte-motor-ventilador-evaporadora-ar-elgin-hwqi12b2ia\/#primaryimage"},"image":{"@id":"https:\/\/dualgree.com.br\/loja\/produto\/apoio-suporte-motor-ventilador-evaporadora-ar-elgin-hwqi12b2ia\/#primaryimage"},"thumbnailUrl":"https:\/\/dualgree.com.br\/loja\/wp-content\/uploads\/2025\/06\/15353077021-ic1339-suporte-plastico-que-segura-o-motor-ventilador-da-evaporadora-ar-condicionado-elgin-12.webp","datePublished":"2025-06-04T21:01:25+00:00","dateModified":"2026-03-10T13:09:05+00:00","breadcrumb":{"@id":"https:\/\/dualgree.com.br\/loja\/produto\/apoio-suporte-motor-ventilador-evaporadora-ar-elgin-hwqi12b2ia\/#breadcrumb"},"inLanguage":"pt-BR","potentialAction":[{"@type":"ReadAction","target":["https:\/\/dualgree.com.br\/loja\/produto\/apoio-suporte-motor-ventilador-evaporadora-ar-elgin-hwqi12b2ia\/"]}]},{"@type":"ImageObject","inLanguage":"pt-BR","@id":"https:\/\/dualgree.com.br\/loja\/produto\/apoio-suporte-motor-ventilador-evaporadora-ar-elgin-hwqi12b2ia\/#primaryimage","url":"https:\/\/dualgree.com.br\/loja\/wp-content\/uploads\/2025\/06\/15353077021-ic1339-suporte-plastico-que-segura-o-motor-ventilador-da-evaporadora-ar-condicionado-elgin-12.webp","contentUrl":"https:\/\/dualgree.com.br\/loja\/wp-content\/uploads\/2025\/06\/15353077021-ic1339-suporte-plastico-que-segura-o-motor-ventilador-da-evaporadora-ar-condicionado-elgin-12.webp","width":1280,"height":1280},{"@type":"BreadcrumbList","@id":"https:\/\/dualgree.com.br\/loja\/produto\/apoio-suporte-motor-ventilador-evaporadora-ar-elgin-hwqi12b2ia\/#breadcrumb","itemListElement":[{"@type":"ListItem","position":1,"name":"In\u00edcio","item":"https:\/\/dualgree.com.br\/loja\/"},{"@type":"ListItem","position":2,"name":"Loja &#8211; Cat\u00e1logo de Pe\u00e7as","item":"https:\/\/dualgree.com.br\/loja\/"},{"@type":"ListItem","position":3,"name":"Apoio Suporte Motor Ventilador Evaporadora Ar Elgin Hwqi12b..."}]},{"@type":"WebSite","@id":"https:\/\/dualgree.com.br\/loja\/#website","url":"https:\/\/dualgree.com.br\/loja\/","name":"Loja - Dual Gree Servi\u00e7os | Partes e Pe\u00e7as","description":"Catalogo de Pe\u00e7as para ar condicionado","publisher":{"@id":"https:\/\/dualgree.com.br\/loja\/#organization"},"potentialAction":[{"@type":"SearchAction","target":{"@type":"EntryPoint","urlTemplate":"https:\/\/dualgree.com.br\/loja\/?s={search_term_string}"},"query-input":{"@type":"PropertyValueSpecification","valueRequired":true,"valueName":"search_term_string"}}],"inLanguage":"pt-BR"},{"@type":"Organization","@id":"https:\/\/dualgree.com.br\/loja\/#organization","name":"Loja Dual Gree Servi\u00e7o","url":"https:\/\/dualgree.com.br\/loja\/","logo":{"@type":"ImageObject","inLanguage":"pt-BR","@id":"https:\/\/dualgree.com.br\/loja\/#\/schema\/logo\/image\/","url":"https:\/\/dualgree.com.br\/loja\/wp-content\/uploads\/2024\/09\/teste-logo-ecommerce-dual-1-e1725909304971.png","contentUrl":"https:\/\/dualgree.com.br\/loja\/wp-content\/uploads\/2024\/09\/teste-logo-ecommerce-dual-1-e1725909304971.png","width":470,"height":157,"caption":"Loja Dual Gree Servi\u00e7o"},"image":{"@id":"https:\/\/dualgree.com.br\/loja\/#\/schema\/logo\/image\/"}}]}},"jetpack_publicize_connections":[],"jetpack_sharing_enabled":true,"jetpack_likes_enabled":true,"_links":{"self":[{"href":"https:\/\/dualgree.com.br\/loja\/wp-json\/wp\/v2\/product\/9856","targetHints":{"allow":["GET"]}}],"collection":[{"href":"https:\/\/dualgree.com.br\/loja\/wp-json\/wp\/v2\/product"}],"about":[{"href":"https:\/\/dualgree.com.br\/loja\/wp-json\/wp\/v2\/types\/product"}],"replies":[{"embeddable":true,"href":"https:\/\/dualgree.com.br\/loja\/wp-json\/wp\/v2\/comments?post=9856"}],"wp:featuredmedia":[{"embeddable":true,"href":"https:\/\/dualgree.com.br\/loja\/wp-json\/wp\/v2\/media\/9852"}],"wp:attachment":[{"href":"https:\/\/dualgree.com.br\/loja\/wp-json\/wp\/v2\/media?parent=9856"}],"wp:term":[{"taxonomy":"product_brand","embeddable":true,"href":"https:\/\/dualgree.com.br\/loja\/wp-json\/wp\/v2\/product_brand?post=9856"},{"taxonomy":"product_cat","embeddable":true,"href":"https:\/\/dualgree.com.br\/loja\/wp-json\/wp\/v2\/product_cat?post=9856"},{"taxonomy":"product_tag","embeddable":true,"href":"https:\/\/dualgree.com.br\/loja\/wp-json\/wp\/v2\/product_tag?post=9856"}],"curies":[{"name":"wp","href":"https:\/\/api.w.org\/{rel}","templated":true}]}}